{"id":502,"date":"2019-10-09T15:51:50","date_gmt":"2019-10-09T18:51:50","guid":{"rendered":"https:\/\/www.ufsm.br\/cursos\/pos-graduacao\/santa-maria\/ppgagro\/?page_id=502"},"modified":"2019-10-09T15:51:51","modified_gmt":"2019-10-09T18:51:51","slug":"arroz-sem-uso-de-defensivos-da-producao-ao-consumo","status":"publish","type":"page","link":"https:\/\/www.ufsm.br\/cursos\/pos-graduacao\/santa-maria\/ppgagro\/arroz-sem-uso-de-defensivos-da-producao-ao-consumo","title":{"rendered":"Arroz sem uso de defensivos: da produ\u00e7\u00e3o ao consumo"},"content":{"rendered":"\n<p><sup>&nbsp;&nbsp; &nbsp;No dia 12 de setembro, o&nbsp;Grupo de Pesquisa em Arroz Irrigado e Uso Alternativo de \u00c1reas de V\u00e1rzea (GPai)&nbsp;realizar\u00e1&nbsp;o evento&nbsp;Arroz sem uso de defensivos: da produ\u00e7\u00e3o ao consumo.&nbsp;Produzido na \u00c1rea did\u00e1tico-experimental de v\u00e1rzea da UFSM, o arroz livre de agrot\u00f3xicos mostra-se uma alternativa para agregar valor a cultura, melhorando a situa\u00e7\u00e3o econ\u00f4mica de produtores, al\u00e9m de contribuir com a manuten\u00e7\u00e3o do ambiente.<\/sup><\/p>\n\n\n\n<p><sup>Venha prestigiar este evento, \u00e9 uma \u00f3tima oportunidade para agregar conhecimento.<\/sup><\/p>\n\n\n\n<p><sup>Programa\u00e7\u00e3o:<\/sup><\/p>\n\n\n\n<p><sup>13h 30min<br>Abertura Oficial com a presen\u00e7a de autoridades<br><br>14h<br>As transforma\u00e7\u00f5es nos sistemas agroalimentares e a busca por alimentos saud\u00e1veis<br>Prof. Gustavo Pinto da Silva (GIPAG &#8211; Col\u00e9gio Polit\u00e9cnico da UFSM)<br><br>14h 30min<br>Os principais desafios para produ\u00e7\u00e3o de arroz org\u00e2nico<br>Prof. Enio Marchesan (GPAI &#8211; UFSM)<br><br>15h<br>Os principais desafios da comercializa\u00e7\u00e3o de org\u00e2nicos<br>Anderson Bortoli (Solst Espa\u00e7o Org\u00e2nico e Natural)<br><br>16h<br>Lan\u00e7amento e Degusta\u00e7\u00e3o do Arroz sem defensivos produzido pelo GPai \/ UFSM<br><br>O lan\u00e7amento ocorrer\u00e1 na Polifeira do Agricultor, localizada junto ao Largo do Planet\u00e1rio.<\/sup><\/p>\n\n\n\n<figure class=\"wp-block-image\"><img decoding=\"async\" src=\"http:\/\/coral.ufsm.br\/gpai\/images\/Visita_t%C3%A9cnica_\/arroz_sem_defensivos_cartaz_A3_grande_page-0001.jpg\" alt=\"arroz sem defensivos cartaz A3 grande page 0001\" \/><\/figure>\n","protected":false},"excerpt":{"rendered":"<p>&nbsp;&nbsp; &nbsp;No dia 12 de setembro, o&nbsp;Grupo de Pesquisa em Arroz Irrigado e Uso Alternativo de \u00c1reas de V\u00e1rzea (GPai)&nbsp;realizar\u00e1&nbsp;o evento&nbsp;Arroz sem uso de defensivos: da produ\u00e7\u00e3o ao consumo.&nbsp;Produzido na \u00c1rea did\u00e1tico-experimental de v\u00e1rzea da UFSM, o arroz livre de agrot\u00f3xicos mostra-se uma alternativa para agregar valor a cultura, melhorando a situa\u00e7\u00e3o econ\u00f4mica de produtores, [&hellip;]<\/p>\n","protected":false},"author":723,"featured_media":0,"parent":0,"menu_order":0,"comment_status":"closed","ping_status":"closed","template":"","meta":{"footnotes":""},"categories":[],"tags":[],"class_list":["post-502","page","type-page","status-publish","hentry"],"acf":[],"_links":{"self":[{"href":"https:\/\/www.ufsm.br\/cursos\/pos-graduacao\/santa-maria\/ppgagro\/wp-json\/wp\/v2\/pages\/502","targetHints":{"allow":["GET"]}}],"collection":[{"href":"https:\/\/www.ufsm.br\/cursos\/pos-graduacao\/santa-maria\/ppgagro\/wp-json\/wp\/v2\/pages"}],"about":[{"href":"https:\/\/www.ufsm.br\/cursos\/pos-graduacao\/santa-maria\/ppgagro\/wp-json\/wp\/v2\/types\/page"}],"author":[{"embeddable":true,"href":"https:\/\/www.ufsm.br\/cursos\/pos-graduacao\/santa-maria\/ppgagro\/wp-json\/wp\/v2\/users\/723"}],"replies":[{"embeddable":true,"href":"https:\/\/www.ufsm.br\/cursos\/pos-graduacao\/santa-maria\/ppgagro\/wp-json\/wp\/v2\/comments?post=502"}],"version-history":[{"count":0,"href":"https:\/\/www.ufsm.br\/cursos\/pos-graduacao\/santa-maria\/ppgagro\/wp-json\/wp\/v2\/pages\/502\/revisions"}],"wp:attachment":[{"href":"https:\/\/www.ufsm.br\/cursos\/pos-graduacao\/santa-maria\/ppgagro\/wp-json\/wp\/v2\/media?parent=502"}],"wp:term":[{"taxonomy":"category","embeddable":true,"href":"https:\/\/www.ufsm.br\/cursos\/pos-graduacao\/santa-maria\/ppgagro\/wp-json\/wp\/v2\/categories?post=502"},{"taxonomy":"post_tag","embeddable":true,"href":"https:\/\/www.ufsm.br\/cursos\/pos-graduacao\/santa-maria\/ppgagro\/wp-json\/wp\/v2\/tags?post=502"}],"curies":[{"name":"wp","href":"https:\/\/api.w.org\/{rel}","templated":true}]}}