{"id":168,"date":"2019-02-14T10:02:02","date_gmt":"2019-02-14T12:02:02","guid":{"rendered":"https:\/\/www.ufsm.br\/cursos\/pos-graduacao\/santa-maria\/ppgagrobio\/?page_id=168"},"modified":"2024-11-12T12:01:53","modified_gmt":"2024-11-12T15:01:53","slug":"prazos-importantes","status":"publish","type":"page","link":"https:\/\/www.ufsm.br\/cursos\/pos-graduacao\/santa-maria\/ppgagrobio\/prazos-importantes","title":{"rendered":"Prazos Importantes"},"content":{"rendered":"\n<p><b>1 &#8211; Plano de estudo:<\/b><span style=\"font-weight: 400\"> Logo ap\u00f3s o ingresso o aluno dever\u00e1 preencher o <\/span><a href=\"https:\/\/www.ufsm.br\/cursos\/pos-graduacao\/santa-maria\/ppgagrobio\/wp-content\/uploads\/sites\/527\/2019\/02\/Planodeestudo.doc\"><b>Plano de Estudo<\/b> <\/a><span style=\"font-weight: 400\">e entregar na Coordena\u00e7\u00e3o, na data marcada. Ap\u00f3s ser\u00e1 avaliado pelo Colegiado do Programa.<\/span><\/p>\n<p><span style=\"font-weight: 400\">OBS: Dever\u00e1 ser digitalizado e impresso frente\/verso. <\/span><\/p>\n<p><b>2 &#8211; Entrega do Projeto:<\/b><span style=\"font-weight: 400\"> O projeto da pesquisa dever\u00e1 ser entregue at\u00e9 o <\/span><b>\u00faltimo dia de aula <\/b><span style=\"font-weight: 400\">do primeiro semestre conforme calend\u00e1rio da UFSM. Normas para elabora\u00e7\u00e3o do projeto de pesquisa: <\/span><a href=\"https:\/\/www.ufsm.br\/cursos\/pos-graduacao\/santa-maria\/ppgagrobio\/wp-content\/uploads\/sites\/527\/2019\/02\/Normasprojetopesquisa-1.pdf\"><b>Clique aqui<\/b><\/a><\/p>\n<p><b>3 &#8211; Teste de Sufici\u00eancia em L\u00edngua Estrangeira:<\/b><span style=\"font-weight: 400\"> Conforme Art.30 &#8211; Os alunos do Programa de P\u00f3s-Gradua\u00e7\u00e3o em agrobiologia dever\u00e3o comprovar sufici\u00eancia em L\u00edngua Inglesa e devem seguir rigorosamente o que consta na <\/span><a href=\"https:\/\/www.ufsm.br\/cursos\/pos-graduacao\/santa-maria\/ppgagrobio\/wp-content\/uploads\/sites\/527\/2019\/02\/TESTESUF.doc\"><b>Resolu\u00e7\u00e3o 003\/2010<\/b><\/a><\/p>\n<p><b>4 &#8211; Doc\u00eancia Orientada:<\/b><span style=\"font-weight: 400\"> \u00c9 obrigat\u00f3rio todo aluno bolsista realizar doc\u00eancia orientada. Antes da matr\u00edcula o aluno que deseja fazer a doc\u00eancia dever\u00e1 encaminhar \u00e0 Coordena\u00e7\u00e3o, no prazo marcado, o Plano Doc\u00eancia. Ap\u00f3s o t\u00e9rmino do semestre o aluno dever\u00e1 entregar o Relat\u00f3rio Final.\u00a0<\/span><\/p>\n<p><b>6 &#8211; Relat\u00f3rio\/Avalia\u00e7\u00e3o do Bolsista:<\/b><span style=\"font-weight: 400\"> No final de cada semestre o bolsista dever\u00e1 entregar (na data marcada pela coordena\u00e7\u00e3o) O <a href=\"https:\/\/www.ufsm.br\/app\/uploads\/sites\/527\/2024\/11\/MINUTA-RELATORIO-DE-DESEMPENHO-ACADEMICO-DISCENTE-2.docx\">relat\u00f3rio e a avalia\u00e7\u00e3o<\/a> do bolsista <\/span><span style=\"font-weight: 400\">feita pelo professor.\u00a0<\/span><\/p>\n<p><b>7 &#8211; PROAP:<\/b><span style=\"font-weight: 400\"> Os pedidos relativos ao PROAP dever\u00e3o ser realizados com TRINTA dias de anteced\u00eancia. Os pedidos recebidos fora do prazo n\u00e3o ser\u00e3o atendidos.\u00a0<\/span><\/p>\n<p><b>8 &#8211; Conclus\u00e3o das disciplinas\/Disserta\u00e7\u00e3o:<\/b><span style=\"font-weight: 400\"> Conforme Art. 31\/Regulamento do PPGagrobio, o aluno ter\u00e1 um prazo para a conclus\u00e3o do curso (disciplinas e disserta\u00e7\u00e3o), a partir da primeira matr\u00edcula, de at\u00e9 24 (vinte e quatro) meses, com uma \u00fanica prorroga\u00e7\u00e3o, sem direito bolsa, de at\u00e9 6 (seis) meses em car\u00e1ter excepcional, a crit\u00e9rio do colegiado<\/span><\/p>\n\n\n\n<p><\/p>\n","protected":false},"excerpt":{"rendered":"<p>1 &#8211; Plano de estudo: Logo ap\u00f3s o ingresso o aluno dever\u00e1 preencher o Plano de Estudo e entregar na Coordena\u00e7\u00e3o, na data marcada. Ap\u00f3s ser\u00e1 avaliado pelo Colegiado do Programa. OBS: Dever\u00e1 ser digitalizado e impresso frente\/verso. 2 &#8211; Entrega do Projeto: O projeto da pesquisa dever\u00e1 ser entregue at\u00e9 o \u00faltimo dia de [&hellip;]<\/p>\n","protected":false},"author":117,"featured_media":0,"parent":0,"menu_order":0,"comment_status":"closed","ping_status":"closed","template":"","meta":{"footnotes":""},"categories":[],"tags":[],"class_list":["post-168","page","type-page","status-publish","hentry"],"acf":[],"_links":{"self":[{"href":"https:\/\/www.ufsm.br\/cursos\/pos-graduacao\/santa-maria\/ppgagrobio\/wp-json\/wp\/v2\/pages\/168","targetHints":{"allow":["GET"]}}],"collection":[{"href":"https:\/\/www.ufsm.br\/cursos\/pos-graduacao\/santa-maria\/ppgagrobio\/wp-json\/wp\/v2\/pages"}],"about":[{"href":"https:\/\/www.ufsm.br\/cursos\/pos-graduacao\/santa-maria\/ppgagrobio\/wp-json\/wp\/v2\/types\/page"}],"author":[{"embeddable":true,"href":"https:\/\/www.ufsm.br\/cursos\/pos-graduacao\/santa-maria\/ppgagrobio\/wp-json\/wp\/v2\/users\/117"}],"replies":[{"embeddable":true,"href":"https:\/\/www.ufsm.br\/cursos\/pos-graduacao\/santa-maria\/ppgagrobio\/wp-json\/wp\/v2\/comments?post=168"}],"version-history":[{"count":0,"href":"https:\/\/www.ufsm.br\/cursos\/pos-graduacao\/santa-maria\/ppgagrobio\/wp-json\/wp\/v2\/pages\/168\/revisions"}],"wp:attachment":[{"href":"https:\/\/www.ufsm.br\/cursos\/pos-graduacao\/santa-maria\/ppgagrobio\/wp-json\/wp\/v2\/media?parent=168"}],"wp:term":[{"taxonomy":"category","embeddable":true,"href":"https:\/\/www.ufsm.br\/cursos\/pos-graduacao\/santa-maria\/ppgagrobio\/wp-json\/wp\/v2\/categories?post=168"},{"taxonomy":"post_tag","embeddable":true,"href":"https:\/\/www.ufsm.br\/cursos\/pos-graduacao\/santa-maria\/ppgagrobio\/wp-json\/wp\/v2\/tags?post=168"}],"curies":[{"name":"wp","href":"https:\/\/api.w.org\/{rel}","templated":true}]}}