{"id":158,"date":"2019-01-29T12:17:35","date_gmt":"2019-01-29T14:17:35","guid":{"rendered":"https:\/\/www.ufsm.br\/cursos\/pos-graduacao\/santa-maria\/ppgap\/?page_id=158"},"modified":"2025-07-09T14:10:37","modified_gmt":"2025-07-09T17:10:37","slug":"colegiado","status":"publish","type":"page","link":"https:\/\/www.ufsm.br\/cursos\/pos-graduacao\/santa-maria\/ppgap\/colegiado","title":{"rendered":"Colegiado"},"content":{"rendered":"\n<p>Coordenador: Prof. Dr. Telmo Jorge Carneiro Amado<br \/>Coordenador Substituto: Prof. Dr. L\u00facio de Paula Amaral<br \/>Representantes Docentes: Prof. Dr. Luiz Patric Kayser e Prof. Dr. Eduardo Leonel Bottega<br \/>Representante Discente: Andr\u00e9 M\u00fcllich<\/p>\n<p>Designa\u00e7\u00e3o do Colegiado: <a href=\"https:\/\/www.ufsm.br\/app\/uploads\/sites\/526\/2025\/07\/Portaria-100-2025-Colegiado-PPGAP-assinada.pdf\">Portaria de Pessoal Polit\u00e9cnico\/UFSM n. 100\/2025<\/a><a href=\"https:\/\/www.ufsm.br\/app\/uploads\/sites\/526\/2025\/04\/Portaria-031.2024-Colegiado-do-PPG-Agricultura-de-Preciso.pdf\">.<\/a><\/p>\n","protected":false},"excerpt":{"rendered":"<p>Coordenador: Prof. Dr. Telmo Jorge Carneiro AmadoCoordenador Substituto: Prof. Dr. L\u00facio de Paula AmaralRepresentantes Docentes: Prof. Dr. Luiz Patric Kayser e Prof. Dr. Eduardo Leonel BottegaRepresentante Discente: Andr\u00e9 M\u00fcllich Designa\u00e7\u00e3o do Colegiado: Portaria de Pessoal Polit\u00e9cnico\/UFSM n. 100\/2025.<\/p>\n","protected":false},"author":194,"featured_media":0,"parent":0,"menu_order":0,"comment_status":"closed","ping_status":"closed","template":"","meta":{"footnotes":""},"categories":[],"tags":[],"class_list":["post-158","page","type-page","status-publish","hentry"],"acf":[],"_links":{"self":[{"href":"https:\/\/www.ufsm.br\/cursos\/pos-graduacao\/santa-maria\/ppgap\/wp-json\/wp\/v2\/pages\/158","targetHints":{"allow":["GET"]}}],"collection":[{"href":"https:\/\/www.ufsm.br\/cursos\/pos-graduacao\/santa-maria\/ppgap\/wp-json\/wp\/v2\/pages"}],"about":[{"href":"https:\/\/www.ufsm.br\/cursos\/pos-graduacao\/santa-maria\/ppgap\/wp-json\/wp\/v2\/types\/page"}],"author":[{"embeddable":true,"href":"https:\/\/www.ufsm.br\/cursos\/pos-graduacao\/santa-maria\/ppgap\/wp-json\/wp\/v2\/users\/194"}],"replies":[{"embeddable":true,"href":"https:\/\/www.ufsm.br\/cursos\/pos-graduacao\/santa-maria\/ppgap\/wp-json\/wp\/v2\/comments?post=158"}],"version-history":[{"count":0,"href":"https:\/\/www.ufsm.br\/cursos\/pos-graduacao\/santa-maria\/ppgap\/wp-json\/wp\/v2\/pages\/158\/revisions"}],"wp:attachment":[{"href":"https:\/\/www.ufsm.br\/cursos\/pos-graduacao\/santa-maria\/ppgap\/wp-json\/wp\/v2\/media?parent=158"}],"wp:term":[{"taxonomy":"category","embeddable":true,"href":"https:\/\/www.ufsm.br\/cursos\/pos-graduacao\/santa-maria\/ppgap\/wp-json\/wp\/v2\/categories?post=158"},{"taxonomy":"post_tag","embeddable":true,"href":"https:\/\/www.ufsm.br\/cursos\/pos-graduacao\/santa-maria\/ppgap\/wp-json\/wp\/v2\/tags?post=158"}],"curies":[{"name":"wp","href":"https:\/\/api.w.org\/{rel}","templated":true}]}}