{"id":29,"date":"2018-01-18T09:10:07","date_gmt":"2018-01-18T11:10:07","guid":{"rendered":"https:\/\/www.ufsm.br\/cursos\/graduacao\/nutricao\/12352\/?page_id=29"},"modified":"2025-07-23T09:32:42","modified_gmt":"2025-07-23T12:32:42","slug":"contato","status":"publish","type":"page","link":"https:\/\/www.ufsm.br\/cursos\/pos-graduacao\/santa-maria\/ppgap\/contato","title":{"rendered":"Contato"},"content":{"rendered":"<p><strong>Coordenador<\/strong>: Prof. Telmo Jorge Carneiro Amado (<a href=\"mailto:proftelmoamado@gmail.com\">proftelmoamado@gmail.com<\/a>)<\/p>\n<p><strong>Coordenador Substituto<\/strong>: Prof. L\u00facio de Paula Amaral (<a href=\"mailto:lucio.amaral@ufsm.br\">lucio.amaral@ufsm.br<\/a>)<\/p>\n<p><strong>E-mail da Coordena\u00e7\u00e3o<\/strong>:\u00a0<a class=\"notranslate\" href=\"mailto:ppgap.politecnico@ufsm.br\">ppgap.politecnico@ufsm.br<\/a><\/p>\n<p>&#8211;<\/p>\n<p><strong>E-mail da Secretaria Integrada dos Cursos de Educa\u00e7\u00e3o Superior (SIES)<\/strong>: <a class=\"notranslate\" href=\"mailto:sies.poli@ufsm.br\">sies.poli@ufsm.br<\/a><\/p>\n<p><strong>Telefone da SIES<\/strong>: (55) 3220-8059<\/p>\n<p><strong>WhatsApp<\/strong>: (55) 99146-5045<\/p>\n<p><strong>Endere\u00e7o<\/strong>: Col\u00e9gio Polit\u00e9cnico da UFSM (Pr\u00e9dio 70) \u2013 Bloco G \u2013 Sala 125<\/p>\n","protected":false},"excerpt":{"rendered":"<p>Coordenador: Prof. Telmo Jorge Carneiro Amado (proftelmoamado@gmail.com) Coordenador Substituto: Prof. L\u00facio de Paula Amaral (lucio.amaral@ufsm.br) E-mail da Coordena\u00e7\u00e3o:\u00a0ppgap.politecnico@ufsm.br &#8211; E-mail da Secretaria Integrada dos Cursos de Educa\u00e7\u00e3o Superior (SIES): sies.poli@ufsm.br Telefone da SIES: (55) 3220-8059 WhatsApp: (55) 99146-5045 Endere\u00e7o: Col\u00e9gio Polit\u00e9cnico da UFSM (Pr\u00e9dio 70) \u2013 Bloco G \u2013 Sala 125<\/p>\n","protected":false},"author":8,"featured_media":0,"parent":0,"menu_order":0,"comment_status":"closed","ping_status":"closed","template":"","meta":{"footnotes":""},"categories":[],"tags":[],"class_list":["post-29","page","type-page","status-publish","hentry"],"acf":[],"_links":{"self":[{"href":"https:\/\/www.ufsm.br\/cursos\/pos-graduacao\/santa-maria\/ppgap\/wp-json\/wp\/v2\/pages\/29","targetHints":{"allow":["GET"]}}],"collection":[{"href":"https:\/\/www.ufsm.br\/cursos\/pos-graduacao\/santa-maria\/ppgap\/wp-json\/wp\/v2\/pages"}],"about":[{"href":"https:\/\/www.ufsm.br\/cursos\/pos-graduacao\/santa-maria\/ppgap\/wp-json\/wp\/v2\/types\/page"}],"author":[{"embeddable":true,"href":"https:\/\/www.ufsm.br\/cursos\/pos-graduacao\/santa-maria\/ppgap\/wp-json\/wp\/v2\/users\/8"}],"replies":[{"embeddable":true,"href":"https:\/\/www.ufsm.br\/cursos\/pos-graduacao\/santa-maria\/ppgap\/wp-json\/wp\/v2\/comments?post=29"}],"version-history":[{"count":0,"href":"https:\/\/www.ufsm.br\/cursos\/pos-graduacao\/santa-maria\/ppgap\/wp-json\/wp\/v2\/pages\/29\/revisions"}],"wp:attachment":[{"href":"https:\/\/www.ufsm.br\/cursos\/pos-graduacao\/santa-maria\/ppgap\/wp-json\/wp\/v2\/media?parent=29"}],"wp:term":[{"taxonomy":"category","embeddable":true,"href":"https:\/\/www.ufsm.br\/cursos\/pos-graduacao\/santa-maria\/ppgap\/wp-json\/wp\/v2\/categories?post=29"},{"taxonomy":"post_tag","embeddable":true,"href":"https:\/\/www.ufsm.br\/cursos\/pos-graduacao\/santa-maria\/ppgap\/wp-json\/wp\/v2\/tags?post=29"}],"curies":[{"name":"wp","href":"https:\/\/api.w.org\/{rel}","templated":true}]}}