{"id":1102,"date":"2023-03-31T16:03:19","date_gmt":"2023-03-31T19:03:19","guid":{"rendered":"https:\/\/www.ufsm.br\/cursos\/pos-graduacao\/santa-maria\/ppgapublica\/?page_id=1102"},"modified":"2023-04-19T10:52:12","modified_gmt":"2023-04-19T13:52:12","slug":"instrucoes-docencia-orientada","status":"publish","type":"page","link":"https:\/\/www.ufsm.br\/cursos\/pos-graduacao\/santa-maria\/ppgapublica\/instrucoes-docencia-orientada","title":{"rendered":"Doc\u00eancia Orientada"},"content":{"rendered":"\t\t<div data-elementor-type=\"wp-page\" data-elementor-id=\"1102\" class=\"elementor elementor-1102\">\n\t\t\t\t\t\t<section class=\"elementor-section elementor-top-section elementor-element elementor-element-21209693 elementor-section-boxed elementor-section-height-default elementor-section-height-default\" data-id=\"21209693\" data-element_type=\"section\">\n\t\t\t\t\t\t<div class=\"elementor-container elementor-column-gap-default\">\n\t\t\t\t\t<div class=\"elementor-column elementor-col-100 elementor-top-column elementor-element elementor-element-62d2d4b6\" data-id=\"62d2d4b6\" data-element_type=\"column\">\n\t\t\t<div class=\"elementor-widget-wrap elementor-element-populated\">\n\t\t\t\t\t\t<div class=\"elementor-element elementor-element-3e9e5bce elementor-widget elementor-widget-text-editor\" data-id=\"3e9e5bce\" data-element_type=\"widget\" data-widget_type=\"text-editor.default\">\n\t\t\t\t<div class=\"elementor-widget-container\">\n\t\t\t\t\t\t\t<!-- wp:tadv\/classic-paragraph \/--><!-- wp:tadv\/classic-paragraph -->\n<p>\u00a0<\/p>\n<p style=\"text-align: center\"><strong>INSTRU\u00c7\u00d5ES SOBRE DOC\u00caNCIA ORIENTADA<\/strong><\/p>\n<p style=\"text-align: center\"><strong>Programa de P\u00f3s-Gradua\u00e7\u00e3o em Administra\u00e7\u00e3o P\u00fablica da UFSM<\/strong><\/p>\n<p>\u00a0<\/p>\n<p>\u00a0<\/p>\n<p style=\"text-align: justify\">Por entendimento do Colegiado do Programa de P\u00f3s-Gradua\u00e7\u00e3o em Administra\u00e7\u00e3o P\u00fablica da UFSM, todos(as) os(as) discentes do Programa devem realizar, obrigatoriamente, a atividade complementar de Doc\u00eancia Orientada antes de concluir o Mestrado. Tal atividade foi prevista na pr\u00f3pria estrutura curricular do Programa, sob denomina\u00e7\u00e3o <strong>APG2504 &#8211; Doc\u00eancia Orientada (30 horas, 2 cr\u00e9ditos)<\/strong>. A <strong>solicita\u00e7\u00e3o<\/strong> para cursar a atividade complementar de Doc\u00eancia Orientada \u00e9 realizada de <strong>forma diversa<\/strong> que a matr\u00edcula em disciplinas regulares (obrigat\u00f3rias e optativas), necessitando da <strong>abertura de um processo eletr\u00f4nico<\/strong> pelo <a href=\"https:\/\/portal.ufsm.br\/documentos\/mainMenu.html\" target=\"_blank\" rel=\"noopener\">Portal de Documentos da UFSM<\/a> (Processo PEN-SIE).<\/p>\n<p style=\"text-align: justify\">A fim de orientar os(as) discentes sobre a encaminhamento correto do processo PEN-SIE de solicita\u00e7\u00e3o de matr\u00edcula em APG2504 &#8211; Doc\u00eancia Orientada, a\u00a0 SIPOS disponibiliza o tutorial para estudantes abaixo. Casos omissos devem ser esclarecidos pelos e-mails <a href=\"mailto:sipos.ccsh@ufsm.br\">sipos.ccsh@ufsm.br<\/a> e <a href=\"mailto:ppgap@ufsm.br\">ppgap@ufsm.br<\/a>.<\/p>\n<p style=\"text-align: justify\"><strong>\u21d2 <\/strong><span style=\"text-decoration: underline\"><strong>ATEN\u00c7\u00c3O:<\/strong><\/span> <strong>\u00e9 indispens\u00e1vel que a abertura do processo eletr\u00f4nico ocorra de acordo com os prazos abaixo.<\/strong><\/p>\n<ol>\n<li style=\"list-style-type: none\">\n<ol>\n<li style=\"text-align: justify\"><strong>Estudantes novos<\/strong> (in\u00edcio do curso no mesmo semestre letivo em que se deseja cursar APG2504) &#8211; <strong>at\u00e9 o <span style=\"text-decoration: underline\">\u00faltimo dia da 1\u00aa semana de aulas<\/span><\/strong>, ou seja, durante a semana de ajustes de matr\u00edcula;<\/li>\n<li style=\"text-align: justify\"><strong>Estudantes regulares<\/strong> (que iniciaram o curso anteriormente ao semestre letivo em que se deseja cursar APG2504) &#8211; <strong>at\u00e9 a <span style=\"text-decoration: underline\">semana de matr\u00edculas online do semestre<\/span> <\/strong>em que se deseja cursar a doc\u00eancia orientada (informa\u00e7\u00e3o dispon\u00edvel no <a href=\"https:\/\/www.ufsm.br\/calendario\" target=\"_blank\" rel=\"noopener\">Calend\u00e1rio Acad\u00eamico<\/a>).<\/li>\n<\/ol>\n<\/li>\n<\/ol>\n<p style=\"text-align: justify\"><strong>\u21d2 <span style=\"text-decoration: underline\">LEMBRETE:<\/span><\/strong> Para que um(a) aluno(a) novo(a) possa realizar a abertura do processo PEN-SIE de solicita\u00e7\u00e3o de doc\u00eancia orientada, dever\u00e1, <strong>obrigatoriamente<\/strong>, estar com o <a href=\"https:\/\/portal.ufsm.br\/planoestudos\/index.html\" target=\"_blank\" rel=\"noopener\">Plano de Estudos<\/a> preenchido, aprovado e homologado.<\/p>\n<p>\u00a0<\/p>\n<p style=\"text-align: center\"><b>TUTORIAL PARA ESTUDANTES<\/b><\/p>\n<p style=\"text-align: center\"><b>PROCESSO DE DOC\u00caNCIA ORIENTADA<\/b><\/p>\n<p>\u00a0<\/p>\n<p style=\"text-align: justify\">Antes de abrir o processo de doc\u00eancia orientada, \u00e9 necess\u00e1rio que o(a) discente realize o cadastro da assinatura eletr\u00f4nica, caso ainda n\u00e3o tenha.<\/p>\n<p style=\"text-align: justify\">O tutorial para cadastro da assinatura eletr\u00f4nica est\u00e1 dispon\u00edvel em: <a href=\"https:\/\/www.ufsm.br\/app\/uploads\/sites\/416\/2020\/04\/Passo-a-passo-termo-assinatura-eletronica-PEN-SIE.pdf\" target=\"_blank\" rel=\"noopener\">Passo a passo do termo de Assinatura Eletr\u00f4nica<\/a><\/p>\n<p style=\"text-align: justify\">\u00a0<\/p>\n<p style=\"text-align: justify\"><b>Da abertura do Processo de Doc\u00eancia Orientada pelo(a) discente:<\/b><\/p>\n<p>01. Acessar o Portal de Documentos da UFSM (<a href=\"https:\/\/portal.ufsm.br\/documentos\/mainMenu.html\">https:\/\/portal.ufsm.br\/documentos\/mainMenu.html<\/a>) e fazer o login, utilizando os dados de acesso ao Portal Estudantil.<\/p>\n<p>02. Ao abrir o Portal de Documentos, aparecer\u00e1 a tela abaixo, na qual o(a) discente dever\u00e1 clicar em \u201cNovo\u201d =&gt; \u201cProcesso\u201d.<\/p>\n<p><img fetchpriority=\"high\" decoding=\"async\" class=\"aligncenter wp-image-1104 size-large\" src=\"https:\/\/www.ufsm.br\/app\/uploads\/sites\/544\/2023\/03\/Imagem-1-Tutorial-1024x460.jpg\" alt=\"\" width=\"1024\" height=\"460\" data-wp-editing=\"1\" srcset=\"https:\/\/www.ufsm.br\/app\/uploads\/sites\/544\/2023\/03\/Imagem-1-Tutorial-1024x460.jpg 1024w, https:\/\/www.ufsm.br\/app\/uploads\/sites\/544\/2023\/03\/Imagem-1-Tutorial-300x135.jpg 300w, https:\/\/www.ufsm.br\/app\/uploads\/sites\/544\/2023\/03\/Imagem-1-Tutorial-768x345.jpg 768w, https:\/\/www.ufsm.br\/app\/uploads\/sites\/544\/2023\/03\/Imagem-1-Tutorial.jpg 1210w\" sizes=\"(max-width: 1024px) 100vw, 1024px\" \/><\/p>\n<p>03. Na tela seguinte, o(a) discente dever\u00e1 localizar o \u201cProcesso de doc\u00eancia orientada (134.31)\u201d (ao digitar \u201cdoc\u00eancia orientada\u201d o sistema dar\u00e1 as sugest\u00f5es de preenchimento), preencher a descri\u00e7\u00e3o do processo e clicar em \u201cSalvar\u201d.<\/p>\n<p><img decoding=\"async\" class=\"aligncenter wp-image-1106 size-large\" src=\"https:\/\/www.ufsm.br\/app\/uploads\/sites\/544\/2023\/03\/Imagem-2-1024x402.jpg\" alt=\"\" width=\"1024\" height=\"402\" srcset=\"https:\/\/www.ufsm.br\/app\/uploads\/sites\/544\/2023\/03\/Imagem-2-1024x402.jpg 1024w, https:\/\/www.ufsm.br\/app\/uploads\/sites\/544\/2023\/03\/Imagem-2-300x118.jpg 300w, https:\/\/www.ufsm.br\/app\/uploads\/sites\/544\/2023\/03\/Imagem-2-768x302.jpg 768w, https:\/\/www.ufsm.br\/app\/uploads\/sites\/544\/2023\/03\/Imagem-2.jpg 1239w\" sizes=\"(max-width: 1024px) 100vw, 1024px\" \/><\/p>\n<p>\u00a0<\/p>\n<p>04 A pr\u00f3xima tela \u00e9 destinada \u00e0 inser\u00e7\u00e3o de documentos, na qual dever\u00e3o ser adicionados os seguintes documentos:<\/p>\n<ul>\n<li style=\"text-align: justify\"><a href=\"https:\/\/www.ufsm.br\/app\/uploads\/sites\/544\/2023\/03\/Solicitacao-Docencia-Orientada.docx\">Solicita\u00e7\u00e3o de doc\u00eancia orientada<\/a> de mestrado\/doutorado;<strong> e<\/strong>,<\/li>\n<li style=\"text-align: justify\"><a href=\"https:\/\/www.ufsm.br\/app\/uploads\/sites\/544\/2023\/03\/Plano-de-Trabalho-Docencia-Orientada.docx\">Plano de doc\u00eancia orientada<\/a> (PDO) de mestrado\/doutorado.<\/li>\n<\/ul>\n<p style=\"text-align: justify\"><strong><span style=\"text-decoration: underline\">Aten\u00e7\u00e3o<\/span><\/strong>: sugerimos que o n\u00famero de processo gerado seja anotado para facilitar o acompanhamento.<\/p>\n<p><img decoding=\"async\" class=\"aligncenter wp-image-1105 size-large\" src=\"https:\/\/www.ufsm.br\/app\/uploads\/sites\/544\/2023\/03\/Imagem-3-1024x470.jpg\" alt=\"\" width=\"1024\" height=\"470\" srcset=\"https:\/\/www.ufsm.br\/app\/uploads\/sites\/544\/2023\/03\/Imagem-3-1024x470.jpg 1024w, https:\/\/www.ufsm.br\/app\/uploads\/sites\/544\/2023\/03\/Imagem-3-300x138.jpg 300w, https:\/\/www.ufsm.br\/app\/uploads\/sites\/544\/2023\/03\/Imagem-3-768x352.jpg 768w, https:\/\/www.ufsm.br\/app\/uploads\/sites\/544\/2023\/03\/Imagem-3.jpg 1217w\" sizes=\"(max-width: 1024px) 100vw, 1024px\" \/><\/p>\n<p>05. Ao inserir os documentos, no campo \u201cAssinar\u201d, o(a) discente dever\u00e1 marcar \u201cSim\u201d, para que os documentos sejam assinados eletronicamente.<\/p>\n<p style=\"text-align: justify\">06. Ap\u00f3s inserir os documentos, clicar em \u201cSalvar\u201d e, na pr\u00f3xima p\u00e1gina, tramitar o processo para o(a) docente orientador(a) do(a) estudante.\u00a0<\/p>\n<p style=\"text-align: justify;padding-left: 80px\">&#8211; Observa\u00e7\u00e3o:\u00a0<\/p>\n<p style=\"text-align: justify;padding-left: 80px\">Caso, no momento da tramita\u00e7\u00e3o para o(a) docente orientador(a) n\u00e3o apare\u00e7a\u00a0 o destino, quer dizer que o(a) estudante <b>n\u00e3o est\u00e1<\/b> <b>com o Plano de Estudo aprovado e homologado<\/b>, de forma que ser\u00e1 necess\u00e1rio acess\u00e1-lo, via Portal Estudantil, e corrigi-lo, lan\u00e7ando os dados necess\u00e1rios na aba \u201cP\u00f3-Gradua\u00e7\u00e3o\u201d =&gt; \u201cPlano de Estudos\u201d.<\/p>\n<p style=\"text-align: justify;padding-left: 80px\">&#8211; Aspectos Relevantes:<\/p>\n<p style=\"text-align: justify;padding-left: 80px\">O est\u00e1gio de doc\u00eancia poder\u00e1 ser realizado:<\/p>\n<ol>\n<li style=\"list-style-type: none\">\n<ol>\n<li style=\"list-style-type: none\">\n<ol>\n<li style=\"list-style-type: none\">\n<ol>\n<li style=\"text-align: justify\">Em disciplina que est\u00e1 sob a responsabilidade do(a) orientador(a) do(a) aluno(a) em doc\u00eancia orientada; <b>ou<\/b><\/li>\n<li style=\"text-align: justify\">Em disciplina que est\u00e1 sob a responsabilidade de outro(a) professor(a).\u00a0<\/li>\n<\/ol>\n<\/li>\n<\/ol>\n<\/li>\n<\/ol>\n<\/li>\n<\/ol>\n<p style=\"text-align: justify;padding-left: 80px\">Em ambos os casos, \u00e9 necess\u00e1rio que todos(as) os(as) envolvidos(as) participem da elabora\u00e7\u00e3o e estejam de acordo com o <b>Plano de Doc\u00eancia Orientada (PDO)<\/b> antes que seja iniciada a tramita\u00e7\u00e3o do processo no PEN-SIE (lembramos: todos\/as dever\u00e3o assinar).<\/p>\n<p style=\"text-align: justify\">07. Ap\u00f3s tramita\u00e7\u00e3o do processo pelo(a) discente para assinatura dos documentos por docente orientador(a) e docente respons\u00e1vel pela disciplina, o processo ser\u00e1 remetido ao Curso-PG em Administra\u00e7\u00e3o P\u00fablica, momento em que o Colegiado do Programa de P\u00f3s-Gradua\u00e7\u00e3o receber\u00e1 o processo e analisar\u00e1 os documentos. Se o PDO for aprovado em reuni\u00e3o de Colegiado, o processo ser\u00e1 tramitado para o Departamento ao qual a disciplina pertence.\u00a0<\/p>\n<p style=\"text-align: justify\">08. Ap\u00f3s an\u00e1lise e aprova\u00e7\u00e3o do PDO pelo Departamento respons\u00e1vel pela disciplina, este ir\u00e1 inserir o(a) aluno(a) como aluno(a)-docente da disciplina pretendida.<\/p>\n<p style=\"text-align: justify\">09. Em seguida, o processo ser\u00e1 encaminhado novamente ao Curso-PG em Administra\u00e7\u00e3o P\u00fablica, que ir\u00e1 encaminh\u00e1-lo ao(\u00e0) discente, para guarda at\u00e9 o final do semestre letivo.<\/p>\n<p style=\"text-align: justify\">10. Ao final do semestre letivo, o(a) discente ir\u00e1 anexar ao processo o <a href=\"https:\/\/www.ufsm.br\/app\/uploads\/sites\/544\/2023\/03\/Relatorio-Final-Docencia-Orientada.docx\">Relat\u00f3rio Final de Doc\u00eancia Orientada<\/a> (em PDF), e assinado pelo(a) <b>docente respons\u00e1vel pela disciplina<\/b>, e, em seguida, encaminh\u00e1-lo ao Curso-PG em Administra\u00e7\u00e3o P\u00fablica.<\/p>\n<p style=\"text-align: justify\">11. O Curso-PG em Administra\u00e7\u00e3o P\u00fablica ir\u00e1 analisar os documentos anexados, e, estando o <a href=\"https:\/\/www.ufsm.br\/app\/uploads\/sites\/544\/2023\/03\/Relatorio-Final-Docencia-Orientada.docx\">Relat\u00f3rio Final de Doc\u00eancia Orientada<\/a> devidamente assinado, encaminhar\u00e1 o processo para arquivamento.<\/p>\n<p>\u00a0<\/p>\n<p><b>Fluxograma:<\/b><\/p>\n<p>\u00a0<\/p>\n<p><img loading=\"lazy\" decoding=\"async\" class=\"aligncenter wp-image-1103 size-full\" src=\"https:\/\/www.ufsm.br\/app\/uploads\/sites\/544\/2023\/03\/Imagem-4.jpg\" alt=\"\" width=\"625\" height=\"527\" srcset=\"https:\/\/www.ufsm.br\/app\/uploads\/sites\/544\/2023\/03\/Imagem-4.jpg 625w, https:\/\/www.ufsm.br\/app\/uploads\/sites\/544\/2023\/03\/Imagem-4-300x253.jpg 300w\" sizes=\"(max-width: 625px) 100vw, 625px\" \/><br \/><br \/><\/p>\n<!-- \/wp:tadv\/classic-paragraph -->\t\t\t\t\t\t<\/div>\n\t\t\t\t<\/div>\n\t\t\t\t\t<\/div>\n\t\t<\/div>\n\t\t\t\t\t<\/div>\n\t\t<\/section>\n\t\t\t\t<\/div>\n\t\t","protected":false},"excerpt":{"rendered":"<p>\u00a0 INSTRU\u00c7\u00d5ES SOBRE DOC\u00caNCIA ORIENTADA Programa de P\u00f3s-Gradua\u00e7\u00e3o em Administra\u00e7\u00e3o P\u00fablica da UFSM \u00a0 \u00a0 Por entendimento do Colegiado do Programa de P\u00f3s-Gradua\u00e7\u00e3o em Administra\u00e7\u00e3o P\u00fablica da UFSM, todos(as) os(as) discentes do Programa devem realizar, obrigatoriamente, a atividade complementar de Doc\u00eancia Orientada antes de concluir o Mestrado. Tal atividade foi prevista na pr\u00f3pria estrutura curricular [&hellip;]<\/p>\n","protected":false},"author":586,"featured_media":0,"parent":0,"menu_order":0,"comment_status":"closed","ping_status":"closed","template":"","meta":{"footnotes":""},"categories":[],"tags":[],"class_list":["post-1102","page","type-page","status-publish","hentry"],"acf":[],"_links":{"self":[{"href":"https:\/\/www.ufsm.br\/cursos\/pos-graduacao\/santa-maria\/ppgapublica\/wp-json\/wp\/v2\/pages\/1102","targetHints":{"allow":["GET"]}}],"collection":[{"href":"https:\/\/www.ufsm.br\/cursos\/pos-graduacao\/santa-maria\/ppgapublica\/wp-json\/wp\/v2\/pages"}],"about":[{"href":"https:\/\/www.ufsm.br\/cursos\/pos-graduacao\/santa-maria\/ppgapublica\/wp-json\/wp\/v2\/types\/page"}],"author":[{"embeddable":true,"href":"https:\/\/www.ufsm.br\/cursos\/pos-graduacao\/santa-maria\/ppgapublica\/wp-json\/wp\/v2\/users\/586"}],"replies":[{"embeddable":true,"href":"https:\/\/www.ufsm.br\/cursos\/pos-graduacao\/santa-maria\/ppgapublica\/wp-json\/wp\/v2\/comments?post=1102"}],"version-history":[{"count":0,"href":"https:\/\/www.ufsm.br\/cursos\/pos-graduacao\/santa-maria\/ppgapublica\/wp-json\/wp\/v2\/pages\/1102\/revisions"}],"wp:attachment":[{"href":"https:\/\/www.ufsm.br\/cursos\/pos-graduacao\/santa-maria\/ppgapublica\/wp-json\/wp\/v2\/media?parent=1102"}],"wp:term":[{"taxonomy":"category","embeddable":true,"href":"https:\/\/www.ufsm.br\/cursos\/pos-graduacao\/santa-maria\/ppgapublica\/wp-json\/wp\/v2\/categories?post=1102"},{"taxonomy":"post_tag","embeddable":true,"href":"https:\/\/www.ufsm.br\/cursos\/pos-graduacao\/santa-maria\/ppgapublica\/wp-json\/wp\/v2\/tags?post=1102"}],"curies":[{"name":"wp","href":"https:\/\/api.w.org\/{rel}","templated":true}]}}