{"id":29,"date":"2018-01-18T09:10:07","date_gmt":"2018-01-18T11:10:07","guid":{"rendered":"https:\/\/www.ufsm.br\/cursos\/graduacao\/nutricao\/12352\/?page_id=29"},"modified":"2022-06-13T09:32:57","modified_gmt":"2022-06-13T12:32:57","slug":"contato","status":"publish","type":"page","link":"https:\/\/www.ufsm.br\/cursos\/pos-graduacao\/santa-maria\/ppgapublica\/contato","title":{"rendered":"Contato"},"content":{"rendered":"\n<p><strong>Coordena\u00e7\u00e3o do PPGAP<br \/><\/strong>E-mail: <span style=\"color: #0000ff\"><span style=\"color: #000000\">ppgap@ufsm.br <\/span><br \/><span style=\"color: #000000\">Rede social:<\/span> <\/span><a href=\"https:\/\/www.facebook.com\/Programa-de-P%C3%B3s-gradua%C3%A7%C3%A3o-em-Administra%C3%A7%C3%A3o-P%C3%BAblica-UFSM-331325544139597\/\">Facebook<\/a><\/p>\n<p><strong>Secretaria Integrada de P\u00f3s-gradua\u00e7\u00e3o do CCSH (SIPOS-CCSH)<br \/><\/strong>E-mail: <span style=\"background: white\">sipos.ccsh@ufsm.b<\/span>r\u00a0<strong><span style=\"color: blue\"><br \/><\/span><\/strong>Telefone: <span style=\"color: #000000\">(55) 3220-9329<\/span><br \/>Hor\u00e1rio de atendimento:<strong><br \/><\/strong>De segunda a sexta-feira<br \/>Das 8h \u00e0s 12h e das 13h \u00e0s 17h<\/p>\n\n\n\n<p><\/p>\n","protected":false},"excerpt":{"rendered":"<p>Coordena\u00e7\u00e3o do PPGAPE-mail: ppgap@ufsm.br Rede social: Facebook Secretaria Integrada de P\u00f3s-gradua\u00e7\u00e3o do CCSH (SIPOS-CCSH)E-mail: sipos.ccsh@ufsm.br\u00a0Telefone: (55) 3220-9329Hor\u00e1rio de atendimento:De segunda a sexta-feiraDas 8h \u00e0s 12h e das 13h \u00e0s 17h<\/p>\n","protected":false},"author":8,"featured_media":0,"parent":0,"menu_order":0,"comment_status":"closed","ping_status":"closed","template":"","meta":{"footnotes":""},"categories":[],"tags":[],"class_list":["post-29","page","type-page","status-publish","hentry"],"acf":[],"_links":{"self":[{"href":"https:\/\/www.ufsm.br\/cursos\/pos-graduacao\/santa-maria\/ppgapublica\/wp-json\/wp\/v2\/pages\/29","targetHints":{"allow":["GET"]}}],"collection":[{"href":"https:\/\/www.ufsm.br\/cursos\/pos-graduacao\/santa-maria\/ppgapublica\/wp-json\/wp\/v2\/pages"}],"about":[{"href":"https:\/\/www.ufsm.br\/cursos\/pos-graduacao\/santa-maria\/ppgapublica\/wp-json\/wp\/v2\/types\/page"}],"author":[{"embeddable":true,"href":"https:\/\/www.ufsm.br\/cursos\/pos-graduacao\/santa-maria\/ppgapublica\/wp-json\/wp\/v2\/users\/8"}],"replies":[{"embeddable":true,"href":"https:\/\/www.ufsm.br\/cursos\/pos-graduacao\/santa-maria\/ppgapublica\/wp-json\/wp\/v2\/comments?post=29"}],"version-history":[{"count":0,"href":"https:\/\/www.ufsm.br\/cursos\/pos-graduacao\/santa-maria\/ppgapublica\/wp-json\/wp\/v2\/pages\/29\/revisions"}],"wp:attachment":[{"href":"https:\/\/www.ufsm.br\/cursos\/pos-graduacao\/santa-maria\/ppgapublica\/wp-json\/wp\/v2\/media?parent=29"}],"wp:term":[{"taxonomy":"category","embeddable":true,"href":"https:\/\/www.ufsm.br\/cursos\/pos-graduacao\/santa-maria\/ppgapublica\/wp-json\/wp\/v2\/categories?post=29"},{"taxonomy":"post_tag","embeddable":true,"href":"https:\/\/www.ufsm.br\/cursos\/pos-graduacao\/santa-maria\/ppgapublica\/wp-json\/wp\/v2\/tags?post=29"}],"curies":[{"name":"wp","href":"https:\/\/api.w.org\/{rel}","templated":true}]}}