{"id":1428,"date":"2021-06-22T08:00:45","date_gmt":"2021-06-22T11:00:45","guid":{"rendered":"https:\/\/www.ufsm.br\/cursos\/pos-graduacao\/santa-maria\/ppgart\/?page_id=1428"},"modified":"2025-03-27T15:31:15","modified_gmt":"2025-03-27T18:31:15","slug":"pos-doc","status":"publish","type":"page","link":"https:\/\/www.ufsm.br\/cursos\/pos-graduacao\/santa-maria\/ppgart\/pos-doc","title":{"rendered":"P\u00f3s-doc"},"content":{"rendered":"\t\t<div data-elementor-type=\"wp-page\" data-elementor-id=\"1428\" class=\"elementor elementor-1428\">\n\t\t\t\t\t\t<section class=\"elementor-section elementor-top-section elementor-element elementor-element-8d0eaf7 elementor-section-boxed elementor-section-height-default elementor-section-height-default\" data-id=\"8d0eaf7\" data-element_type=\"section\">\n\t\t\t\t\t\t<div class=\"elementor-container elementor-column-gap-default\">\n\t\t\t\t\t<div class=\"elementor-column elementor-col-100 elementor-top-column elementor-element elementor-element-e43a6b9\" data-id=\"e43a6b9\" data-element_type=\"column\">\n\t\t\t<div class=\"elementor-widget-wrap elementor-element-populated\">\n\t\t\t\t\t\t<div class=\"elementor-element elementor-element-c91c3d8 elementor-widget elementor-widget-text-editor\" data-id=\"c91c3d8\" data-element_type=\"widget\" data-widget_type=\"text-editor.default\">\n\t\t\t\t<div class=\"elementor-widget-container\">\n\t\t\t\t\t\t\t<ul><li><strong>Valeria Boelter| <a href=\"http:\/\/lattes.cnpq.br\/2312930614039041\">Lattes<\/a><\/strong><\/li><\/ul><p style=\"padding-left: 40px\"><span class=\"s1\">P\u00f3s-doutoranda PPGART, com bolsa PDEE pela CAPES PrInt, com supervis\u00e3o da prof. Nara Cristina Santos. Doutora em Design na Universidade de Aveiro\/Portugal, com bolsa FCT. Mestre em Artes Visuais PPGART\/UFSM. Especialista em Design de Estamparia\/SENAI CETIQT- RJ. Bacharel em Desenho Industrial-Programa\u00e7\u00e3o Visual\/UFSM. Integrante do Grupo de Pesquisa Arte e Tecnologia\/CNPq (2014-2016; 2023-2024), com bolsa de mestrado CAPES, com orienta\u00e7\u00e3o da prof. Nara Cristina Santos. Integrante do LABART <strong>(<\/strong>2014-2016; 2023-<strong>)<\/strong>.<\/span><\/p><p><span class=\"s2\"><strong>\u00a0<\/strong><\/span><\/p>\t\t\t\t\t\t<\/div>\n\t\t\t\t<\/div>\n\t\t\t\t\t<\/div>\n\t\t<\/div>\n\t\t\t\t\t<\/div>\n\t\t<\/section>\n\t\t\t\t<section class=\"elementor-section elementor-top-section elementor-element elementor-element-42ec543 elementor-section-boxed elementor-section-height-default elementor-section-height-default\" data-id=\"42ec543\" data-element_type=\"section\">\n\t\t\t\t\t\t<div class=\"elementor-container elementor-column-gap-default\">\n\t\t\t\t\t<div class=\"elementor-column elementor-col-100 elementor-top-column elementor-element elementor-element-0bb6f96\" data-id=\"0bb6f96\" data-element_type=\"column\">\n\t\t\t<div class=\"elementor-widget-wrap elementor-element-populated\">\n\t\t\t\t\t\t<div class=\"elementor-element elementor-element-d062973 elementor-widget elementor-widget-text-editor\" data-id=\"d062973\" data-element_type=\"widget\" data-widget_type=\"text-editor.default\">\n\t\t\t\t<div class=\"elementor-widget-container\">\n\t\t\t\t\t\t\t<ul><li><span class=\"s1\"><b>Hosana Celeste Oliveira<\/b><\/span><strong>\u00a0|\u00a0<a href=\"http:\/\/lattes.cnpq.br\/4177178840952700\" target=\"_blank\" rel=\"noopener noreferrer\">Lattes<\/a><\/strong><\/li><\/ul><p style=\"padding-left: 40px\"><span class=\"s1\">P\u00f3s-doutoranda PPGART, com bolsa PDEE pela CAPES PrInt, com supervis\u00e3o da prof. Nara Cristina Santos. Bacharel em Artes Visuais e Mestrado em Multimeios\/Unicamp. Doutora em Artes\/UNESP, com bolsa Capes, orientada pela prof. Rosangela Leotte. Doutorado Sandu\u00edche no MediaLab e no Laborat\u00f3rio de Engenharia Computacional e Ci\u00eancias Cognitivas da Aalto University\/Finl\u00e2ndia. Artista visitante e assistente de ensino e pesquisa na K\u00f6ln International School of Design\/ KISD (bolsa DAAD) e na Kunsthochschule f\u00fcr Medien K\u00f6ln\/KHM\/Alemanha. <\/span><span class=\"s2\">Integrante do LABART e Grupo de Pesquisa Arte e Tecnologia\/CNPq (2020-2023)<strong>.<\/strong><\/span><\/p><p><span class=\"s2\"><strong>\u00a0<\/strong><\/span><\/p>\t\t\t\t\t\t<\/div>\n\t\t\t\t<\/div>\n\t\t\t\t\t<\/div>\n\t\t<\/div>\n\t\t\t\t\t<\/div>\n\t\t<\/section>\n\t\t\t\t<\/div>\n\t\t","protected":false},"excerpt":{"rendered":"<p>Valeria Boelter| Lattes P\u00f3s-doutoranda PPGART, com bolsa PDEE pela CAPES PrInt, com supervis\u00e3o da prof. Nara Cristina Santos. Doutora em Design na Universidade de Aveiro\/Portugal, com bolsa FCT. Mestre em Artes Visuais PPGART\/UFSM. Especialista em Design de Estamparia\/SENAI CETIQT- RJ. Bacharel em Desenho Industrial-Programa\u00e7\u00e3o Visual\/UFSM. Integrante do Grupo de Pesquisa Arte e Tecnologia\/CNPq (2014-2016; 2023-2024), [&hellip;]<\/p>\n","protected":false},"author":820,"featured_media":0,"parent":0,"menu_order":0,"comment_status":"closed","ping_status":"closed","template":"","meta":{"footnotes":""},"categories":[],"tags":[],"class_list":["post-1428","page","type-page","status-publish","hentry"],"acf":[],"_links":{"self":[{"href":"https:\/\/www.ufsm.br\/cursos\/pos-graduacao\/santa-maria\/ppgart\/wp-json\/wp\/v2\/pages\/1428","targetHints":{"allow":["GET"]}}],"collection":[{"href":"https:\/\/www.ufsm.br\/cursos\/pos-graduacao\/santa-maria\/ppgart\/wp-json\/wp\/v2\/pages"}],"about":[{"href":"https:\/\/www.ufsm.br\/cursos\/pos-graduacao\/santa-maria\/ppgart\/wp-json\/wp\/v2\/types\/page"}],"author":[{"embeddable":true,"href":"https:\/\/www.ufsm.br\/cursos\/pos-graduacao\/santa-maria\/ppgart\/wp-json\/wp\/v2\/users\/820"}],"replies":[{"embeddable":true,"href":"https:\/\/www.ufsm.br\/cursos\/pos-graduacao\/santa-maria\/ppgart\/wp-json\/wp\/v2\/comments?post=1428"}],"version-history":[{"count":0,"href":"https:\/\/www.ufsm.br\/cursos\/pos-graduacao\/santa-maria\/ppgart\/wp-json\/wp\/v2\/pages\/1428\/revisions"}],"wp:attachment":[{"href":"https:\/\/www.ufsm.br\/cursos\/pos-graduacao\/santa-maria\/ppgart\/wp-json\/wp\/v2\/media?parent=1428"}],"wp:term":[{"taxonomy":"category","embeddable":true,"href":"https:\/\/www.ufsm.br\/cursos\/pos-graduacao\/santa-maria\/ppgart\/wp-json\/wp\/v2\/categories?post=1428"},{"taxonomy":"post_tag","embeddable":true,"href":"https:\/\/www.ufsm.br\/cursos\/pos-graduacao\/santa-maria\/ppgart\/wp-json\/wp\/v2\/tags?post=1428"}],"curies":[{"name":"wp","href":"https:\/\/api.w.org\/{rel}","templated":true}]}}