{"id":1502,"date":"2021-08-12T21:25:57","date_gmt":"2021-08-13T00:25:57","guid":{"rendered":"https:\/\/www.ufsm.br\/cursos\/pos-graduacao\/santa-maria\/ppgart\/?page_id=1502"},"modified":"2026-03-31T14:32:38","modified_gmt":"2026-03-31T17:32:38","slug":"doutorado-em-artes-visuais","status":"publish","type":"page","link":"https:\/\/www.ufsm.br\/cursos\/pos-graduacao\/santa-maria\/ppgart\/doutorado-em-artes-visuais","title":{"rendered":"Doutorado em Artes Visuais"},"content":{"rendered":"\t\t<div data-elementor-type=\"wp-page\" data-elementor-id=\"1502\" class=\"elementor elementor-1502\">\n\t\t\t\t\t\t<section class=\"elementor-section elementor-top-section elementor-element elementor-element-a852321 elementor-section-boxed elementor-section-height-default elementor-section-height-default\" data-id=\"a852321\" data-element_type=\"section\">\n\t\t\t\t\t\t<div class=\"elementor-container elementor-column-gap-default\">\n\t\t\t\t\t<div class=\"elementor-column elementor-col-100 elementor-top-column elementor-element elementor-element-02aa82c\" data-id=\"02aa82c\" data-element_type=\"column\">\n\t\t\t<div class=\"elementor-widget-wrap elementor-element-populated\">\n\t\t\t\t\t\t<div class=\"elementor-element elementor-element-c9f5ccb elementor-widget elementor-widget-wp-widget-text\" data-id=\"c9f5ccb\" data-element_type=\"widget\" data-widget_type=\"wp-widget-text.default\">\n\t\t\t\t<div class=\"elementor-widget-container\">\n\t\t\t<h5>Sobre o Curso<\/h5>\t\t\t<div class=\"textwidget\"><p>A proposta do Curso de Doutorado do Programa de P\u00f3s-Gradua\u00e7\u00e3o em Artes Visuais, igualmente, com \u00eanfase em apenas uma \u00e1rea de concentra\u00e7\u00e3o, Arte Contempor\u00e2nea, visa fornecer elementos para a constru\u00e7\u00e3o din\u00e2mica do conhecimento, atrav\u00e9s de duas linhas de pesquisa: Arte e Transversalidade e Arte e Tecnologia. Estas linhas s\u00e3o representativas da produ\u00e7\u00e3o e atua\u00e7\u00e3o dos professores envolvidos na proposta do Doutorado e foram definidas a partir da experi\u00eancia em doc\u00eancia e pesquisa dos professores do Curso, refor\u00e7ando suas particularidades. Com rela\u00e7\u00e3o \u00e0 estrutura curricular, o doutorando precisa cursar 44 cr\u00e9ditos no m\u00ednimo, sendo 18 cr\u00e9ditos obrigat\u00f3rios e 26 cr\u00e9ditos em disciplinas eletivas, ao longo de 08 semestres.<\/p>\n<\/div>\n\t\t\t\t<\/div>\n\t\t\t\t<\/div>\n\t\t\t\t\t<\/div>\n\t\t<\/div>\n\t\t\t\t\t<\/div>\n\t\t<\/section>\n\t\t\t\t<\/div>\n\t\t","protected":false},"excerpt":{"rendered":"","protected":false},"author":820,"featured_media":0,"parent":0,"menu_order":0,"comment_status":"closed","ping_status":"closed","template":"","meta":{"footnotes":""},"categories":[],"tags":[],"class_list":["post-1502","page","type-page","status-publish","hentry"],"acf":[],"_links":{"self":[{"href":"https:\/\/www.ufsm.br\/cursos\/pos-graduacao\/santa-maria\/ppgart\/wp-json\/wp\/v2\/pages\/1502","targetHints":{"allow":["GET"]}}],"collection":[{"href":"https:\/\/www.ufsm.br\/cursos\/pos-graduacao\/santa-maria\/ppgart\/wp-json\/wp\/v2\/pages"}],"about":[{"href":"https:\/\/www.ufsm.br\/cursos\/pos-graduacao\/santa-maria\/ppgart\/wp-json\/wp\/v2\/types\/page"}],"author":[{"embeddable":true,"href":"https:\/\/www.ufsm.br\/cursos\/pos-graduacao\/santa-maria\/ppgart\/wp-json\/wp\/v2\/users\/820"}],"replies":[{"embeddable":true,"href":"https:\/\/www.ufsm.br\/cursos\/pos-graduacao\/santa-maria\/ppgart\/wp-json\/wp\/v2\/comments?post=1502"}],"version-history":[{"count":0,"href":"https:\/\/www.ufsm.br\/cursos\/pos-graduacao\/santa-maria\/ppgart\/wp-json\/wp\/v2\/pages\/1502\/revisions"}],"wp:attachment":[{"href":"https:\/\/www.ufsm.br\/cursos\/pos-graduacao\/santa-maria\/ppgart\/wp-json\/wp\/v2\/media?parent=1502"}],"wp:term":[{"taxonomy":"category","embeddable":true,"href":"https:\/\/www.ufsm.br\/cursos\/pos-graduacao\/santa-maria\/ppgart\/wp-json\/wp\/v2\/categories?post=1502"},{"taxonomy":"post_tag","embeddable":true,"href":"https:\/\/www.ufsm.br\/cursos\/pos-graduacao\/santa-maria\/ppgart\/wp-json\/wp\/v2\/tags?post=1502"}],"curies":[{"name":"wp","href":"https:\/\/api.w.org\/{rel}","templated":true}]}}