{"id":177,"date":"2019-02-14T11:15:11","date_gmt":"2019-02-14T13:15:11","guid":{"rendered":"https:\/\/www.ufsm.br\/cursos\/pos-graduacao\/santa-maria\/ppgart\/?page_id=177"},"modified":"2019-02-14T11:15:13","modified_gmt":"2019-02-14T13:15:13","slug":"links-uteis","status":"publish","type":"page","link":"https:\/\/www.ufsm.br\/cursos\/pos-graduacao\/santa-maria\/ppgart\/links-uteis","title":{"rendered":"Links \u00dateis"},"content":{"rendered":"\n<ul style=\"margin-bottom: 10px;color: #666666;font-family: Helvetica, Arial, sans-serif;font-size: 13px\">\n<li><a style=\"background: 0px 0px;color: #4782b2\" href=\"http:\/\/www.capes.gov.br\/\" target=\"_blank\" rel=\"noopener\">CAPES<\/a><\/li>\n<li><a style=\"background: 0px 0px;color: #4782b2\" href=\"http:\/\/www.cnpq.br\/\" target=\"_blank\" rel=\"noopener\">CNPq<\/a><\/li>\n<li><a style=\"background: 0px 0px;color: #4782b2\" href=\"http:\/\/www.fapergs.rs.gov.br\/\" target=\"_blank\" rel=\"noopener\">FAPERGS<\/a><\/li>\n<li><a style=\"background: 0px 0px;color: #4782b2\" href=\"http:\/\/www.cultura.gov.br\/\" target=\"_blank\" rel=\"noopener\">Minist\u00e9rio da Cultura<\/a><\/li>\n<li><a style=\"background: 0px 0px;color: #4782b2\" href=\"http:\/\/www.mec.gov.br\/\" target=\"_blank\" rel=\"noopener\">Minist\u00e9rio da Educa\u00e7\u00e3o<\/a><\/li>\n<li><a style=\"background: 0px 0px;color: #4782b2\" href=\"http:\/\/prpgp.ufsm.br\/\">PRPGP<\/a><\/li>\n<li><a style=\"background: 0px 0px;color: #4782b2\" href=\"https:\/\/sucupira.capes.gov.br\/sucupira\/public\/consultas\/coleta\/veiculoPublicacaoQualis\/listaConsultaGeralPeriodicos.jsf\">QUALIS<\/a><\/li>\n<li><a style=\"background: 0px 0px;color: #4782b2\" href=\"http:\/\/w3.ufsm.br\/sai\/\">SAI<\/a><\/li>\n<li><a style=\"background: 0px 0px;color: #4782b2\" href=\"http:\/\/sdi.capes.gov.br\/\">SDI<\/a><\/li>\n<li><a style=\"background: 0px 0px;color: #4782b2\" href=\"http:\/\/www.ufsm.br\/\" target=\"_blank\" rel=\"noopener\">UFSM<\/a><\/li>\n<\/ul>\n","protected":false},"excerpt":{"rendered":"<p>CAPES CNPq FAPERGS Minist\u00e9rio da Cultura Minist\u00e9rio da Educa\u00e7\u00e3o PRPGP QUALIS SAI SDI UFSM<\/p>\n","protected":false},"author":117,"featured_media":0,"parent":0,"menu_order":0,"comment_status":"closed","ping_status":"closed","template":"","meta":{"footnotes":""},"categories":[],"tags":[],"class_list":["post-177","page","type-page","status-publish","hentry"],"acf":[],"_links":{"self":[{"href":"https:\/\/www.ufsm.br\/cursos\/pos-graduacao\/santa-maria\/ppgart\/wp-json\/wp\/v2\/pages\/177","targetHints":{"allow":["GET"]}}],"collection":[{"href":"https:\/\/www.ufsm.br\/cursos\/pos-graduacao\/santa-maria\/ppgart\/wp-json\/wp\/v2\/pages"}],"about":[{"href":"https:\/\/www.ufsm.br\/cursos\/pos-graduacao\/santa-maria\/ppgart\/wp-json\/wp\/v2\/types\/page"}],"author":[{"embeddable":true,"href":"https:\/\/www.ufsm.br\/cursos\/pos-graduacao\/santa-maria\/ppgart\/wp-json\/wp\/v2\/users\/117"}],"replies":[{"embeddable":true,"href":"https:\/\/www.ufsm.br\/cursos\/pos-graduacao\/santa-maria\/ppgart\/wp-json\/wp\/v2\/comments?post=177"}],"version-history":[{"count":0,"href":"https:\/\/www.ufsm.br\/cursos\/pos-graduacao\/santa-maria\/ppgart\/wp-json\/wp\/v2\/pages\/177\/revisions"}],"wp:attachment":[{"href":"https:\/\/www.ufsm.br\/cursos\/pos-graduacao\/santa-maria\/ppgart\/wp-json\/wp\/v2\/media?parent=177"}],"wp:term":[{"taxonomy":"category","embeddable":true,"href":"https:\/\/www.ufsm.br\/cursos\/pos-graduacao\/santa-maria\/ppgart\/wp-json\/wp\/v2\/categories?post=177"},{"taxonomy":"post_tag","embeddable":true,"href":"https:\/\/www.ufsm.br\/cursos\/pos-graduacao\/santa-maria\/ppgart\/wp-json\/wp\/v2\/tags?post=177"}],"curies":[{"name":"wp","href":"https:\/\/api.w.org\/{rel}","templated":true}]}}