{"id":181,"date":"2019-02-14T11:36:03","date_gmt":"2019-02-14T13:36:03","guid":{"rendered":"https:\/\/www.ufsm.br\/cursos\/pos-graduacao\/santa-maria\/ppgart\/?page_id=181"},"modified":"2019-04-23T10:17:26","modified_gmt":"2019-04-23T13:17:26","slug":"resultado-selecoes","status":"publish","type":"page","link":"https:\/\/www.ufsm.br\/cursos\/pos-graduacao\/santa-maria\/ppgart\/resultado-selecoes","title":{"rendered":"Resultado Sele\u00e7\u00f5es"},"content":{"rendered":"\t\t<div data-elementor-type=\"wp-post\" data-elementor-id=\"181\" class=\"elementor elementor-181 elementor-bc-flex-widget\">\n\t\t\t\t\t\t<section class=\"elementor-section elementor-top-section elementor-element elementor-element-0ee6c77 elementor-section-boxed elementor-section-height-default elementor-section-height-default\" data-id=\"0ee6c77\" data-element_type=\"section\">\n\t\t\t\t\t\t<div class=\"elementor-container elementor-column-gap-default\">\n\t\t\t\t\t<div class=\"elementor-column elementor-col-100 elementor-top-column elementor-element elementor-element-ae85c71\" data-id=\"ae85c71\" data-element_type=\"column\">\n\t\t\t<div class=\"elementor-widget-wrap elementor-element-populated\">\n\t\t\t\t\t\t<div class=\"elementor-element elementor-element-1050856 elementor-widget elementor-widget-toggle\" data-id=\"1050856\" data-element_type=\"widget\" data-widget_type=\"toggle.default\">\n\t\t\t\t<div class=\"elementor-widget-container\">\n\t\t\t\t\t<div class=\"elementor-toggle\">\n\t\t\t\t\t\t\t<div class=\"elementor-toggle-item\">\n\t\t\t\t\t<div id=\"elementor-tab-title-1711\" class=\"elementor-tab-title\" data-tab=\"1\" role=\"button\" aria-controls=\"elementor-tab-content-1711\" aria-expanded=\"false\">\n\t\t\t\t\t\t\t\t\t\t\t\t<span class=\"elementor-toggle-icon elementor-toggle-icon-left\" aria-hidden=\"true\">\n\t\t\t\t\t\t\t\t\t\t\t\t\t\t\t<span class=\"elementor-toggle-icon-closed\"><i class=\"fas fa-caret-right\"><\/i><\/span>\n\t\t\t\t\t\t\t\t<span class=\"elementor-toggle-icon-opened\"><i class=\"elementor-toggle-icon-opened fas fa-caret-up\"><\/i><\/span>\n\t\t\t\t\t\t\t\t\t\t\t\t\t<\/span>\n\t\t\t\t\t\t\t\t\t\t\t\t<a class=\"elementor-toggle-title\" tabindex=\"0\">Sele\u00e7\u00e3o 2019<\/a>\n\t\t\t\t\t<\/div>\n\n\t\t\t\t\t<div id=\"elementor-tab-content-1711\" class=\"elementor-tab-content elementor-clearfix\" data-tab=\"1\" role=\"region\" aria-labelledby=\"elementor-tab-title-1711\"><p><strong>PRIMEIRA ETAPA<\/strong><\/p><p><strong>DOUTORADO<\/strong><\/p><p>Resultado Provis\u00f3rio 1\u00aa etapa &#8211;\u00a0<a href=\"https:\/\/www.ufsm.br\/cursos\/pos-graduacao\/santa-maria\/ppgart\/wp-content\/uploads\/sites\/529\/2019\/02\/RESULTADO_PROVISORIO_PRIMEIRA_ETAPA_DOUTORADO.pdf\">acesse aqui<\/a><\/p><p>Resultado Final 1\u00aa etapa &#8211;\u00a0<a href=\"https:\/\/www.ufsm.br\/cursos\/pos-graduacao\/santa-maria\/ppgart\/wp-content\/uploads\/sites\/529\/2019\/02\/RESULTADO_DEFINITIVO_PRIMEIRA_ETAPA-_DOUTORADO.pdf\">acesse aqui<\/a><\/p><p><strong>MESTRADO<\/strong><\/p><p>Resultado Provis\u00f3rio 1\u00aa etapa &#8211;\u00a0<a href=\"https:\/\/www.ufsm.br\/cursos\/pos-graduacao\/santa-maria\/ppgart\/wp-content\/uploads\/sites\/529\/2019\/02\/RESULTADO_PROVISORIO_PRIMEIRA_ETAPA.pdf\">acesse aqui<\/a><\/p><p>Resultado Final 1\u00aa etapa &#8211;\u00a0<a href=\"https:\/\/www.ufsm.br\/cursos\/pos-graduacao\/santa-maria\/ppgart\/wp-content\/uploads\/sites\/529\/2019\/02\/RESULTADO_DEFINITIVO_PRIMEIRA_ETAPA-MESTRADO.pdf\">acesse aqui<\/a><\/p><p><strong>SEGUNDA ETAPA<\/strong><\/p><p><strong>DOUTORADO<\/strong><\/p><p>Resultado provis\u00f3rio 2\u00aa etapa &#8211;\u00a0<a href=\"https:\/\/www.ufsm.br\/cursos\/pos-graduacao\/santa-maria\/ppgart\/wp-content\/uploads\/sites\/529\/2019\/02\/RESULTADO_PROVISORIO_DOUTORADO_SEGUNTA_ETAPA.pdf\">acesse aqui<\/a><\/p><p>Resultado final 2\u00aa etapa &#8211;\u00a0<a href=\"https:\/\/www.ufsm.br\/cursos\/pos-graduacao\/santa-maria\/ppgart\/wp-content\/uploads\/sites\/529\/2019\/02\/RESULTADO_DEFINITIVO_SEGUNTA_ETAPA_-_DOUTORADO.pdf\">acesse aqui<\/a><\/p><p><strong>MESTRADO<\/strong><\/p><p>Resultado provis\u00f3rio 2\u00aa etapa &#8211;\u00a0<a href=\"https:\/\/www.ufsm.br\/cursos\/pos-graduacao\/santa-maria\/ppgart\/wp-content\/uploads\/sites\/529\/2019\/02\/RESULTADO__MESTRADO_PROVISORIO_SEGUNTA_ETAPA.pdf\">acesse\u00a0aqui<\/a><\/p><p>Resultado final 2\u00aa etapa &#8211;\u00a0<a href=\"https:\/\/www.ufsm.br\/cursos\/pos-graduacao\/santa-maria\/ppgart\/wp-content\/uploads\/sites\/529\/2019\/02\/RESULTADO_DEFINITIVO_SEGUNTA_ETAPA_-_MESTRADO.pdf\">acesse aqui<\/a><\/p><p><strong>TERCEIRA ETAPA<\/strong><\/p><p><strong>DOUTORADO<\/strong><\/p><p>Resultado provis\u00f3rio 3\u00aa etapa &#8211;\u00a0<a href=\"https:\/\/www.ufsm.br\/cursos\/pos-graduacao\/santa-maria\/ppgart\/wp-content\/uploads\/sites\/529\/2019\/02\/RESULTADO_PROVISORIO_DOUTORADO_TERCEIRA_ETAPA.pdf\">acesse aqui<\/a><\/p><p>Resultado final 3\u00aa etapa &#8211;\u00a0<a href=\"https:\/\/www.ufsm.br\/cursos\/pos-graduacao\/santa-maria\/ppgart\/wp-content\/uploads\/sites\/529\/2019\/02\/RESULTADO_DEFINITIVO_TERCEIRA_ETAPA.pdf\">acesse aqui<\/a><\/p><p><strong>MESTRADO<\/strong><\/p><p>Resultado provis\u00f3rio 3\u00aa etapa &#8211;\u00a0<a href=\"https:\/\/www.ufsm.br\/cursos\/pos-graduacao\/santa-maria\/ppgart\/wp-content\/uploads\/sites\/529\/2019\/02\/RESULTADO_PROVISORIO_MESTRADO_TERCEIRA_ETAPA.pdf\">acesse aqui<\/a><\/p><p>Resultado final 3\u00aa etapa &#8211;\u00a0<a href=\"https:\/\/www.ufsm.br\/cursos\/pos-graduacao\/santa-maria\/ppgart\/wp-content\/uploads\/sites\/529\/2019\/02\/RESULTADO_FINALTERCEIRA_ETAPA_MESTRADO.pdf\">acesse aqui<\/a><\/p><p><strong>Resultado PRPGP:<\/strong>\u00a0<a href=\"https:\/\/www.ufsm.br\/pro-reitorias\/prpgp\/editais\/027-2018\/\">mestrado\u00a0<\/a>e\u00a0<a href=\"https:\/\/www.ufsm.br\/pro-reitorias\/prpgp\/editais\/031-2018\/\">doutorado\u00a0<\/a><\/p><\/div>\n\t\t\t\t<\/div>\n\t\t\t\t\t\t\t<div class=\"elementor-toggle-item\">\n\t\t\t\t\t<div id=\"elementor-tab-title-1712\" class=\"elementor-tab-title\" data-tab=\"2\" role=\"button\" aria-controls=\"elementor-tab-content-1712\" aria-expanded=\"false\">\n\t\t\t\t\t\t\t\t\t\t\t\t<span class=\"elementor-toggle-icon elementor-toggle-icon-left\" aria-hidden=\"true\">\n\t\t\t\t\t\t\t\t\t\t\t\t\t\t\t<span class=\"elementor-toggle-icon-closed\"><i class=\"fas fa-caret-right\"><\/i><\/span>\n\t\t\t\t\t\t\t\t<span class=\"elementor-toggle-icon-opened\"><i class=\"elementor-toggle-icon-opened fas fa-caret-up\"><\/i><\/span>\n\t\t\t\t\t\t\t\t\t\t\t\t\t<\/span>\n\t\t\t\t\t\t\t\t\t\t\t\t<a class=\"elementor-toggle-title\" tabindex=\"0\">Sele\u00e7\u00e3o 2018<\/a>\n\t\t\t\t\t<\/div>\n\n\t\t\t\t\t<div id=\"elementor-tab-content-1712\" class=\"elementor-tab-content elementor-clearfix\" data-tab=\"2\" role=\"region\" aria-labelledby=\"elementor-tab-title-1712\"><p><strong>PRIMEIRA ETAPA<\/strong><\/p><p>Resultado Provis\u00f3rio 1\u00aa etapa &#8211; \u00a0<a href=\"https:\/\/www.ufsm.br\/cursos\/pos-graduacao\/santa-maria\/ppgart\/wp-content\/uploads\/sites\/529\/2019\/02\/Quadro-Final-de-notas-etapa-1.pdf\">acesse aqui<\/a><\/p><p>Resultado Final 1\u00aa etapa &#8211; \u00a0<a href=\"https:\/\/www.ufsm.br\/cursos\/pos-graduacao\/santa-maria\/ppgart\/wp-content\/uploads\/sites\/529\/2019\/02\/Resultado_final_primeira_etapa_sele\u00e7\u00e3o_Mestrado_PPGART_2018_.pdf\">acesse aqui<\/a><\/p><p><strong>SEGUNDA ETAPA<\/strong><\/p><p>Resultado Provis\u00f3rio 2\u00aa etapa &#8211; \u00a0<a href=\"https:\/\/www.ufsm.br\/cursos\/pos-graduacao\/santa-maria\/ppgart\/wp-content\/uploads\/sites\/529\/2019\/02\/RESULTADO_PROVISORIO_SEGUNTA_ETAPA.pdf\">acesse aqui<\/a><\/p><p>Resultado Final 2\u00aa etapa &#8211; \u00a0<a href=\"https:\/\/www.ufsm.br\/cursos\/pos-graduacao\/santa-maria\/ppgart\/wp-content\/uploads\/sites\/529\/2019\/02\/RESULTADO_FINAL_SEGUNTA_ETAPA.pdf\">acesse aqui<\/a><\/p><p><strong>TERCEIRA ETAPA<\/strong><\/p><p>Resultado Provis\u00f3rio 3\u00aa etapa &#8211;\u00a0<a href=\"https:\/\/www.ufsm.br\/cursos\/pos-graduacao\/santa-maria\/ppgart\/wp-content\/uploads\/sites\/529\/2019\/02\/RESULTADO_PROVISORIO_TERCEIRA_ETAPA.pdf\">\u00a0acesse aqui<\/a><\/p><p>Resultado Final 3\u00aa etapa &#8211; \u00a0<a href=\"https:\/\/www.ufsm.br\/cursos\/pos-graduacao\/santa-maria\/ppgart\/wp-content\/uploads\/sites\/529\/2019\/02\/RESULTADO_FINAL_TERCEIRA_ETAPA.pdf\">acesse aqui<\/a><\/p><\/div>\n\t\t\t\t<\/div>\n\t\t\t\t\t\t\t<div class=\"elementor-toggle-item\">\n\t\t\t\t\t<div id=\"elementor-tab-title-1713\" class=\"elementor-tab-title\" data-tab=\"3\" role=\"button\" aria-controls=\"elementor-tab-content-1713\" aria-expanded=\"false\">\n\t\t\t\t\t\t\t\t\t\t\t\t<span class=\"elementor-toggle-icon elementor-toggle-icon-left\" aria-hidden=\"true\">\n\t\t\t\t\t\t\t\t\t\t\t\t\t\t\t<span class=\"elementor-toggle-icon-closed\"><i class=\"fas fa-caret-right\"><\/i><\/span>\n\t\t\t\t\t\t\t\t<span class=\"elementor-toggle-icon-opened\"><i class=\"elementor-toggle-icon-opened fas fa-caret-up\"><\/i><\/span>\n\t\t\t\t\t\t\t\t\t\t\t\t\t<\/span>\n\t\t\t\t\t\t\t\t\t\t\t\t<a class=\"elementor-toggle-title\" tabindex=\"0\">Sele\u00e7\u00e3o 2017<\/a>\n\t\t\t\t\t<\/div>\n\n\t\t\t\t\t<div id=\"elementor-tab-content-1713\" class=\"elementor-tab-content elementor-clearfix\" data-tab=\"3\" role=\"region\" aria-labelledby=\"elementor-tab-title-1713\"><p>Camila Matzenauer Dos Santos<\/p><p>Renato Kuhn<\/p><p>Aracy Maura Vieira Colvero<\/p><p>Cristiane Ziegler Leal<\/p><p>Cassio Fernandes Lemos<\/p><p>William Da Silva<\/p><p>Cristina Dalla Costa<\/p><p>Rafael Cardoso Jacinto<\/p><p>Rittieli D\u2019avila Quaiatto<\/p><p>Alessandra Da Silva<\/p><p>Indira Zuhaira Richter Pohl<\/p><p>Vanessa Obem Dos Santos<\/p><\/div>\n\t\t\t\t<\/div>\n\t\t\t\t\t\t\t<div class=\"elementor-toggle-item\">\n\t\t\t\t\t<div id=\"elementor-tab-title-1714\" class=\"elementor-tab-title\" data-tab=\"4\" role=\"button\" aria-controls=\"elementor-tab-content-1714\" aria-expanded=\"false\">\n\t\t\t\t\t\t\t\t\t\t\t\t<span class=\"elementor-toggle-icon elementor-toggle-icon-left\" aria-hidden=\"true\">\n\t\t\t\t\t\t\t\t\t\t\t\t\t\t\t<span class=\"elementor-toggle-icon-closed\"><i class=\"fas fa-caret-right\"><\/i><\/span>\n\t\t\t\t\t\t\t\t<span class=\"elementor-toggle-icon-opened\"><i class=\"elementor-toggle-icon-opened fas fa-caret-up\"><\/i><\/span>\n\t\t\t\t\t\t\t\t\t\t\t\t\t<\/span>\n\t\t\t\t\t\t\t\t\t\t\t\t<a class=\"elementor-toggle-title\" tabindex=\"0\">Sele\u00e7\u00e3o 2016<\/a>\n\t\t\t\t\t<\/div>\n\n\t\t\t\t\t<div id=\"elementor-tab-content-1714\" class=\"elementor-tab-content elementor-clearfix\" data-tab=\"4\" role=\"region\" aria-labelledby=\"elementor-tab-title-1714\"><p>Raul Dotto Rosa<\/p><p>Wagner de Souza Antonio<\/p><p>Mateus Scota<\/p><p>Jacks Ricardo Selistre<\/p><p>Kalinka Lorenci Malmann<\/p><p>Walesca Timmen Santos<\/p><p>Camila Zappe Pereira<\/p><p>Gilvani Jos\u00e9 Bortoluzzi\u00a0<\/p><p>Marcos Paulo Pinheiro Souto<\/p><p>B\u00e1rbara Maciel Pereira\u00a0<\/p><\/div>\n\t\t\t\t<\/div>\n\t\t\t\t\t\t\t<div class=\"elementor-toggle-item\">\n\t\t\t\t\t<div id=\"elementor-tab-title-1715\" class=\"elementor-tab-title\" data-tab=\"5\" role=\"button\" aria-controls=\"elementor-tab-content-1715\" aria-expanded=\"false\">\n\t\t\t\t\t\t\t\t\t\t\t\t<span class=\"elementor-toggle-icon elementor-toggle-icon-left\" aria-hidden=\"true\">\n\t\t\t\t\t\t\t\t\t\t\t\t\t\t\t<span class=\"elementor-toggle-icon-closed\"><i class=\"fas fa-caret-right\"><\/i><\/span>\n\t\t\t\t\t\t\t\t<span class=\"elementor-toggle-icon-opened\"><i class=\"elementor-toggle-icon-opened fas fa-caret-up\"><\/i><\/span>\n\t\t\t\t\t\t\t\t\t\t\t\t\t<\/span>\n\t\t\t\t\t\t\t\t\t\t\t\t<a class=\"elementor-toggle-title\" tabindex=\"0\">Sele\u00e7\u00e3o 2015<\/a>\n\t\t\t\t\t<\/div>\n\n\t\t\t\t\t<div id=\"elementor-tab-content-1715\" class=\"elementor-tab-content elementor-clearfix\" data-tab=\"5\" role=\"region\" aria-labelledby=\"elementor-tab-title-1715\"><p>Muriel Paraboni\u00a0<\/p><p>Ana Paula Parise Malavolta\u00a0<\/p><p>Ceila Teresinha Bitencourt de Bittencourt\u00a0<\/p><p>Raphael Carneiro Vargas\u00a0<\/p><p>Carolina Prediger Koester\u00a0<\/p><p>Cintia Medianeira Bitencourt de Lima\u00a0<\/p><p>Vanderl\u00e9ia Rodrigues Abadie\u00a0<\/p><p>Tatiana Palma Guerche\u00a0<\/p><p>Dayvison Zambiazzi\u00a0<\/p><p>Paulo Vitor Silveira dos Santos\u00a0<\/p><\/div>\n\t\t\t\t<\/div>\n\t\t\t\t\t\t\t<div class=\"elementor-toggle-item\">\n\t\t\t\t\t<div id=\"elementor-tab-title-1716\" class=\"elementor-tab-title\" data-tab=\"6\" role=\"button\" aria-controls=\"elementor-tab-content-1716\" aria-expanded=\"false\">\n\t\t\t\t\t\t\t\t\t\t\t\t<span class=\"elementor-toggle-icon elementor-toggle-icon-left\" aria-hidden=\"true\">\n\t\t\t\t\t\t\t\t\t\t\t\t\t\t\t<span class=\"elementor-toggle-icon-closed\"><i class=\"fas fa-caret-right\"><\/i><\/span>\n\t\t\t\t\t\t\t\t<span class=\"elementor-toggle-icon-opened\"><i class=\"elementor-toggle-icon-opened fas fa-caret-up\"><\/i><\/span>\n\t\t\t\t\t\t\t\t\t\t\t\t\t<\/span>\n\t\t\t\t\t\t\t\t\t\t\t\t<a class=\"elementor-toggle-title\" tabindex=\"0\">Sele\u00e7\u00e3o 2014<\/a>\n\t\t\t\t\t<\/div>\n\n\t\t\t\t\t<div id=\"elementor-tab-content-1716\" class=\"elementor-tab-content elementor-clearfix\" data-tab=\"6\" role=\"region\" aria-labelledby=\"elementor-tab-title-1716\"><p>Giovanna Graziosi Casimiro\u00a0<\/p><p>Catiuscia Bordin Dotto\u00a0<\/p><p>Marina Atinn\u00e1 Jozala Barros\u00a0<\/p><p>Mariana Binato de Souza\u00a0<\/p><p>Andrea Aparecida Capssa de Lima da Silveira\u00a0<\/p><p>Caroline Turchiello da Silva\u00a0<\/p><p>Val\u00e9ria Boelter\u00a0<\/p><p>Aline Arend\u00a0<\/p><p>Tiago Gon\u00e7alves Teles\u00a0<\/p><p>Andr\u00e9 Marcos da Silva Silva\u00a0<\/p><p>Matheus Moreno dos Santos Camargo\u00a0<\/p><p>Bruna Berger<\/p><\/div>\n\t\t\t\t<\/div>\n\t\t\t\t\t\t\t<div class=\"elementor-toggle-item\">\n\t\t\t\t\t<div id=\"elementor-tab-title-1717\" class=\"elementor-tab-title\" data-tab=\"7\" role=\"button\" aria-controls=\"elementor-tab-content-1717\" aria-expanded=\"false\">\n\t\t\t\t\t\t\t\t\t\t\t\t<span class=\"elementor-toggle-icon elementor-toggle-icon-left\" aria-hidden=\"true\">\n\t\t\t\t\t\t\t\t\t\t\t\t\t\t\t<span class=\"elementor-toggle-icon-closed\"><i class=\"fas fa-caret-right\"><\/i><\/span>\n\t\t\t\t\t\t\t\t<span class=\"elementor-toggle-icon-opened\"><i class=\"elementor-toggle-icon-opened fas fa-caret-up\"><\/i><\/span>\n\t\t\t\t\t\t\t\t\t\t\t\t\t<\/span>\n\t\t\t\t\t\t\t\t\t\t\t\t<a class=\"elementor-toggle-title\" tabindex=\"0\">Sele\u00e7\u00e3o 2013<\/a>\n\t\t\t\t\t<\/div>\n\n\t\t\t\t\t<div id=\"elementor-tab-content-1717\" class=\"elementor-tab-content elementor-clearfix\" data-tab=\"7\" role=\"region\" aria-labelledby=\"elementor-tab-title-1717\"><div class=\"item-page\"><div><p>Luise Dolinski Aranha<\/p><p>Sandro Bottene\u00a0<\/p><p>Alinne Zucolotto de Oliveira\u00a0<\/p><p>Marcos Vin\u00edcius Caye Lara\u00a0<\/p><p>Maria das Gracas Garcia Poll\u00a0<\/p><p>Roberto Chagas\u00a0<\/p><p>Luana de Oliveira Andrade\u00a0<\/p><p>Marcos Chichelero\u00a0<\/p><p>Gicelda de Lucca Flores\u00a0<\/p><p>Jorge Alberto Fontoura Gularte\u00a0<\/p><p>Rafael Happke<\/p><\/div><\/div><\/div>\n\t\t\t\t<\/div>\n\t\t\t\t\t\t\t<div class=\"elementor-toggle-item\">\n\t\t\t\t\t<div id=\"elementor-tab-title-1718\" class=\"elementor-tab-title\" data-tab=\"8\" role=\"button\" aria-controls=\"elementor-tab-content-1718\" aria-expanded=\"false\">\n\t\t\t\t\t\t\t\t\t\t\t\t<span class=\"elementor-toggle-icon elementor-toggle-icon-left\" aria-hidden=\"true\">\n\t\t\t\t\t\t\t\t\t\t\t\t\t\t\t<span class=\"elementor-toggle-icon-closed\"><i class=\"fas fa-caret-right\"><\/i><\/span>\n\t\t\t\t\t\t\t\t<span class=\"elementor-toggle-icon-opened\"><i class=\"elementor-toggle-icon-opened fas fa-caret-up\"><\/i><\/span>\n\t\t\t\t\t\t\t\t\t\t\t\t\t<\/span>\n\t\t\t\t\t\t\t\t\t\t\t\t<a class=\"elementor-toggle-title\" tabindex=\"0\">Sele\u00e7\u00e3o 2012<\/a>\n\t\t\t\t\t<\/div>\n\n\t\t\t\t\t<div id=\"elementor-tab-content-1718\" class=\"elementor-tab-content elementor-clearfix\" data-tab=\"8\" role=\"region\" aria-labelledby=\"elementor-tab-title-1718\"><p>Cleandro Stev\u00e3o Tombini<\/p><p>Carlos Alberto Donaduzzi<\/p><p>Maristela Moraes Santos Eisenberg<\/p><p>Byron Segundo Castro Cerda<\/p><p>Simone Melo da Rosa<\/p><p>Elias Edmundo Maroso<\/p><p>Alessandra Camargo Londero<\/p><p>Mariete Taschetto Uberti<\/p><\/div>\n\t\t\t\t<\/div>\n\t\t\t\t\t\t\t<div class=\"elementor-toggle-item\">\n\t\t\t\t\t<div id=\"elementor-tab-title-1719\" class=\"elementor-tab-title\" data-tab=\"9\" role=\"button\" aria-controls=\"elementor-tab-content-1719\" aria-expanded=\"false\">\n\t\t\t\t\t\t\t\t\t\t\t\t<span class=\"elementor-toggle-icon elementor-toggle-icon-left\" aria-hidden=\"true\">\n\t\t\t\t\t\t\t\t\t\t\t\t\t\t\t<span class=\"elementor-toggle-icon-closed\"><i class=\"fas fa-caret-right\"><\/i><\/span>\n\t\t\t\t\t\t\t\t<span class=\"elementor-toggle-icon-opened\"><i class=\"elementor-toggle-icon-opened fas fa-caret-up\"><\/i><\/span>\n\t\t\t\t\t\t\t\t\t\t\t\t\t<\/span>\n\t\t\t\t\t\t\t\t\t\t\t\t<a class=\"elementor-toggle-title\" tabindex=\"0\">Sele\u00e7\u00e3o 2011<\/a>\n\t\t\t\t\t<\/div>\n\n\t\t\t\t\t<div id=\"elementor-tab-content-1719\" class=\"elementor-tab-content elementor-clearfix\" data-tab=\"9\" role=\"region\" aria-labelledby=\"elementor-tab-title-1719\"><p>Francisco Eduardo Coser Dalcol\u00a0<\/p><p>Anelise Vieira dos Santos Witt\u00a0<\/p><p>Tamiris Vaz<\/p><p>Manoela Freitas Vares\u00a0<\/p><p>Tatiana Barrios Vinad\u00e9\u00a0<\/p><p>F\u00e1bio Purper Machado\u00a0<\/p><p>Carolina Reichert do Nascimento\u00a0<\/p><p>Daniele Quiroga Neves\u00a0<\/p><p>Ricardo de Pellegrin\u00a0<\/p><p>Luciana Abitante Swarowsky\u00a0<\/p><p>Mirieli Costa\u00a0<\/p><p>Bruno Silva Teixeira<\/p><\/div>\n\t\t\t\t<\/div>\n\t\t\t\t\t\t\t<div class=\"elementor-toggle-item\">\n\t\t\t\t\t<div id=\"elementor-tab-title-17110\" class=\"elementor-tab-title\" data-tab=\"10\" role=\"button\" aria-controls=\"elementor-tab-content-17110\" aria-expanded=\"false\">\n\t\t\t\t\t\t\t\t\t\t\t\t<span class=\"elementor-toggle-icon elementor-toggle-icon-left\" aria-hidden=\"true\">\n\t\t\t\t\t\t\t\t\t\t\t\t\t\t\t<span class=\"elementor-toggle-icon-closed\"><i class=\"fas fa-caret-right\"><\/i><\/span>\n\t\t\t\t\t\t\t\t<span class=\"elementor-toggle-icon-opened\"><i class=\"elementor-toggle-icon-opened fas fa-caret-up\"><\/i><\/span>\n\t\t\t\t\t\t\t\t\t\t\t\t\t<\/span>\n\t\t\t\t\t\t\t\t\t\t\t\t<a class=\"elementor-toggle-title\" tabindex=\"0\">Sele\u00e7\u00e3o 2010<\/a>\n\t\t\t\t\t<\/div>\n\n\t\t\t\t\t<div id=\"elementor-tab-content-17110\" class=\"elementor-tab-content elementor-clearfix\" data-tab=\"10\" role=\"region\" aria-labelledby=\"elementor-tab-title-17110\"><p>Paula Cristina Luersen\u00a0<\/p><p>Luciana Estivalet Pinto<\/p><p>Henrique Telles Neto\u00a0<\/p><p>D\u00e9bora Aita Gasparetto\u00a0<\/p><p>Tanise Pozzobon\u00a0<\/p><p>Ana Paula Gomes Witeck\u00a0<\/p><p>Luana de Siqueira Brasil\u00a0<\/p><p>Alo\u00edsio Moreira Licht\u00a0<\/p><p>Marianna Elisabeth Stummp\u00a0<\/p><p>Juliana Barrios Vinad\u00e9\u00a0<\/p><\/div>\n\t\t\t\t<\/div>\n\t\t\t\t\t\t\t<div class=\"elementor-toggle-item\">\n\t\t\t\t\t<div id=\"elementor-tab-title-17111\" class=\"elementor-tab-title\" data-tab=\"11\" role=\"button\" aria-controls=\"elementor-tab-content-17111\" aria-expanded=\"false\">\n\t\t\t\t\t\t\t\t\t\t\t\t<span class=\"elementor-toggle-icon elementor-toggle-icon-left\" aria-hidden=\"true\">\n\t\t\t\t\t\t\t\t\t\t\t\t\t\t\t<span class=\"elementor-toggle-icon-closed\"><i class=\"fas fa-caret-right\"><\/i><\/span>\n\t\t\t\t\t\t\t\t<span class=\"elementor-toggle-icon-opened\"><i class=\"elementor-toggle-icon-opened fas fa-caret-up\"><\/i><\/span>\n\t\t\t\t\t\t\t\t\t\t\t\t\t<\/span>\n\t\t\t\t\t\t\t\t\t\t\t\t<a class=\"elementor-toggle-title\" tabindex=\"0\">Sele\u00e7\u00e3o 2009<\/a>\n\t\t\t\t\t<\/div>\n\n\t\t\t\t\t<div id=\"elementor-tab-content-17111\" class=\"elementor-tab-content elementor-clearfix\" data-tab=\"11\" role=\"region\" aria-labelledby=\"elementor-tab-title-17111\"><p>Greice Antolini Silveira\u00a0<\/p><p>Ana M\u00e9ri Zavadil Machado\u00a0<\/p><p>Kelly Wendt\u00a0<\/p><p>Odete Angelina Calderan\u00a0<\/p><p>Fernando Franco Codevilla<\/p><p>Jeferson Rodrigues de Lima<\/p><p>Rejane de F\u00e1tima Devicari Berger<\/p><\/div>\n\t\t\t\t<\/div>\n\t\t\t\t\t\t\t<div class=\"elementor-toggle-item\">\n\t\t\t\t\t<div id=\"elementor-tab-title-17112\" class=\"elementor-tab-title\" data-tab=\"12\" role=\"button\" aria-controls=\"elementor-tab-content-17112\" aria-expanded=\"false\">\n\t\t\t\t\t\t\t\t\t\t\t\t<span class=\"elementor-toggle-icon elementor-toggle-icon-left\" aria-hidden=\"true\">\n\t\t\t\t\t\t\t\t\t\t\t\t\t\t\t<span class=\"elementor-toggle-icon-closed\"><i class=\"fas fa-caret-right\"><\/i><\/span>\n\t\t\t\t\t\t\t\t<span class=\"elementor-toggle-icon-opened\"><i class=\"elementor-toggle-icon-opened fas fa-caret-up\"><\/i><\/span>\n\t\t\t\t\t\t\t\t\t\t\t\t\t<\/span>\n\t\t\t\t\t\t\t\t\t\t\t\t<a class=\"elementor-toggle-title\" tabindex=\"0\">Sele\u00e7\u00e3o 2008<\/a>\n\t\t\t\t\t<\/div>\n\n\t\t\t\t\t<div id=\"elementor-tab-content-17112\" class=\"elementor-tab-content elementor-clearfix\" data-tab=\"12\" role=\"region\" aria-labelledby=\"elementor-tab-title-17112\"><p>Karine Gomes Perez\u00a0<\/p><p>Cristian Poletti Mossi\u00a0<\/p><p>Carla Borin Vieira<\/p><p>Cl\u00e1udia Schulz\u00a0<\/p><p>Milene Tonellotto de Lima<\/p><p>Rog\u00e9rio Tubias Schraiber\u00a0<\/p><p>Michele Martins Nunes\u00a0<\/p><p>Renata Favarin Santini\u00a0<\/p><p>Luciana Azambuja Alc\u00e2ntara<\/p><p>Cl\u00e1udia Loch<\/p><p>Fabiane Sartoretto Pavin\u00a0<\/p><p>Luciano do Monte Ribas<\/p><\/div>\n\t\t\t\t<\/div>\n\t\t\t\t\t\t\t<div class=\"elementor-toggle-item\">\n\t\t\t\t\t<div id=\"elementor-tab-title-17113\" class=\"elementor-tab-title\" data-tab=\"13\" role=\"button\" aria-controls=\"elementor-tab-content-17113\" aria-expanded=\"false\">\n\t\t\t\t\t\t\t\t\t\t\t\t<span class=\"elementor-toggle-icon elementor-toggle-icon-left\" aria-hidden=\"true\">\n\t\t\t\t\t\t\t\t\t\t\t\t\t\t\t<span class=\"elementor-toggle-icon-closed\"><i class=\"fas fa-caret-right\"><\/i><\/span>\n\t\t\t\t\t\t\t\t<span class=\"elementor-toggle-icon-opened\"><i class=\"elementor-toggle-icon-opened fas fa-caret-up\"><\/i><\/span>\n\t\t\t\t\t\t\t\t\t\t\t\t\t<\/span>\n\t\t\t\t\t\t\t\t\t\t\t\t<a class=\"elementor-toggle-title\" tabindex=\"0\">Sele\u00e7\u00e3o 2007<\/a>\n\t\t\t\t\t<\/div>\n\n\t\t\t\t\t<div id=\"elementor-tab-content-17113\" class=\"elementor-tab-content elementor-clearfix\" data-tab=\"13\" role=\"region\" aria-labelledby=\"elementor-tab-title-17113\"><p>Franciele Filipini dos Santos<\/p><p>Salete Mafalda Oliveira Marchi<\/p><p>Denis Siminovich\u00a0<\/p><p>Luciano Silva dos Santos\u00a0<\/p><p>Jana\u00edna Delgado Falc\u00e3o da Rocha\u00a0<\/p><p>Nara Amelia Melo da Silva\u00a0<\/p><p>Laudete Vani Balestreri\u00a0<\/p><p>Juz\u00e9lia de Moraes Silveira\u00a0<\/p><\/div>\n\t\t\t\t<\/div>\n\t\t\t\t\t\t\t\t<\/div>\n\t\t\t\t<\/div>\n\t\t\t\t<\/div>\n\t\t\t\t\t<\/div>\n\t\t<\/div>\n\t\t\t\t\t<\/div>\n\t\t<\/section>\n\t\t\t\t<section class=\"elementor-section elementor-top-section elementor-element elementor-element-47c6a1a elementor-section-boxed elementor-section-height-default elementor-section-height-default\" data-id=\"47c6a1a\" data-element_type=\"section\">\n\t\t\t\t\t\t<div class=\"elementor-container elementor-column-gap-default\">\n\t\t\t\t\t<div class=\"elementor-column elementor-col-100 elementor-top-column elementor-element elementor-element-9b10efa\" data-id=\"9b10efa\" data-element_type=\"column\">\n\t\t\t<div class=\"elementor-widget-wrap\">\n\t\t\t\t\t\t\t<\/div>\n\t\t<\/div>\n\t\t\t\t\t<\/div>\n\t\t<\/section>\n\t\t\t\t<\/div>\n\t\t","protected":false},"excerpt":{"rendered":"<p>Sele\u00e7\u00e3o 2019 PRIMEIRA ETAPA DOUTORADO Resultado Provis\u00f3rio 1\u00aa etapa \u2013&nbsp;acesse aqui Resultado Final 1\u00aa etapa \u2013&nbsp;acesse aqui MESTRADO Resultado Provis\u00f3rio 1\u00aa etapa \u2013&nbsp;acesse aqui Resultado Final 1\u00aa etapa \u2013&nbsp;acesse aqui SEGUNDA ETAPA DOUTORADO Resultado provis\u00f3rio 2\u00aa etapa \u2013&nbsp;acesse aqui Resultado final 2\u00aa etapa \u2013&nbsp;acesse aqui MESTRADO Resultado provis\u00f3rio 2\u00aa etapa \u2013&nbsp;acesse&nbsp;aqui Resultado final 2\u00aa etapa [&hellip;]<\/p>\n","protected":false},"author":117,"featured_media":0,"parent":0,"menu_order":0,"comment_status":"closed","ping_status":"closed","template":"","meta":{"footnotes":""},"categories":[],"tags":[],"class_list":["post-181","page","type-page","status-publish","hentry"],"acf":[],"_links":{"self":[{"href":"https:\/\/www.ufsm.br\/cursos\/pos-graduacao\/santa-maria\/ppgart\/wp-json\/wp\/v2\/pages\/181","targetHints":{"allow":["GET"]}}],"collection":[{"href":"https:\/\/www.ufsm.br\/cursos\/pos-graduacao\/santa-maria\/ppgart\/wp-json\/wp\/v2\/pages"}],"about":[{"href":"https:\/\/www.ufsm.br\/cursos\/pos-graduacao\/santa-maria\/ppgart\/wp-json\/wp\/v2\/types\/page"}],"author":[{"embeddable":true,"href":"https:\/\/www.ufsm.br\/cursos\/pos-graduacao\/santa-maria\/ppgart\/wp-json\/wp\/v2\/users\/117"}],"replies":[{"embeddable":true,"href":"https:\/\/www.ufsm.br\/cursos\/pos-graduacao\/santa-maria\/ppgart\/wp-json\/wp\/v2\/comments?post=181"}],"version-history":[{"count":0,"href":"https:\/\/www.ufsm.br\/cursos\/pos-graduacao\/santa-maria\/ppgart\/wp-json\/wp\/v2\/pages\/181\/revisions"}],"wp:attachment":[{"href":"https:\/\/www.ufsm.br\/cursos\/pos-graduacao\/santa-maria\/ppgart\/wp-json\/wp\/v2\/media?parent=181"}],"wp:term":[{"taxonomy":"category","embeddable":true,"href":"https:\/\/www.ufsm.br\/cursos\/pos-graduacao\/santa-maria\/ppgart\/wp-json\/wp\/v2\/categories?post=181"},{"taxonomy":"post_tag","embeddable":true,"href":"https:\/\/www.ufsm.br\/cursos\/pos-graduacao\/santa-maria\/ppgart\/wp-json\/wp\/v2\/tags?post=181"}],"curies":[{"name":"wp","href":"https:\/\/api.w.org\/{rel}","templated":true}]}}