{"id":235,"date":"2019-02-22T12:36:49","date_gmt":"2019-02-22T15:36:49","guid":{"rendered":"https:\/\/www.ufsm.br\/cursos\/pos-graduacao\/santa-maria\/ppgart\/?page_id=235"},"modified":"2019-02-22T12:36:52","modified_gmt":"2019-02-22T15:36:52","slug":"laboratorio-de-arte-e-subjetividades-lasub","status":"publish","type":"page","link":"https:\/\/www.ufsm.br\/cursos\/pos-graduacao\/santa-maria\/ppgart\/laboratorio-de-arte-e-subjetividades-lasub","title":{"rendered":"Laborat\u00f3rio de Arte e Subjetividades (LASUB)"},"content":{"rendered":"\n<p>O Laborat\u00f3rio de Arte e Subjetividades pesquisa os processos de subjetiva\u00e7\u00e3o que acontecem durante o percurso art\u00edstico, problematizando a(s) identidade(s) do(+) sujeito artista. Pesquisa a partir do paradigma da arte contempor\u00e2nea, e interage com os estudos de g\u00eanero, feministas, trans e queer. Atualmente, est\u00e1 integrado por pesquisador(+)s da Gradua\u00e7\u00e3o e P\u00f3s-Gradua\u00e7\u00e3o em Artes Visuais, da Universidade Federal de Santa Maria. Mas tamb\u00e9m, pertencem artistas e estudantes da Universidade Federal do Rio Grande do Sul , da Universidade Federal de Santa Catarina e da Universidade do Estado de Santa Catarina, entre outras.<br \/>O LASUB possui sua sede no Departamento de Artes Visuais, do Centro de Artes e Letras , da Universidade Federal de Santa Maria, e teve inicio em 27 de maio de 2015.<\/p>\n<p>Para maiores informa\u00e7oes acesse o\u00a0<a href=\"http:\/\/coral.ufsm.br\/lasub\/\">link<\/a><\/p>\n","protected":false},"excerpt":{"rendered":"<p>O Laborat\u00f3rio de Arte e Subjetividades pesquisa os processos de subjetiva\u00e7\u00e3o que acontecem durante o percurso art\u00edstico, problematizando a(s) identidade(s) do(+) sujeito artista. Pesquisa a partir do paradigma da arte contempor\u00e2nea, e interage com os estudos de g\u00eanero, feministas, trans e queer. Atualmente, est\u00e1 integrado por pesquisador(+)s da Gradua\u00e7\u00e3o e P\u00f3s-Gradua\u00e7\u00e3o em Artes Visuais, da [&hellip;]<\/p>\n","protected":false},"author":118,"featured_media":0,"parent":0,"menu_order":0,"comment_status":"closed","ping_status":"closed","template":"","meta":{"footnotes":""},"categories":[],"tags":[],"class_list":["post-235","page","type-page","status-publish","hentry"],"acf":[],"_links":{"self":[{"href":"https:\/\/www.ufsm.br\/cursos\/pos-graduacao\/santa-maria\/ppgart\/wp-json\/wp\/v2\/pages\/235","targetHints":{"allow":["GET"]}}],"collection":[{"href":"https:\/\/www.ufsm.br\/cursos\/pos-graduacao\/santa-maria\/ppgart\/wp-json\/wp\/v2\/pages"}],"about":[{"href":"https:\/\/www.ufsm.br\/cursos\/pos-graduacao\/santa-maria\/ppgart\/wp-json\/wp\/v2\/types\/page"}],"author":[{"embeddable":true,"href":"https:\/\/www.ufsm.br\/cursos\/pos-graduacao\/santa-maria\/ppgart\/wp-json\/wp\/v2\/users\/118"}],"replies":[{"embeddable":true,"href":"https:\/\/www.ufsm.br\/cursos\/pos-graduacao\/santa-maria\/ppgart\/wp-json\/wp\/v2\/comments?post=235"}],"version-history":[{"count":0,"href":"https:\/\/www.ufsm.br\/cursos\/pos-graduacao\/santa-maria\/ppgart\/wp-json\/wp\/v2\/pages\/235\/revisions"}],"wp:attachment":[{"href":"https:\/\/www.ufsm.br\/cursos\/pos-graduacao\/santa-maria\/ppgart\/wp-json\/wp\/v2\/media?parent=235"}],"wp:term":[{"taxonomy":"category","embeddable":true,"href":"https:\/\/www.ufsm.br\/cursos\/pos-graduacao\/santa-maria\/ppgart\/wp-json\/wp\/v2\/categories?post=235"},{"taxonomy":"post_tag","embeddable":true,"href":"https:\/\/www.ufsm.br\/cursos\/pos-graduacao\/santa-maria\/ppgart\/wp-json\/wp\/v2\/tags?post=235"}],"curies":[{"name":"wp","href":"https:\/\/api.w.org\/{rel}","templated":true}]}}