{"id":764,"date":"2019-09-17T10:42:31","date_gmt":"2019-09-17T13:42:31","guid":{"rendered":"https:\/\/www.ufsm.br\/cursos\/pos-graduacao\/santa-maria\/ppgart\/?page_id=764"},"modified":"2019-10-02T08:27:07","modified_gmt":"2019-10-02T11:27:07","slug":"laboratorio-de-arte-impressa-lai","status":"publish","type":"page","link":"https:\/\/www.ufsm.br\/cursos\/pos-graduacao\/santa-maria\/ppgart\/laboratorio-de-arte-impressa-lai","title":{"rendered":"Laborat\u00f3rio de Arte Impressa (LAI)"},"content":{"rendered":"\n<p>O Laborat\u00f3rio Arte Impressa objetiva a pesquisa po\u00e9tica da imagem impressa, seus desdobramentos em meios, procedimentos e conceitos.<\/p>\n<p>A \u00eanfase est\u00e1 em investiga\u00e7\u00f5es operadas (ou que mantenham resqu\u00edcios) de processos de impress\u00e3o da imagem tradicionais, mec\u00e2nicos e foto mec\u00e2nicos. Essa caracter\u00edstica \u201clow-tech\u201d \u00e9 entendida como procedimento e proposi\u00e7\u00e3o, como potencializadora de modos de fazer arte que instiguem a consci\u00eancia art\u00edstica na produ\u00e7\u00e3o contempor\u00e2nea.<\/p>\n<p>O Laborat\u00f3rio Arte Impressa est\u00e1 constitu\u00eddo por pesquisadores da Gradua\u00e7\u00e3o e P\u00f3s-Gradua\u00e7\u00e3o em Artes Visuais e Arquivologia da Universidade Federal de Santa Maria.<\/p>\n<p>O LAI est\u00e1 situado na sala 1240 B do Departamento de Artes Visuais, no Centro de Artes e Letras da Universidade Federal de Santa Maria, desde outubro de 2012.<\/p>\n","protected":false},"excerpt":{"rendered":"<p>O Laborat\u00f3rio Arte Impressa objetiva a pesquisa po\u00e9tica da imagem impressa, seus desdobramentos em meios, procedimentos e conceitos. A \u00eanfase est\u00e1 em investiga\u00e7\u00f5es operadas (ou que mantenham resqu\u00edcios) de processos de impress\u00e3o da imagem tradicionais, mec\u00e2nicos e foto mec\u00e2nicos. Essa caracter\u00edstica \u201clow-tech\u201d \u00e9 entendida como procedimento e proposi\u00e7\u00e3o, como potencializadora de modos de fazer arte [&hellip;]<\/p>\n","protected":false},"author":820,"featured_media":0,"parent":0,"menu_order":0,"comment_status":"closed","ping_status":"closed","template":"","meta":{"footnotes":""},"categories":[],"tags":[],"class_list":["post-764","page","type-page","status-publish","hentry"],"acf":[],"_links":{"self":[{"href":"https:\/\/www.ufsm.br\/cursos\/pos-graduacao\/santa-maria\/ppgart\/wp-json\/wp\/v2\/pages\/764","targetHints":{"allow":["GET"]}}],"collection":[{"href":"https:\/\/www.ufsm.br\/cursos\/pos-graduacao\/santa-maria\/ppgart\/wp-json\/wp\/v2\/pages"}],"about":[{"href":"https:\/\/www.ufsm.br\/cursos\/pos-graduacao\/santa-maria\/ppgart\/wp-json\/wp\/v2\/types\/page"}],"author":[{"embeddable":true,"href":"https:\/\/www.ufsm.br\/cursos\/pos-graduacao\/santa-maria\/ppgart\/wp-json\/wp\/v2\/users\/820"}],"replies":[{"embeddable":true,"href":"https:\/\/www.ufsm.br\/cursos\/pos-graduacao\/santa-maria\/ppgart\/wp-json\/wp\/v2\/comments?post=764"}],"version-history":[{"count":0,"href":"https:\/\/www.ufsm.br\/cursos\/pos-graduacao\/santa-maria\/ppgart\/wp-json\/wp\/v2\/pages\/764\/revisions"}],"wp:attachment":[{"href":"https:\/\/www.ufsm.br\/cursos\/pos-graduacao\/santa-maria\/ppgart\/wp-json\/wp\/v2\/media?parent=764"}],"wp:term":[{"taxonomy":"category","embeddable":true,"href":"https:\/\/www.ufsm.br\/cursos\/pos-graduacao\/santa-maria\/ppgart\/wp-json\/wp\/v2\/categories?post=764"},{"taxonomy":"post_tag","embeddable":true,"href":"https:\/\/www.ufsm.br\/cursos\/pos-graduacao\/santa-maria\/ppgart\/wp-json\/wp\/v2\/tags?post=764"}],"curies":[{"name":"wp","href":"https:\/\/api.w.org\/{rel}","templated":true}]}}