{"id":848,"date":"2019-10-24T15:39:29","date_gmt":"2019-10-24T18:39:29","guid":{"rendered":"https:\/\/www.ufsm.br\/cursos\/pos-graduacao\/santa-maria\/ppgart\/?page_id=848"},"modified":"2025-09-12T14:18:12","modified_gmt":"2025-09-12T17:18:12","slug":"projetos-de-pesquisa-arte-e-tecnologia","status":"publish","type":"page","link":"https:\/\/www.ufsm.br\/cursos\/pos-graduacao\/santa-maria\/ppgart\/projetos-de-pesquisa-arte-e-tecnologia","title":{"rendered":"Projetos de Pesquisa: Arte e Tecnologia"},"content":{"rendered":"\t\t<div data-elementor-type=\"wp-page\" data-elementor-id=\"848\" class=\"elementor elementor-848\">\n\t\t\t\t\t\t<section class=\"elementor-section elementor-top-section elementor-element elementor-element-f7a8353 elementor-section-boxed elementor-section-height-default elementor-section-height-default\" data-id=\"f7a8353\" data-element_type=\"section\">\n\t\t\t\t\t\t<div class=\"elementor-container elementor-column-gap-default\">\n\t\t\t\t\t<div class=\"elementor-column elementor-col-100 elementor-top-column elementor-element elementor-element-d5e68ba\" data-id=\"d5e68ba\" data-element_type=\"column\">\n\t\t\t<div class=\"elementor-widget-wrap elementor-element-populated\">\n\t\t\t\t\t\t<div class=\"elementor-element elementor-element-ee0a079 elementor-align-center elementor-icon-list--layout-traditional elementor-list-item-link-full_width elementor-widget elementor-widget-icon-list\" data-id=\"ee0a079\" data-element_type=\"widget\" data-widget_type=\"icon-list.default\">\n\t\t\t\t<div class=\"elementor-widget-container\">\n\t\t\t\t\t<ul class=\"elementor-icon-list-items\">\n\t\t\t\t\t\t\t<li class=\"elementor-icon-list-item\">\n\t\t\t\t\t\t\t\t\t\t<span class=\"elementor-icon-list-text\">\u00canfase em  Po\u00e9ticas Visuais <\/span>\n\t\t\t\t\t\t\t\t\t<\/li>\n\t\t\t\t\t\t<\/ul>\n\t\t\t\t<\/div>\n\t\t\t\t<\/div>\n\t\t\t\t<div class=\"elementor-element elementor-element-1c3ee68 elementor-widget elementor-widget-wp-widget-text\" data-id=\"1c3ee68\" data-element_type=\"widget\" data-widget_type=\"wp-widget-text.default\">\n\t\t\t\t<div class=\"elementor-widget-container\">\n\t\t\t<h5>Arte e Ambientes Imersivos, Interativos e Inteligentes em Rede\/AIR<\/h5>\t\t\t<div class=\"textwidget\"><p>Este projeto de pesquisa visa fomentar a produ\u00e7\u00e3o art\u00edstica, cient\u00edfica, tecnol\u00f3gica e de inova\u00e7\u00e3o de qualidade via o incentivo \u00e0 produ\u00e7\u00e3o de ambientes imersivos, interativos e inteligentes em rede em arte (AIR) a partir de pr\u00e1ticas de colabora\u00e7\u00e3o entre laborat\u00f3rios interdisciplinares que contemplem as \u00e1reas de Arte, Ci\u00eancia e Tecnologia. A pesquisa sobre AIR apresenta tr\u00eas aspectos centrais: o primeiro te\u00f3rico, ao investigar conceitos pertinentes \u00e0 produ\u00e7\u00e3o de AIR, tais como: imers\u00e3o, interatividade, intelig\u00eancia artificial, rede, imagem, conectividade; o segundo pr\u00e1tico, ao desenvolver propostas art\u00edsticas em AIR, investigando softwares, hardwares, ferramentas e sensores que possibilitem interatividade e conectividade em rede; e o terceiro pr\u00e1tico, ao desenvolver pr\u00e1ticas de colabora\u00e7\u00e3o em rede entre o LabInter UFSM e demais laborat\u00f3rios de arte e tecnologia, com foco sobre as pr\u00e1ticas de colabora\u00e7\u00e3o baseadas em experi\u00eancias de laborat\u00f3rios abertos e interdisciplinares, em n\u00edvel nacional e internacional.<\/p>\n<p><strong>Coordenadora:<\/strong> Andreia Machado Oliveira<span id=\"OutFieldTag_hulV8kO9Q9xmuobt\" class=\"\" aria-labelledby=\"OutFieldTag_hulV8kO9Q9xmuobt_label\">\u00a0<\/span><\/p>\n<\/div>\n\t\t\t\t<\/div>\n\t\t\t\t<\/div>\n\t\t\t\t<div class=\"elementor-element elementor-element-6ec6674 elementor-widget elementor-widget-wp-widget-text\" data-id=\"6ec6674\" data-element_type=\"widget\" data-widget_type=\"wp-widget-text.default\">\n\t\t\t\t<div class=\"elementor-widget-container\">\n\t\t\t<h5>Arte t\u00eaxtil tridimensional e suas tecnologias<\/h5>\t\t\t<div class=\"textwidget\"><p>Este projeto de pesquisa em arte e tecnologia tem por objetivo contribuir com o estudo da fotografia a partir da experi\u00eancia pr\u00e1tica, como arte ou como objeto da arte. Por ser tecnol\u00f3gica, (anal\u00f3gica e digital) a fotografia facilitou a aproxima\u00e7\u00e3o da arte com outras disciplinas num encontro transdisciplinar que enriquece as pesquisas realizadas nessa modalidade. Como tudo, ou quase tudo, \u00e9 quest\u00e3o de imagem, esse projeto abre novas pistas atrav\u00e9s das quais a pr\u00e1tica art\u00edstica n\u00e3o serve somente sua pr\u00f3pria causa, pois inova os O Projeto de Pesquisa &#8220;ARTE T\u00caXTIL TRIDIMENSIONAL E SUAS TECNOLOGIAS&#8221; investiga as pr\u00e1ticas contempor\u00e2neas em arte t\u00eaxtil tridimensional, com \u00eanfase na integra\u00e7\u00e3o entre t\u00e9cnicas tradicionais e tecnologias emergentes. A proposta busca ampliar os entendimentos sobre a pr\u00e1tica da escultura expandida, operando deslocamentos conceituais, materiais e sensoriais no campo das po\u00e9ticas visuais. A pesquisa tem como objeto a produ\u00e7\u00e3o de obras em arte t\u00eaxtil na tridimensionalidade por meio de experimenta\u00e7\u00f5es transdisciplinares relacionadas \u00e0 conflu\u00eancia entre arte, ci\u00eancia e tecnologia. A abordagem inclui elabora\u00e7\u00f5es pr\u00e1ticas, revis\u00e3o te\u00f3rica e an\u00e1lise de obras. Com v\u00ednculo no Programa de P\u00f3s-Gradua\u00e7\u00e3o em Po\u00e9ticas Visuais da Universidade Federal de Santa Maria, o estudo pretende contribuir para a reflex\u00e3o cr\u00edtica, a qualifica\u00e7\u00e3o da forma\u00e7\u00e3o art\u00edstica e o fortalecimento das conex\u00f5es entre arte, pesquisa e comunidade. Seu foco recai sobre a valoriza\u00e7\u00e3o da materialidade expandida, do fazer manual e da linguagem t\u00eaxtil como campo din\u00e2mico de express\u00e3o est\u00e9tica, sensorial, social e filos\u00f3fica no contexto da arte contempor\u00e2nea. Palavras-chave: Arte e tecnologia. Po\u00e9ticas visuais. Arte t\u00eaxtil. Tridimensionalidade.<\/p>\n<p><strong>Coordenador:<\/strong> Raul Dotto Rosa<\/p>\n<\/div>\n\t\t\t\t<\/div>\n\t\t\t\t<\/div>\n\t\t\t\t<div class=\"elementor-element elementor-element-d247443 elementor-widget elementor-widget-wp-widget-text\" data-id=\"d247443\" data-element_type=\"widget\" data-widget_type=\"wp-widget-text.default\">\n\t\t\t\t<div class=\"elementor-widget-container\">\n\t\t\t<h5>Hybr\u012ddae: prog\u00eanie e atravessamentos da imagem em Po\u00e9ticas Visuais<\/h5>\t\t\t<div class=\"textwidget\"><p>Tendo em vista um processo art\u00edstico que envolve hibridismos e transversalidades como diretivas pr\u00e1ticas e reflexivas, o projeto foca na realiza\u00e7\u00e3o de propostas art\u00edsticas alicer\u00e7adas no campo da arte e tecnologia, as quais, partindo da imagem digital e da fotografia como propulsores criativos, buscam abordar aspectos da produ\u00e7\u00e3o art\u00edstica pessoal a partir de problem\u00e1ticas que envolvem cruzamentos e atravessamentos imag\u00e9ticos entre arte e design. As manifesta\u00e7\u00f5es podem abarcar o espa\u00e7o virtual ou f\u00edsico, sendo constitu\u00eddas por tecnologias anal\u00f3gicas, digitais ou ambas, em v\u00e1rios meios e suportes, como imagens fixas ou produtos audiovisuais, apresentadas seja de forma \u00fanica\/independente, fazendo apelo a narrativas, participa\u00e7\u00e3o do espectador, interatividade e\/ou colabora\u00e7\u00f5es. Aos objetos art\u00edsticos h\u00edbridos, busca-se integrar reflex\u00f5es e investigar conceitos que orientam a produ\u00e7\u00e3o de tais manifesta\u00e7\u00f5es, evidenciando entrecruzamentos entre linguagens, processos e meios na cria\u00e7\u00e3o art\u00edstica atual.<\/p>\n<p><strong>Coordenadora:<\/strong> Reinilda de F\u00e1tima Berguenmayer Minuzzi<\/p>\n<\/div>\n\t\t\t\t<\/div>\n\t\t\t\t<\/div>\n\t\t\t\t<div class=\"elementor-element elementor-element-f73d877 elementor-widget elementor-widget-wp-widget-text\" data-id=\"f73d877\" data-element_type=\"widget\" data-widget_type=\"wp-widget-text.default\">\n\t\t\t\t<div class=\"elementor-widget-container\">\n\t\t\t<h5>V\u00eddeo + Arte: entre o sonoro e o visual.<\/h5>\t\t\t<div class=\"textwidget\"><p>O projeto vinculado ao Grupo de Pesquisa e Experimenta\u00e7\u00e3o em V\u00eddeo, Imagem e Som (VIS\/UFSM) tem como foco o estudo das rela\u00e7\u00f5es entre os visuais e os sons no campo que permeia as Artes Visuais e as Artes Sonoras. Para isto, concentra a investiga\u00e7\u00e3o em tecnologias que permitem operar com elementos visuais e sonoras nos processos formativos da pr\u00e1tica art\u00edstica. A partir disto, observa-se nos trabalhos dos artistas o modo como ocorrem as opera\u00e7\u00f5es com os materiais, identificando os meios e as t\u00e9cnicas que permitem a realiza\u00e7\u00e3o das obras. Logo, as pesquisas est\u00e3o concentradas na operacionalidade de artistas em diferentes manifesta\u00e7\u00f5es art\u00edsticas como a Videoarte, a M\u00fasica Visual, o Cinema, a Arte Digital, as Esculturas Sonoras, as Instala\u00e7\u00f5es e as Performances Audiovisuais, entre outras. Com estes princ\u00edpios, interessa descobrir as possibilidades nos modos de estabelecer rela\u00e7\u00f5es entre os elementos sonoros e os visuais.<\/p>\n<p><strong>Coordenador:<\/strong> Fernando Franco Codevilla<\/p>\n<\/div>\n\t\t\t\t<\/div>\n\t\t\t\t<\/div>\n\t\t\t\t<div class=\"elementor-element elementor-element-485195a elementor-widget elementor-widget-wp-widget-text\" data-id=\"485195a\" data-element_type=\"widget\" data-widget_type=\"wp-widget-text.default\">\n\t\t\t\t<div class=\"elementor-widget-container\">\n\t\t\t<h5>Pesquisa e produ\u00e7\u00e3o da Arte em Momentos Espec\u00edficos<\/h5>\t\t\t<div class=\"textwidget\"><p>Este projeto, caracteriza-se por desenhar as condi\u00e7\u00f5es para a produ\u00e7\u00e3o de momentos \u2013 espec\u00edficos de atua\u00e7\u00f5es po\u00e9ticas, refletindo a cerca das transforma\u00e7\u00f5es poss\u00edveis em diferentes situa\u00e7\u00f5es e acontecimentos. O diferencial \u00e9 a aproxima\u00e7\u00e3o as formas de produ\u00e7nao como momentos que a cada momento se diferenciam, que a obra em si, se d\u00e1 n\u00e3o somente por uma finaliza\u00e7\u00e3o em algum suporte, mas por momentos em rela\u00e7\u00e3o a espa\u00e7os, contextos, rela\u00e7\u00f5es com o publico e com o entorno produtivo. No decorrer do projeto, vislumbrou-se como estrutura fomentadora da pesquisa, a organiza\u00e7\u00e3o de ventos de arte para que obras que se d\u00e3o por momentos espec\u00edficos possam ser potencializadas. Desta forma, performances, interven\u00e7\u00f5es, a\u00e7\u00f5es, objetos e documenta\u00e7\u00f5es, passam a fazer parte das formas de arte produzidas, assim como os pr\u00f3prios eventos arte. Ent\u00e3o como momentos, a arte n\u00e3o \u00e9 elaborada somente no espa\u00e7o em que esta se da a ver, mas na proje\u00e7\u00e3o de conex\u00f5es entre momentos de materializa\u00e7\u00e3o em diferentes suportes, lugares e possivelmente, at\u00e9 mesmo sob a interpreta\u00e7\u00e3o de diferentes autores.<\/p>\n<p><strong>Coordenadora: <\/strong>Rebeca Lenize Stumm<\/p>\n<\/div>\n\t\t\t\t<\/div>\n\t\t\t\t<\/div>\n\t\t\t\t\t<\/div>\n\t\t<\/div>\n\t\t\t\t\t<\/div>\n\t\t<\/section>\n\t\t\t\t<\/div>\n\t\t","protected":false},"excerpt":{"rendered":"<p>\u00canfase em Po\u00e9ticas Visuais<\/p>\n","protected":false},"author":820,"featured_media":0,"parent":0,"menu_order":0,"comment_status":"closed","ping_status":"closed","template":"","meta":{"footnotes":""},"categories":[],"tags":[],"class_list":["post-848","page","type-page","status-publish","hentry"],"acf":[],"_links":{"self":[{"href":"https:\/\/www.ufsm.br\/cursos\/pos-graduacao\/santa-maria\/ppgart\/wp-json\/wp\/v2\/pages\/848","targetHints":{"allow":["GET"]}}],"collection":[{"href":"https:\/\/www.ufsm.br\/cursos\/pos-graduacao\/santa-maria\/ppgart\/wp-json\/wp\/v2\/pages"}],"about":[{"href":"https:\/\/www.ufsm.br\/cursos\/pos-graduacao\/santa-maria\/ppgart\/wp-json\/wp\/v2\/types\/page"}],"author":[{"embeddable":true,"href":"https:\/\/www.ufsm.br\/cursos\/pos-graduacao\/santa-maria\/ppgart\/wp-json\/wp\/v2\/users\/820"}],"replies":[{"embeddable":true,"href":"https:\/\/www.ufsm.br\/cursos\/pos-graduacao\/santa-maria\/ppgart\/wp-json\/wp\/v2\/comments?post=848"}],"version-history":[{"count":0,"href":"https:\/\/www.ufsm.br\/cursos\/pos-graduacao\/santa-maria\/ppgart\/wp-json\/wp\/v2\/pages\/848\/revisions"}],"wp:attachment":[{"href":"https:\/\/www.ufsm.br\/cursos\/pos-graduacao\/santa-maria\/ppgart\/wp-json\/wp\/v2\/media?parent=848"}],"wp:term":[{"taxonomy":"category","embeddable":true,"href":"https:\/\/www.ufsm.br\/cursos\/pos-graduacao\/santa-maria\/ppgart\/wp-json\/wp\/v2\/categories?post=848"},{"taxonomy":"post_tag","embeddable":true,"href":"https:\/\/www.ufsm.br\/cursos\/pos-graduacao\/santa-maria\/ppgart\/wp-json\/wp\/v2\/tags?post=848"}],"curies":[{"name":"wp","href":"https:\/\/api.w.org\/{rel}","templated":true}]}}