{"id":814,"date":"2021-04-28T00:54:02","date_gmt":"2021-04-28T03:54:02","guid":{"rendered":"https:\/\/www.ufsm.br\/cursos\/pos-graduacao\/santa-maria\/ppgaup\/?page_id=814"},"modified":"2025-04-08T14:35:33","modified_gmt":"2025-04-08T17:35:33","slug":"solicitacao-de-defesa","status":"publish","type":"page","link":"https:\/\/www.ufsm.br\/cursos\/pos-graduacao\/santa-maria\/ppgaup\/solicitacao-de-defesa","title":{"rendered":"Solicita\u00e7\u00e3o de Defesa de Disserta\u00e7\u00e3o de Mestrado"},"content":{"rendered":"\n<p style=\"text-align: justify\">O PPGAUP confere o grau de Mestre(a) em Arquitetura, Urbanismo e Paisagismo na \u00e1rea de concentra\u00e7\u00e3o definida por Paisagem Cultural e Sustentabilidade, para isso\u00a0\u00e9 necess\u00e1rio a elabora\u00e7\u00e3o e defesa de uma Disserta\u00e7\u00e3o de acordo com as normas de elabora\u00e7\u00e3o de acordo com o <a href=\"https:\/\/www.ufsm.br\/app\/uploads\/sites\/542\/2021\/12\/Manual-de-Dissertac%CC%A7o%CC%83es-e-Teses_MDT_2021.pdf\" target=\"_blank\" rel=\"noopener\"><span style=\"color: #0000ff\">Manual de Disserta\u00e7\u00f5es e Teses \u2013 2021\u00a0<\/span><\/a>da UFSM.<\/p>\n<p style=\"text-align: justify\">A disserta\u00e7\u00e3o deve se constituir em um trabalho pr\u00f3prio, in\u00e9dito, redigido em portugu\u00eas ou idioma estrangeiro, encerrando uma contribui\u00e7\u00e3o relevante para a \u00e1rea do conhecimento. Sua estrutura e apresenta\u00e7\u00e3o deve respeitar o definido pela MDT da UFSM e poder\u00e1 ser redigida em forma de cap\u00edtulos tem\u00e1ticos com a inclus\u00e3o de artigos cient\u00edficos. Os artigos integrantes da disserta\u00e7\u00e3o ou tese podem ser redigidos em outro idioma, conforme as regras dos peri\u00f3dicos de interesse para submiss\u00e3o.<\/p>\n<p style=\"text-align: justify\">O curso de mestrado tem a dura\u00e7\u00e3o m\u00ednima de 12 meses e m\u00e1xima de 24 meses, prazo este que corresponde \u00e0 prova de defesa da disserta\u00e7\u00e3o, que\u00a0consiste na apresenta\u00e7\u00e3o do trabalho final a uma banca examinadora que apreciar\u00e1 a capacidade revelada pelo(a) discente, notadamente, sobre a maneira de conduzir a defesa de seu trabalho de conclus\u00e3o.<\/p>\n<p style=\"text-align: justify\">\u00c9 requisito para o grau de mestre(a) em Arquitetura, Urbanismo e Paisagismo, no ato da entrega do trabalho final de disserta\u00e7\u00e3o, comprovar a submiss\u00e3o de um artigo em peri\u00f3dico oriundo da pesquisa, com coautoria do(a) orientador(a) e, se for o caso, do(a) coorientador(a), \u00e0 peri\u00f3dico com classifica\u00e7\u00e3o Qualis\/CAPES na \u00e1rea de conhecimento de Arquitetura, Urbanismo e Design. A entrega ser\u00e1 ap\u00f3s a defesa e per\u00edodo de corre\u00e7\u00f5es, na entrega final do trabalho. Para discentes regidos pelo regulamento de 2018, a classifica\u00e7\u00e3o deve ser B2 ou superior. Para discentes regidos pelo regulamento de 2024, a classifica\u00e7\u00e3o deve ser A4 ou superior (<a href=\"https:\/\/portal.ufsm.br\/documentos\/download.html?action=componente&amp;download=false&amp;id=5060860\" target=\"_blank\" rel=\"noopener\"><span style=\"color: #0000ff\">Delibera\u00e7\u00e3o 04\/2024<\/span><\/a>).<\/p>\n<p style=\"text-align: justify\"><b> <img decoding=\"async\" class=\"an1\" src=\"https:\/\/fonts.gstatic.com\/s\/e\/notoemoji\/15.0\/1f4e2\/72.png\" alt=\"\ud83d\udce2\" width=\"37\" height=\"37\" data-emoji=\"\ud83d\udce2\" aria-label=\"\ud83d\udce2\" \/> Estar\u00e1 apto a efetuar a defesa da disserta\u00e7\u00e3o o(a) aluno(a) que cumprir as seguintes quesitos:<\/b><\/p>\n<ul style=\"text-align: justify\">\n<li>Ter completado o m\u00ednimo de 24 cr\u00e9ditos em disciplinas cursadas (ingressantes at\u00e9 o sem. 2024\/2) e 18 cr\u00e9ditos (ingressantes a partir de 2025\/01 e aos que solicitaram adequa\u00e7\u00e3o de regulamento).<\/li>\n<li>Ter sido aprovado na <a href=\"https:\/\/www.ufsm.br\/cursos\/pos-graduacao\/santa-maria\/ppgaup\/qualificacao-de-mestrado\" target=\"_blank\" rel=\"noopener\"><span style=\"color: #0000ff\">qualifica\u00e7\u00e3o de mestrado<\/span><\/a>.<\/li>\n<li>Constar a aprova\u00e7\u00e3o no <a href=\"https:\/\/www.ufsm.br\/cursos\/pos-graduacao\/santa-maria\/ppgaup\/servicos\/teste-de-suficiencia-proficiencia-em-lingua-estrangeira\" target=\"_blank\" rel=\"noopener\"><span style=\"color: #0000ff\">Teste de Sufici\u00eancia\/Profici\u00eancia<\/span><\/a> em L\u00edngua Estrangeira (Ingl\u00eas) no hist\u00f3rico escolar.<\/li>\n<li>Constar no <a href=\"https:\/\/www.ufsm.br\/cursos\/pos-graduacao\/santa-maria\/ppgaup\/servicos\/planos-de-estudos-online\" target=\"_blank\" rel=\"noopener\"><span style=\"color: #0000ff\">Plano de Estudos<\/span><\/a> todas as disciplinas com aprova\u00e7\u00e3o do hist\u00f3rico escolar.<\/li>\n<\/ul>\n<p style=\"text-align: justify\"><span style=\"background-color: #ff9900\"><em><strong>\u21d2\u00a0<\/strong><strong>COMO PROCEDER PARA SOLICITAR A DEFESA:<\/strong><\/em><\/span><\/p>\n<p style=\"text-align: justify\">1) O discente \u00e9 o respons\u00e1vel pela abertura do processo para a defesa pelo Portal Estudantil conforme o\u00a0<a href=\"https:\/\/www.ufsm.br\/app\/uploads\/sites\/345\/2018\/08\/TUTORIAL.pdf\" target=\"_blank\" rel=\"noopener\"><span style=\"color: #0000ff\">Tutorial de Solicita\u00e7\u00e3o de Defesa de MDT<\/span>\u00a0<\/a>com no m\u00ednimo vinte (20) dias que antecedam a data da defesa, com o aval do(a) orientador(a) para a defini\u00e7\u00e3o da data e membros da banca examinadora.<br \/>2) A banca examinadora de defesa de disserta\u00e7\u00e3o dever\u00e1 ser constitu\u00edda de <strong>tr\u00eas membros efetivos e um membro suplente<\/strong>. Os membros efetivos ser\u00e3o o orientador(a) como presidente da banca e dois examinadores em que um pelo menos dever\u00e1 ser externo \u00e0 UFSM.<br \/>\u00a0 2.1) Todos os componentes da banca examinadora dever\u00e3o possuir o t\u00edtulo de doutor(a).<br \/>\u00a0 2.2) Para a abertura do processo de defesa ser\u00e3o necess\u00e1rio os dados do(s) membro(s) externo(s) \u00e0 UFSM: nome completo e correto, institui\u00e7\u00e3o de origem, n\u00ba do CPF e data de nascimento (*no final da p\u00e1gina consta um formul\u00e1rio para envio).<br \/>\u00a0 2.3) Estando o(a) orientador(a) e o(a) coorientador(a) presentes na banca examinadora de defesa, esta banca contar\u00e1 com mais um membro(a) efetivo(a), sendo que o(a) coorientador(a) n\u00e3o poder\u00e1 participar da atribui\u00e7\u00e3o do conceito final.<br \/>\u00a0 2.4) N\u00e3o poder\u00e3o fazer parte das bancas de defesa, o(a) c\u00f4njuge do(a) candidato(a) ou do orientador(a) e\/ou parentes afins do(a) candidato(a) at\u00e9 o terceiro grau, inclusive.<br \/>3) A solicita\u00e7\u00e3o de defesa dever\u00e1 ser tramitada ao(\u00e0) orientador(a) para anu\u00eancia e, ap\u00f3s, \u00e0 coordena\u00e7\u00e3o do curso para an\u00e1lise e aprova\u00e7\u00e3o, tendo a concord\u00e2ncia do Colegiado do programa em seguida enviada \u00e0 Pr\u00f3-Reitoria de P\u00f3s-Gradua\u00e7\u00e3o e Pesquisa (PRPGP) para verifica\u00e7\u00f5es.<br \/>4) Ap\u00f3s as devidas tramita\u00e7\u00f5es, a documenta\u00e7\u00e3o para a defesa \u00e9 liberada e enviada ao discente e seu\/sua orientador(a) pela secretaria do programa, via e-mail juntamente \u00e0s instru\u00e7\u00f5es para a defesa. Ver <a href=\"https:\/\/www.ufsm.br\/cursos\/pos-graduacao\/santa-maria\/ppgaup\/servicos\/instrucoes-para-a-realizacao-de-defesa\" target=\"_blank\" rel=\"noopener\"><span style=\"color: #0000ff\">Instru\u00e7\u00f5es para a Realiza\u00e7\u00e3o de Defesa.<\/span><\/a><br \/>5) Na impossibilidade de participa\u00e7\u00e3o do(a) orientador(a) na presid\u00eancia da banca examinadora de defesa, um dos(as) coorientadores(as) poder\u00e1 presidir os trabalhos de defesa.<br \/>\u00a0 5.1) N\u00e3o sendo poss\u00edvel ao(a) coorientador(a) presidir a defesa em substitui\u00e7\u00e3o ao(a) orientador(a), este(a) dever\u00e1 comunicar oficialmente \u00e0 coordena\u00e7\u00e3o do programa, a qual indicar\u00e1 outro(a) docente para presidir os trabalhos.<br \/>6) Por motivo justificado poder\u00e1 ser solicitado ao(a) coordenador(a) do programa, que seja adiada a data da defesa desde que obede\u00e7a aos prazos m\u00e1ximos estabelecidos.<\/p>\n<p style=\"text-align: justify\"><span style=\"background-color: #ff9900\"><em><strong>\u21d2\u00a0A DEFESA OCORRER\u00c1 DA SEGUINTE FORMA:<\/strong><\/em><\/span><\/p>\n<p style=\"text-align: justify\">1) No dia e hor\u00e1rio marcados, o(a) discente ter\u00e1 at\u00e9 50 minutos para a apresenta\u00e7\u00e3o geral de seu trabalho de conclus\u00e3o.<br \/>2) Cada um dos membros da banca examinadora arguir\u00e1 o(a) discente por at\u00e9 30 minutos, e este(a) dispor\u00e1, no m\u00ednimo, de igual tempo para responder aos questionamentos.\u00a0<br \/>\u00a0 \u00a0 2.1) Poder\u00e1 em comum acordo, ocorrer a argui\u00e7\u00e3o em forma de di\u00e1logo, computando-se neste caso, o tempo de at\u00e9 60 minutos para a argui\u00e7\u00e3o de cada examinador(a) e resposta do(a) candidato(a).\u00a0<br \/>3) Conclu\u00edda a etapa de argui\u00e7\u00e3o, a banca examinadora far\u00e1 a atribui\u00e7\u00e3o do resultado final em recinto fechado, que ser\u00e1, na sequ\u00eancia, divulgado para o(a) discente e a comunidade interessada.<br \/>4) O conceito a ser atribu\u00eddo ao discente deve ser \u201cAprovado(a)\u201d ou \u201cN\u00e3o Aprovado(a)\u201d e registrado na ata de defesa.<br \/>\u00a0 \u00a0 4.1) Ser\u00e1 considerado aprovado(a), o(a) candidato(a) que obtiver aprova\u00e7\u00e3o por maioria simples dos membros da banca examinadora.<br \/>5) Quando a banca for constitu\u00edda de um n\u00famero par de membros(as), e houver empate no resultado da avalia\u00e7\u00e3o, o resultado final dever\u00e1 ser computado excluindo-se o voto do(a) orientador(a).<br \/>6) Ao candidato(a) aprovado(a) poder\u00e1 ser concedido pela banca examinadora at\u00e9 90 dias a partir da data da defesa para modifica\u00e7\u00f5es sugeridas e entrega final do trabalho.<br \/>7) O(A) candidato(a) reprovado(a) poder\u00e1 ter, a crit\u00e9rio da banca examinadora, at\u00e9 6 (seis) meses para se submeter a uma \u00fanica nova defesa da disserta\u00e7\u00e3o ou tese.<br \/>8) Em caso de 2\u00aa reprova\u00e7\u00e3o na defesa de disserta\u00e7\u00e3o ou tese, o(a) discente ser\u00e1 desligado do programa.<\/p>\n<p style=\"text-align: justify\"><strong>Aten\u00e7\u00e3o:<\/strong><\/p>\n<ul style=\"text-align: justify\">\n<li>A defesa de disserta\u00e7\u00e3o, exame de qualifica\u00e7\u00e3o ou tese devem ser abertas ao p\u00fablico e podem ser realizadas e podem ter a participa\u00e7\u00e3o dos(as) membros(as) da banca de\u00a0<strong>forma presencial, por meio de videoconfer\u00eancia<\/strong>\u00a0para todos(as) ou ser com participa\u00e7\u00e3o h\u00edbrida, parte presencial e parte por meio de videoconfer\u00eancia.\u00a0<\/li>\n<\/ul>\n<ul style=\"text-align: justify\">\n<li>No caso da disserta\u00e7\u00e3o ou tese conter informa\u00e7\u00f5es sigilosas e\/ou pass\u00edveis de solicita\u00e7\u00e3o de direitos de propriedade intelectual, a defesa poder\u00e1 ser fechada ao p\u00fablico. Mais informa\u00e7\u00f5es em:\u00a0<a href=\"https:\/\/www.ufsm.br\/cursos\/pos-graduacao\/santa-maria\/ppgaup\/servicos\/defesa-fechada-ao-publico\" target=\"_blank\" rel=\"noopener\"><span style=\"color: #0000ff\">Defesa Fechada ao P\u00fablico.<\/span><\/a><\/li>\n<\/ul>\n<ul style=\"text-align: justify\">\n<li>Decorrido o prazo concedido pela banca examinadora para modifica\u00e7\u00f5es sugeridas constante na ata da defesa, ficando a verifica\u00e7\u00e3o das corre\u00e7\u00f5es sob a responsabilidade do(a) orientador(a), o(a) candidato(a) dever\u00e1 apresentar em documento eletr\u00f4nico definitivo o conte\u00fado da disserta\u00e7\u00e3o ou tese \u00e0 coordena\u00e7\u00e3o do programa de p\u00f3s-gradua\u00e7\u00e3o que dar\u00e1 andamento \u00e0 emiss\u00e3o do diploma. Ver <a href=\"https:\/\/www.ufsm.br\/cursos\/pos-graduacao\/santa-maria\/ppgaup\/orientacoes-para-a-entrega-do-trabalho-de-conclusao-de-curso-dissertacao\" target=\"_blank\" rel=\"noopener\"><span style=\"color: #0000ff\">Entrega de Trabalho de Conclus\u00e3o de Curso.<\/span><\/a><\/li>\n<\/ul>\n<ul style=\"text-align: justify\">\n<li>Poder\u00e1 qualquer pessoa que se julgue interessada ao ato da defesa, solicitar a impugna\u00e7\u00e3o de qualquer membro(a) da banca examinadora, mediante memorando ao colegiado do programa de p\u00f3s-gradua\u00e7\u00e3o no prazo de 5 (cinco) dias \u00fateis, contados a partir da data em que a portaria da banca examinadora for emitida pela PRPGP, devendo constar de uma exposi\u00e7\u00e3o circunstanciada dos motivos que fundamentam a solicita\u00e7\u00e3o de impugna\u00e7\u00e3o. A solicita\u00e7\u00e3o de impugna\u00e7\u00e3o deve ser apreciada pelo colegiado do programa de p\u00f3s-gradua\u00e7\u00e3o.<\/li>\n<\/ul>\n<p style=\"text-align: justify\">*Para os dados cadastrais dos membros externos \u00e0 UFSM, que ainda n\u00e3o participaram de bancas examinadoras de defesas no PPG, solicitamos que seja enviado o\u00a0<a href=\"https:\/\/www.ufsm.br\/app\/uploads\/sites\/550\/2023\/07\/Formulario-de-informacoes-Participantes-externos-a-UFSM.doc\" target=\"_blank\" rel=\"noopener\"><span style=\"color: #0000ff\">Cadastro de convidados externos<\/span>\u00a0<\/a>para preenchimento dos dados necess\u00e1rios a abertura do processo de defesa e envio \u00e0 secretaria do curso para inclus\u00e3o dos dados na Plataforma Sucupira da Capes.<\/p>\n<p><strong>Acesse tamb\u00e9m:<\/strong><br \/><a href=\"https:\/\/www.ufsm.br\/cursos\/pos-graduacao\/santa-maria\/ppgaup\/servicos\/instrucoes-para-a-realizacao-de-defesa\" target=\"_blank\" rel=\"noopener\"><span style=\"color: #0000ff\">Instru\u00e7\u00f5es para a Realiza\u00e7\u00e3o de Defesa<\/span><\/a><br \/><a href=\"https:\/\/www.ufsm.br\/cursos\/pos-graduacao\/santa-maria\/ppgaup\/orientacoes-para-a-entrega-do-trabalho-de-conclusao-de-curso-dissertacao\" target=\"_blank\" rel=\"noopener\"><span style=\"color: #0000ff\">Entrega de Trabalho de Conclus\u00e3o de Curso<\/span><\/a><br \/><a href=\"https:\/\/www.ufsm.br\/cursos\/pos-graduacao\/santa-maria\/ppgaup\/servicos\/defesa-fechada-ao-publico\" target=\"_blank\" rel=\"noopener\"><span style=\"color: #0000ff\">Defesas com Informa\u00e7\u00f5es Sigilosas \u2013 Fechada ao P\u00fablico<\/span><\/a><\/p>\n<p>Fonte:<br \/><a href=\"https:\/\/www.ufsm.br\/app\/uploads\/sites\/345\/2023\/10\/RES_UFSM_2023_139_ANEXO_I_Regulamento-Geral-PG-Stricto-Sensu-UFSM-2023.pdf\"><span style=\"color: #0000ff\">Regulamento Geral da P\u00f3s-Gradua\u00e7\u00e3o Stricto Sensu \u2013 RESOLU\u00c7\u00c3O UFSM N\u00b0 139\/2023 \u2013 ANEXO I<\/span><\/a><\/p>\n","protected":false},"excerpt":{"rendered":"<p>O PPGAUP confere o grau de Mestre(a) em Arquitetura, Urbanismo e Paisagismo na \u00e1rea de concentra\u00e7\u00e3o definida por Paisagem Cultural e Sustentabilidade, para isso\u00a0\u00e9 necess\u00e1rio a elabora\u00e7\u00e3o e defesa de uma Disserta\u00e7\u00e3o de acordo com as normas de elabora\u00e7\u00e3o de acordo com o Manual de Disserta\u00e7\u00f5es e Teses \u2013 2021\u00a0da UFSM. A disserta\u00e7\u00e3o deve se [&hellip;]<\/p>\n","protected":false},"author":818,"featured_media":0,"parent":0,"menu_order":0,"comment_status":"closed","ping_status":"closed","template":"","meta":{"footnotes":""},"categories":[],"tags":[],"class_list":["post-814","page","type-page","status-publish","hentry"],"acf":[],"_links":{"self":[{"href":"https:\/\/www.ufsm.br\/cursos\/pos-graduacao\/santa-maria\/ppgaup\/wp-json\/wp\/v2\/pages\/814","targetHints":{"allow":["GET"]}}],"collection":[{"href":"https:\/\/www.ufsm.br\/cursos\/pos-graduacao\/santa-maria\/ppgaup\/wp-json\/wp\/v2\/pages"}],"about":[{"href":"https:\/\/www.ufsm.br\/cursos\/pos-graduacao\/santa-maria\/ppgaup\/wp-json\/wp\/v2\/types\/page"}],"author":[{"embeddable":true,"href":"https:\/\/www.ufsm.br\/cursos\/pos-graduacao\/santa-maria\/ppgaup\/wp-json\/wp\/v2\/users\/818"}],"replies":[{"embeddable":true,"href":"https:\/\/www.ufsm.br\/cursos\/pos-graduacao\/santa-maria\/ppgaup\/wp-json\/wp\/v2\/comments?post=814"}],"version-history":[{"count":0,"href":"https:\/\/www.ufsm.br\/cursos\/pos-graduacao\/santa-maria\/ppgaup\/wp-json\/wp\/v2\/pages\/814\/revisions"}],"wp:attachment":[{"href":"https:\/\/www.ufsm.br\/cursos\/pos-graduacao\/santa-maria\/ppgaup\/wp-json\/wp\/v2\/media?parent=814"}],"wp:term":[{"taxonomy":"category","embeddable":true,"href":"https:\/\/www.ufsm.br\/cursos\/pos-graduacao\/santa-maria\/ppgaup\/wp-json\/wp\/v2\/categories?post=814"},{"taxonomy":"post_tag","embeddable":true,"href":"https:\/\/www.ufsm.br\/cursos\/pos-graduacao\/santa-maria\/ppgaup\/wp-json\/wp\/v2\/tags?post=814"}],"curies":[{"name":"wp","href":"https:\/\/api.w.org\/{rel}","templated":true}]}}