{"id":984,"date":"2021-12-16T13:58:12","date_gmt":"2021-12-16T16:58:12","guid":{"rendered":"https:\/\/www.ufsm.br\/cursos\/pos-graduacao\/santa-maria\/ppgaup\/?page_id=984"},"modified":"2023-04-12T13:20:00","modified_gmt":"2023-04-12T16:20:00","slug":"dissertacoes-repositorio-ufsm","status":"publish","type":"page","link":"https:\/\/www.ufsm.br\/cursos\/pos-graduacao\/santa-maria\/ppgaup\/dissertacoes-repositorio-ufsm","title":{"rendered":"Disserta\u00e7\u00f5es &#8211; Reposit\u00f3rio PPGAUP"},"content":{"rendered":"\t\t<div data-elementor-type=\"wp-page\" data-elementor-id=\"984\" class=\"elementor elementor-984\">\n\t\t\t\t\t\t<section class=\"elementor-section elementor-top-section elementor-element elementor-element-d96e1df elementor-section-boxed elementor-section-height-default elementor-section-height-default\" data-id=\"d96e1df\" data-element_type=\"section\">\n\t\t\t\t\t\t<div class=\"elementor-container elementor-column-gap-default\">\n\t\t\t\t\t<div class=\"elementor-column elementor-col-100 elementor-top-column elementor-element elementor-element-41c3601b\" data-id=\"41c3601b\" data-element_type=\"column\">\n\t\t\t<div class=\"elementor-widget-wrap elementor-element-populated\">\n\t\t\t\t\t\t<div class=\"elementor-element elementor-element-49511450 elementor-widget elementor-widget-text-editor\" data-id=\"49511450\" data-element_type=\"widget\" data-widget_type=\"text-editor.default\">\n\t\t\t\t<div class=\"elementor-widget-container\">\n\t\t\t\t\t\t\t<p><!-- wp:tadv\/classic-paragraph --><\/p>\n<hr \/>\n<p><strong>2023 &#8211;\u00a0 04 registro<\/strong><\/p>\n<table style=\"width: 101.41%;height: 121px\">\n<tbody>\n<tr style=\"height: 24px\">\n<td style=\"width: 100%;height: 24px\">Discente: JULIANA\u00a0 ARRUA PACHECO<\/td>\n<\/tr>\n<tr style=\"height: 24px\">\n<td style=\"width: 100%;height: 24px\">Orientador:\u00a0 VANESSA GOULART DORNELES<\/td>\n<\/tr>\n<tr style=\"height: 24px\">\n<td style=\"width: 100%;height: 73px;text-align: left\">\n<p>T\u00edtulo:\u00a0 <a href=\"https:\/\/sucupira.capes.gov.br\/sucupira\/public\/consultas\/coleta\/trabalhoConclusao\/viewTrabalhoConclusao.jsf?popup=true&amp;id_trabalho=13083397\">A APROPRIA\u00c7\u00c3O DOS P\u00c1TIOS ESCOLARES E A IMPORT\u00c2NCIA\u00a0NO COTIDIANO DE SEUS USU\u00c1RIOS<\/a><\/p>\n<\/td>\n<\/tr>\n<\/tbody>\n<\/table>\n<p>\u00a0<\/p>\n<table style=\"width: 100.412%;height: 121px\">\n<tbody>\n<tr style=\"height: 24px\">\n<td style=\"width: 100%;height: 24px\">Discente: MAICON PINTO DE MORAES<\/td>\n<\/tr>\n<tr style=\"height: 24px\">\n<td style=\"width: 100%;height: 24px\">Orientador: LUIS GUILHERME AITA PIPPI<\/td>\n<\/tr>\n<tr style=\"height: 24px\">\n<td style=\"width: 100%;height: 73px;text-align: left\">T\u00edtulo: <a href=\"https:\/\/sucupira.capes.gov.br\/sucupira\/public\/consultas\/coleta\/trabalhoConclusao\/viewTrabalhoConclusao.jsf?popup=true&amp;id_trabalho=13083115\">OBSOLESC\u00caNCIA DO ESPA\u00c7O: ABORDAGEM E COMPREENS\u00c3O DOS VAZIOS URBANOS EM CACHOEIRA DO SUL<\/a><\/td>\n<\/tr>\n<\/tbody>\n<\/table>\n<p>\u00a0<\/p>\n<table style=\"width: 100.412%;height: 121px\">\n<tbody>\n<tr style=\"height: 24px\">\n<td style=\"width: 100%;height: 24px\">Discente: ANNA CLARA FRANZEN DE NARDIN<\/td>\n<\/tr>\n<tr style=\"height: 24px\">\n<td style=\"width: 100%;height: 24px\">Orientador:\u00a0 MARCOS ALBERTO OSS VAGHETTI<\/td>\n<\/tr>\n<tr style=\"height: 24px\">\n<td style=\"width: 100%;height: 73px;text-align: left\">T\u00edtulo:\u00a0<a href=\"https:\/\/sucupira.capes.gov.br\/sucupira\/public\/consultas\/coleta\/trabalhoConclusao\/viewTrabalhoConclusao.jsf?popup=true&amp;id_trabalho=12831193\"> RELA\u00c7\u00d5ES ENTRE BIOMIM\u00c9TICA, PENSAMENTO SIST\u00caMICO E CONHECIMENTO ECOL\u00d3GICO TRADICIONAL: UM GUIA PARA TOMADA DE DECIS\u00d5ES ARQUITET\u00d4NICAS REGENERATIVAS<\/a><\/td>\n<\/tr>\n<\/tbody>\n<\/table>\n<p>\u00a0<\/p>\n<table style=\"width: 100.582%;height: 102px\">\n<tbody>\n<tr style=\"height: 24px\">\n<td style=\"width: 100%;height: 24px\">Discente: JONATAN POSSEBON CARVALHO<\/td>\n<\/tr>\n<tr style=\"height: 24px\">\n<td style=\"width: 100%;height: 24px\">Orientador:\u00a0 FABIANE VIEIRA ROMANO<\/td>\n<\/tr>\n<tr style=\"height: 24px\">\n<td style=\"width: 100%;height: 73px;text-align: left\">T\u00edtulo:\u00a0 <a href=\"https:\/\/sucupira.capes.gov.br\/sucupira\/public\/consultas\/coleta\/trabalhoConclusao\/viewTrabalhoConclusao.jsf?popup=true&amp;id_trabalho=12299000\">SISTEMATIZA\u00c7\u00c3O PARA A GEST\u00c3O DO PROCESSO DE PROJETO ARQUITET\u00d4NICO DE RESID\u00caNCIA UNIFAMILIAR<\/a><\/td>\n<\/tr>\n<\/tbody>\n<\/table>\n<p>\u00a0<\/p>\n<p><strong>2022 &#8211; 07 registro<br \/><\/strong><\/p>\n<p>\u00a0<\/p>\n<table style=\"width: 100.412%;height: 121px\">\n<tbody>\n<tr style=\"height: 24px\">\n<td style=\"width: 100%;height: 24px\">Discente: RENAN SOMAVILLA ULIANA<\/td>\n<\/tr>\n<tr style=\"height: 24px\">\n<td style=\"width: 100%;height: 24px\">Orientador:\u00a0 ROG\u00c9RIO CATTELAN ANTOCHEVES DE LIMA<\/td>\n<\/tr>\n<tr style=\"height: 24px\">\n<td style=\"width: 100%;height: 73px;text-align: left\">T\u00edtulo: <a href=\"https:\/\/sucupira.capes.gov.br\/sucupira\/public\/consultas\/coleta\/trabalhoConclusao\/viewTrabalhoConclusao.jsf?popup=true&amp;id_trabalho=12220247\">SIMULA\u00c7\u00c3O COMPUTACIONAL DE EVACUA\u00c7\u00c3O EM EDIFICA\u00c7\u00c3O DE REUNI\u00c3O DE P\u00daBLICO: O ESTUDO DE CASO DO CENTRO DE CONVEN\u00c7\u00d5ES DA UNIVERSIDADE FEDERAL DE SANTA MARIA<\/a><\/td>\n<\/tr>\n<\/tbody>\n<\/table>\n<p><strong>\u00a0<\/strong><\/p>\n<table style=\"width: 100.412%;height: 121px\">\n<tbody>\n<tr style=\"height: 24px\">\n<td style=\"width: 100%;height: 24px\">Discente: ANA PAULA SOARES MULLER<\/td>\n<\/tr>\n<tr style=\"height: 24px\">\n<td style=\"width: 100%;height: 24px\">Orientador:\u00a0 VANESSA GOULART DORNELES<\/td>\n<\/tr>\n<tr style=\"height: 24px\">\n<td style=\"width: 100%;height: 73px;text-align: left\">T\u00edtulo: <a href=\"https:\/\/sucupira.capes.gov.br\/sucupira\/public\/consultas\/coleta\/trabalhoConclusao\/viewTrabalhoConclusao.jsf?popup=true&amp;id_trabalho=11856990\">ACESSIBILIDADE E MOBILIDADE NOS PASSEIOS P\u00daBLICOS DA CIDADE DE SANTA MARIA, RS<\/a><\/td>\n<\/tr>\n<\/tbody>\n<\/table>\n<p><strong>\u00a0<\/strong><\/p>\n<table style=\"width: 100.412%;height: 121px\">\n<tbody>\n<tr style=\"height: 24px\">\n<td style=\"width: 100%;height: 24px\">Discente: MAIARA BALDISSARELLI<\/td>\n<\/tr>\n<tr style=\"height: 24px\">\n<td style=\"width: 100%;height: 24px\">Orientador:\u00a0 LUIS GUILHERME AITA PIPPI<\/td>\n<\/tr>\n<tr style=\"height: 24px\">\n<td style=\"width: 100%;height: 73px;text-align: left\">T\u00edtulo:<a href=\"https:\/\/sucupira.capes.gov.br\/sucupira\/public\/consultas\/coleta\/trabalhoConclusao\/viewTrabalhoConclusao.jsf?popup=true&amp;id_trabalho=11765652\"> PATRIM\u00d4NIO, MEM\u00d3RIA E IDENTIDADE: A PAISAGEM CULTURAL DA \u00c1REA CENTRAL DA CIDADE DE SANTA MARIA\/RS<\/a><\/td>\n<\/tr>\n<\/tbody>\n<\/table>\n<table style=\"width: 100.206%;height: 129px\">\n<tbody>\n<tr style=\"height: 24px\">\n<td style=\"width: 100%;height: 24px\">Discente: AMANDA\u00a0 SILVEIRA CORREA<\/td>\n<\/tr>\n<tr style=\"height: 24px\">\n<td style=\"width: 100%;height: 24px\">Orientador:\u00a0 VANESSA GOULART DORNELES<\/td>\n<\/tr>\n<tr style=\"height: 24px\">\n<td style=\"width: 100%;height: 73px;text-align: left\">T\u00edtulo:<a href=\"https:\/\/sucupira.capes.gov.br\/sucupira\/public\/consultas\/coleta\/trabalhoConclusao\/viewTrabalhoConclusao.jsf?popup=true&amp;id_trabalho=11737337\"> INDICADORES DE INSER\u00c7\u00c3O DE INTERVEN\u00c7\u00d5ES DE QUALIFICA\u00c7\u00c3O URBANA EM CIDADES DE M\u00c9DIO PORTE: O CASO DE SANTA MARIA<\/a><\/td>\n<\/tr>\n<\/tbody>\n<\/table>\n<table style=\"width: 100%;height: 127px\">\n<tbody>\n<tr style=\"height: 24px\">\n<td style=\"width: 100%;height: 24px\">\n<p>Discente: JAMILE PEREIRA DA SILVA<\/p>\n<\/td>\n<\/tr>\n<tr style=\"height: 24px\">\n<td style=\"width: 100%;height: 24px\">Orientador: VER\u00d4NICA GARCIA DONOSO<\/td>\n<\/tr>\n<tr style=\"height: 24px\">\n<td style=\"width: 100%;height: 73px;text-align: left\">T\u00edtulo: <a href=\"https:\/\/sucupira.capes.gov.br\/sucupira\/public\/consultas\/coleta\/trabalhoConclusao\/viewTrabalhoConclusao.xhtml?popup=true&amp;id_trabalho=11413055\">PERCEP\u00c7\u00c3O DA PAISAGEM: O CASO DOS VIADUTOS DE SANTA MARIA\/RS<\/a><\/td>\n<\/tr>\n<\/tbody>\n<\/table>\n<table style=\"width: 100.491%;height: 77px\">\n<tbody>\n<tr style=\"height: 24px\">\n<td style=\"width: 100%;height: 10px\">\n<p>Discente: PAULA SCHERER<\/p>\n<\/td>\n<\/tr>\n<tr style=\"height: 24px\">\n<td style=\"width: 100%;height: 24px\">Orientador: GIANE DE CAMPO GRIGOLETTI<\/td>\n<\/tr>\n<tr style=\"height: 24px\">\n<td style=\"width: 100%;height: 43px\">T\u00edtulo: <a href=\"https:\/\/sucupira.capes.gov.br\/sucupira\/public\/consultas\/coleta\/trabalhoConclusao\/viewTrabalhoConclusao.xhtml?popup=true&amp;id_trabalho=11408976\">AVALIA\u00c7\u00c3O DE ESTRAT\u00c9GIAS DE VENTILA\u00c7\u00c3O NATURAL EM SALAS DE AULA DE ENSINO FUNDAMENTAL NA ZONA BIOCLIM\u00c1TICA 2<\/a><\/td>\n<\/tr>\n<\/tbody>\n<\/table>\n<p><strong>\u00a0<\/strong><\/p>\n<table style=\"width: 174.481%;height: 91px\">\n<tbody>\n<tr style=\"height: 24px\">\n<td style=\"width: 100%;height: 24px\">Discente: MARLUCI LENHARD<\/td>\n<\/tr>\n<tr style=\"height: 24px\">\n<td style=\"width: 100%;height: 24px\">Orientador: ANDREIA VALLI NUMMER<\/td>\n<\/tr>\n<tr style=\"height: 24px\">\n<td style=\"width: 100%;height: 43px\">T\u00edtulo: <a href=\"https:\/\/sucupira.capes.gov.br\/sucupira\/public\/consultas\/coleta\/trabalhoConclusao\/viewTrabalhoConclusao.jsf?popup=true&amp;id_trabalho=11285922\">O RISCO \u00c0 EROS\u00c3O EM CABECEIRA DE DRENAGEM NO BAIRRO NOVA SANTA MARTA EM SANTA MARIA \u2013 RS: DIAGN\u00d3STICO, MITIGA\u00c7\u00c3O E URBANIZA\u00c7\u00c3O.<\/a><\/td>\n<\/tr>\n<\/tbody>\n<\/table>\n<p><strong>\u00a0<\/strong><\/p>\n<p><strong>2021 &#8211;\u00a0 11\u00a0 registros\u00a0<\/strong><\/p>\n<table style=\"width: 175.483%;height: 163px\">\n<tbody>\n<tr style=\"height: 24px\">\n<td style=\"width: 706.078px;height: 24px\">Discente: BRUNA ZAMBONATO<\/td>\n<\/tr>\n<tr style=\"height: 24px\">\n<td style=\"width: 706.078px;height: 24px\">Orientador:\u00a0 GIANE DE CAMPOS GRIGOLETTI<\/td>\n<\/tr>\n<tr style=\"height: 24px\">\n<td style=\"width: 706.078px;height: 79px\">\n<p>T\u00edtulo:<a href=\"https:\/\/sucupira.capes.gov.br\/sucupira\/public\/consultas\/coleta\/trabalhoConclusao\/viewTrabalhoConclusao.jsf?popup=true&amp;id_trabalho=11076010\"> INFLU\u00caNCIA DO COMPORTAMENTO DO USU\u00c1RIO NO CONSUMO ENERG\u00c9TICO DE HABITA\u00c7\u00d5ES MULTIFAMILIARES EM SANTA MARIA, RS<\/a><\/p>\n<\/td>\n<\/tr>\n<tr style=\"height: 36px\">\n<td style=\"width: 706.078px;height: 36px\">\u00a0<\/td>\n<\/tr>\n<\/tbody>\n<\/table>\n<table style=\"width: 174.481%;height: 101px\">\n<tbody>\n<tr style=\"height: 24px\">\n<td style=\"width: 100%;height: 24px\">Discente: DANIELI FACCIN BERNARDI<\/td>\n<\/tr>\n<tr style=\"height: 24px\">\n<td style=\"width: 100%;height: 24px\">Orientador: \u00a0 CARYL EDUARDO JOVANOVICH LOPES<\/td>\n<\/tr>\n<tr style=\"height: 24px\">\n<td style=\"width: 100%;height: 53px\">T\u00edtulo : <a href=\"https:\/\/sucupira.capes.gov.br\/sucupira\/public\/consultas\/coleta\/trabalhoConclusao\/viewTrabalhoConclusao.jsf?popup=true&amp;id_trabalho=11021660\">AN\u00c1LISE DAS MANIFESTA\u00c7\u00d5ES PATOL\u00d3GICAS NAS FACHADAS DO HOSPITAL CASA DE SA\u00daDE DE SANTA MARIA, RS<\/a><\/td>\n<\/tr>\n<tr>\n<td style=\"width: 100%\">\u00a0<\/td>\n<\/tr>\n<\/tbody>\n<\/table>\n<table style=\"width: 174.481%;height: 121px\">\n<tbody>\n<tr style=\"height: 24px\">\n<td style=\"width: 100%;height: 24px\">Discente: DEBORA CRISTIELE KUMMER<\/td>\n<\/tr>\n<tr style=\"height: 24px\">\n<td style=\"width: 100%;height: 24px\">Orientador: ISIS PORTOLAN DOS SANTOS<\/td>\n<\/tr>\n<tr style=\"height: 24px\">\n<td style=\"width: 100%;height: 49px\">T\u00edtulo: <a href=\"https:\/\/sucupira.capes.gov.br\/sucupira\/public\/consultas\/coleta\/trabalhoConclusao\/viewTrabalhoConclusao.jsf?popup=true&amp;id_trabalho=11134379\">PROPOSTA METODOL\u00d3GICA DE AN\u00c1LISE REGIONAL PARA ESCOLHA DE LOCAIS VISANDO A INSER\u00c7\u00c3O DE PARQUES FOTOVOLTAICOS<\/a><\/td>\n<\/tr>\n<tr style=\"height: 24px\">\n<td style=\"width: 100%;height: 24px\">\u00a0<\/td>\n<\/tr>\n<\/tbody>\n<\/table>\n<table style=\"width: 100.632%;height: 91px\">\n<tbody>\n<tr style=\"height: 24px\">\n<td style=\"width: 100%;height: 24px\">Discente: KANANDA FERNANDES DE SOUSA LIMA<\/td>\n<\/tr>\n<tr style=\"height: 24px\">\n<td style=\"width: 100%;height: 24px\">Orientador: MINEIA JOHANN SCHERER<\/td>\n<\/tr>\n<tr style=\"height: 24px\">\n<td style=\"width: 100%;height: 24px\"><hr \/>\n<p>T\u00edtulo: <a href=\"https:\/\/sucupira.capes.gov.br\/sucupira\/public\/consultas\/coleta\/trabalhoConclusao\/viewTrabalhoConclusao.jsf?popup=true&amp;id_trabalho=11043514\">ESTUDOS ANAL\u00cdTICOS E AVALIATIVOS DE EFICI\u00caNCIA ENERG\u00c9TICA, DESEMPENHO AMBIENTAL E CONFORTO AMBIENTAL DO AMBIENTE CONSTRU\u00cdDO<\/a><\/p>\n<\/td>\n<\/tr>\n<tr>\n<td style=\"width: 100%\">\u00a0<\/td>\n<\/tr>\n<\/tbody>\n<\/table>\n<table style=\"width: 177.026%;height: 114px\" width=\"192%\">\n<tbody>\n<tr style=\"height: 56px\">\n<td style=\"height: 10px\" width=\"1161\">\n<p>Discente: LAURA ELISA\u00a0HANSEN WARPECHOWSKI<\/p>\n<\/td>\n<\/tr>\n<tr style=\"height: 56px\">\n<td style=\"height: 24px\" width=\"1161\">\n<p>Orientador:\u00a0 CARYL\u00a0EDUARDO JOVANOVICH LOPES<\/p>\n<\/td>\n<\/tr>\n<tr style=\"height: 56px\">\n<td style=\"height: 56px\" width=\"1161\"><hr \/>\n<p><a href=\"https:\/\/sucupira.capes.gov.br\/sucupira\/public\/consultas\/coleta\/trabalhoConclusao\/viewTrabalhoConclusao.xhtml?popup=true&amp;id_trabalho=11101187\">E EDUCADORES E ASPECTOS CROM\u00c1TICOS DE UM AMBIENTE ESCOLAR INFANTIL<\/a><\/p>\n<\/td>\n<\/tr>\n<tr style=\"height: 24px\">\n<td style=\"height: 24px\">\u00a0<\/td>\n<\/tr>\n<\/tbody>\n<\/table>\n<table style=\"width: 99.1343%;height: 54px\">\n<tbody>\n<tr style=\"height: 24px\">\n<td style=\"width: 100%;height: 24px\">Discente: LUAN DA SILVA KLEBERS<\/td>\n<\/tr>\n<tr style=\"height: 24px\">\n<td style=\"width: 100%;height: 24px\">Orientador: LUIS GUILHERME AITA PIPPI<\/td>\n<\/tr>\n<tr style=\"height: 24px\">\n<td style=\"width: 100%;height: 24px\">T\u00edtulo: <a href=\"https:\/\/sucupira.capes.gov.br\/sucupira\/public\/consultas\/coleta\/trabalhoConclusao\/viewTrabalhoConclusao.jsf?popup=true&amp;id_trabalho=11018720\">O PLANEJAMENTO DE UM SISTEMA DE CORREDORES VERDES EM SANTA MARIA\/ RS \u2013 UMA ABORDAGEM METODOL\u00d3GICA A PARTIR DA PERSPECTIVA DE M\u00c9TRICAS ESPACIAIS DA PAISAGEM<\/a><\/td>\n<\/tr>\n<tr>\n<td style=\"width: 100%\">\u00a0<\/td>\n<\/tr>\n<\/tbody>\n<\/table>\n<table style=\"width: 100.631%;height: 62px\">\n<tbody>\n<tr style=\"height: 24px\">\n<td style=\"width: 100%;height: 24px\">Discente: MAURICIO PICETTI DOS SANTOS<\/td>\n<\/tr>\n<tr style=\"height: 24px\">\n<td style=\"width: 100%;height: 24px\">Orientador: ISIS PORTOLAN DOS SANTOS<\/td>\n<\/tr>\n<tr style=\"height: 24px\">\n<td style=\"width: 100%;height: 24px\">T\u00edtulo: <a href=\"https:\/\/sucupira.capes.gov.br\/sucupira\/public\/consultas\/coleta\/trabalhoConclusao\/viewTrabalhoConclusao.jsf?popup=true&amp;id_trabalho=11031603\">AVALIA\u00c7\u00c3O DE PROTETORES SOLARES FOTOVOLTAICOS NA PROMO\u00c7\u00c3O DA EFICI\u00caNCIA ENERG\u00c9TICA EM EDIF\u00cdCIOS DE ENSINO<\/a><\/td>\n<\/tr>\n<tr>\n<td style=\"width: 100%\">\u00a0<\/td>\n<\/tr>\n<\/tbody>\n<\/table>\n<table style=\"width: 100.962%;height: 68px\">\n<tbody>\n<tr style=\"height: 24px\">\n<td style=\"width: 100%;height: 24px\">Discente:\u00a0 NIANA FRANCISCATTO PEREIRA<\/td>\n<\/tr>\n<tr style=\"height: 24px\">\n<td style=\"width: 100%;height: 24px\">Orientador: ROGERIO CATTELAN ANTOCHEVES DE LIMA<\/td>\n<\/tr>\n<tr style=\"height: 24px\">\n<td style=\"width: 100%;height: 24px\">T\u00edtulo:<a href=\"https:\/\/sucupira.capes.gov.br\/sucupira\/public\/consultas\/coleta\/trabalhoConclusao\/viewTrabalhoConclusao.jsf?popup=true&amp;id_trabalho=10403441\"> FERRAMENTA PARA ATENDIMENTO NO PROJETO ARQUITET\u00d4NICO DOS REQUISITOS DA NBR 15575\/4:2013 &#8211; DESEMPENHO DE EDIFICA\u00c7\u00d5ES HABITACIONAIS<\/a><\/td>\n<\/tr>\n<tr>\n<td style=\"width: 100%\">\u00a0<\/td>\n<\/tr>\n<\/tbody>\n<\/table>\n<table style=\"width: 98.6369%;height: 62px\">\n<tbody>\n<tr style=\"height: 24px\">\n<td style=\"width: 100%;height: 24px\">Discente: RENATA SERAFIN DE ALBERNARD<\/td>\n<\/tr>\n<tr style=\"height: 24px\">\n<td style=\"width: 100%;height: 24px\">Orientador: MINEIA JOHANN SCHERER<\/td>\n<\/tr>\n<tr style=\"height: 24px\">\n<td style=\"width: 100%;height: 24px\">T\u00edtulo: <a href=\"https:\/\/sucupira.capes.gov.br\/sucupira\/public\/consultas\/coleta\/trabalhoConclusao\/viewTrabalhoConclusao.jsf?popup=true&amp;id_trabalho=11043433\">AN\u00c1LISE DA INFLU\u00caNCIA DO USO DA CORTINA VERDE NO COMPORTAMENTO T\u00c9RMICO EM HABITA\u00c7\u00c3O DE INTERESSE SOCIAL EM SANTA MARIA, RS<\/a><\/td>\n<\/tr>\n<tr>\n<td style=\"width: 100%\">\u00a0<\/td>\n<\/tr>\n<\/tbody>\n<\/table>\n<table style=\"width: 99.7987%;height: 55px\">\n<tbody>\n<tr style=\"height: 24px\">\n<td style=\"width: 100%;height: 24px\">Discente: SILVIA FARIAS<\/td>\n<\/tr>\n<tr style=\"height: 24px\">\n<td style=\"width: 100%;height: 24px\">Orientador: LUIS GUILHERME AITA PIPPI<\/td>\n<\/tr>\n<tr style=\"height: 24px\">\n<td style=\"width: 100%;height: 24px\">T\u00edtulo: <a href=\"https:\/\/sucupira.capes.gov.br\/sucupira\/public\/consultas\/coleta\/trabalhoConclusao\/viewTrabalhoConclusao.jsf?popup=true&amp;id_trabalho=11031599\">A RELA\u00c7\u00c3O DAS PESSOAS COM A PAISAGEM DO PARQUE URBANO DA ORLA DO GUA\u00cdBA: USOS, APROPRIA\u00c7\u00d5ES E INTERA\u00c7\u00d5ES EM TEMPOS DE PANDEMIA DA COVID-19<\/a><\/td>\n<\/tr>\n<tr>\n<td style=\"width: 100%\">\u00a0<\/td>\n<\/tr>\n<\/tbody>\n<\/table>\n<table style=\"width: 102.459%;height: 72px\">\n<tbody>\n<tr style=\"height: 24px\">\n<td style=\"width: 100%;height: 24px\">Discente: ZAMARA RITTER BALESTRIN<\/td>\n<\/tr>\n<tr style=\"height: 24px\">\n<td style=\"width: 100%;height: 24px\">Orientador: LUIS GUILHERME AITA PIPPI<\/td>\n<\/tr>\n<tr style=\"height: 24px\">\n<td style=\"width: 100%;height: 24px\">T\u00edtulo: <a href=\"https:\/\/sucupira.capes.gov.br\/sucupira\/public\/consultas\/coleta\/trabalhoConclusao\/viewTrabalhoConclusao.jsf?popup=true&amp;id_trabalho=10835037\">ENTENDENDO A RUA COMPLETA NO BRASIL: ABORDAGENS E CONTRIBUI\u00c7\u00d5ES PARA IMPLEMENTA\u00c7\u00c3O<\/a><\/td>\n<\/tr>\n<\/tbody>\n<\/table>\n<p><strong>\u00a0<\/strong><\/p>\n<p><strong>2020 &#8211; 10 REGISTROS<\/strong><\/p>\n<table style=\"width: 100.464%;height: 58px\">\n<tbody>\n<tr style=\"height: 24px\">\n<td style=\"width: 100%;height: 24px\">Discente: ALICE RODRIGUES LAUTERT<\/td>\n<\/tr>\n<tr style=\"height: 24px\">\n<td style=\"width: 100%;height: 24px\">Orientador: LUIS GUILHERME AITA PIPPI<\/td>\n<\/tr>\n<tr style=\"height: 24px\">\n<td style=\"width: 100%;height: 10px\">T\u00edtulo: AN\u00c1LISE PAISAG\u00cdSTICA DOS PARQUES DE BAIRRO DE SANTA MARIA<\/td>\n<\/tr>\n<\/tbody>\n<\/table>\n<table style=\"width: 99.9882%;height: 77px\">\n<tbody>\n<tr>\n<td style=\"width: 100%\">Discente: ANA MARIA RIGAO TORRES AMORETTI<\/td>\n<\/tr>\n<tr>\n<td style=\"width: 100%\">Orientador: ROGERIO CATTELAN ANTOCHEVES DE LIMA<\/td>\n<\/tr>\n<tr>\n<td style=\"width: 100%\"><hr \/>\n<p>T\u00edtulo :<a href=\"https:\/\/sucupira.capes.gov.br\/sucupira\/public\/consultas\/coleta\/trabalhoConclusao\/viewTrabalhoConclusao.jsf?popup=true&amp;id_trabalho=9349688\">SIMULA\u00c7\u00c3O COMPUTACIONAL DE EVACUA\u00c7\u00c3O EM CASA NOTURNA \u2013 COMPORTAMENTO DA MULTID\u00c3O GUIADO POR SINALIZA\u00c7\u00c3O DE EMERG\u00caNCIA\u00a0<\/a><\/p>\n<\/td>\n<\/tr>\n<\/tbody>\n<\/table>\n<table style=\"width: 100.653%;height: 48px\">\n<tbody>\n<tr style=\"height: 24px\">\n<td style=\"width: 100%;height: 24px\">Discente: CASSIA LAIRE KOZLOSKI<\/td>\n<\/tr>\n<tr style=\"height: 24px\">\n<td style=\"width: 100%;height: 24px\">Orientador: MARCOS ALBERTO OSS VAGHETTI<\/td>\n<\/tr>\n<tr style=\"height: 24px\">\n<td style=\"width: 100%;height: 24px\">T\u00edtulo: <a href=\"https:\/\/sucupira.capes.gov.br\/sucupira\/public\/consultas\/coleta\/trabalhoConclusao\/viewTrabalhoConclusao.jsf?popup=true&amp;id_trabalho=10070749\">EMISS\u00c3O DE CO2 DOS MATERIAIS DE CONSTRU\u00c7\u00c3O CIVIL NO BRASIL: ESTIMATIVAS NA ETAPA PROJETUAL DE EDIFICA\u00c7\u00d5ES<\/a><\/td>\n<\/tr>\n<\/tbody>\n<\/table>\n<table style=\"width: 100.32%;height: 81px\">\n<tbody>\n<tr style=\"height: 24px\">\n<td style=\"width: 100%;height: 24px\">Discente: HELENA REGINATO GABRIEL<\/td>\n<\/tr>\n<tr style=\"height: 24px\">\n<td style=\"width: 100%;height: 24px\">Orientador: FABIANE VIEIRA ROMANO<\/td>\n<\/tr>\n<tr style=\"height: 24px\">\n<td style=\"width: 100%;height: 24px\">T\u00edtulo: <a href=\"https:\/\/sucupira.capes.gov.br\/sucupira\/public\/consultas\/coleta\/trabalhoConclusao\/viewTrabalhoConclusao.jsf?popup=true&amp;id_trabalho=9962133\">PROCESSO DE PROJETO DE SEGURAN\u00c7A CONTRA INC\u00caNDIO PARA EDIF\u00cdCIOS RESIDENCIAIS MULTIFAMILIARES COM ALTURA SUPERIOR A 12 METROS<\/a><\/td>\n<\/tr>\n<\/tbody>\n<\/table>\n<table style=\"width: 98.9934%;height: 137px\">\n<tbody>\n<tr style=\"height: 24px\">\n<td style=\"width: 100%;height: 24px\">Discente: JOANI PAULUS COVALESK<\/td>\n<\/tr>\n<tr style=\"height: 24px\">\n<td style=\"width: 100%;height: 24px\">Orientador: FABIANE VIEIRA ROMANO<\/td>\n<\/tr>\n<tr style=\"height: 24px\">\n<td style=\"width: 100%;height: 24px\">T\u00edtulo: <a href=\"https:\/\/sucupira.capes.gov.br\/sucupira\/public\/consultas\/coleta\/trabalhoConclusao\/viewTrabalhoConclusao.jsf?popup=true&amp;id_trabalho=9952816\">CONTRIBUI\u00c7\u00d5ES PARA O PROCESSO DE PROJETO DE PARQUES URBANOS SOB O OLHAR DE DOIS ARQUITETOS E URBANISTAS DE PORTO ALEGRE\/RS<\/a><\/td>\n<\/tr>\n<\/tbody>\n<\/table>\n<table style=\"width: 100.486%;height: 58px\">\n<tbody>\n<tr style=\"height: 24px\">\n<td style=\"width: 100%;height: 24px\">Discente: JULIA BREHM DOS SANTOS<\/td>\n<\/tr>\n<tr style=\"height: 24px\">\n<td style=\"width: 100%;height: 24px\">Orientador: RICARDO DE SOUZA ROCHA<\/td>\n<\/tr>\n<tr style=\"height: 24px\">\n<td style=\"width: 100%;height: 24px\">T\u00edtulo: <a href=\"https:\/\/sucupira.capes.gov.br\/sucupira\/public\/consultas\/coleta\/trabalhoConclusao\/viewTrabalhoConclusao.jsf?popup=true&amp;id_trabalho=9349048\">PAISAGENS, ECOSSISTEMAS, CRESCIMENTO URBANO E SUAS INTER-RELA\u00c7\u00d5ES: O CASO DE CAP\u00c3O DA CANOA, LITORAL NORTE GA\u00daCHO<\/a><\/td>\n<\/tr>\n<\/tbody>\n<\/table>\n<table style=\"width: 99.3242%;height: 71px\">\n<tbody>\n<tr style=\"height: 24px\">\n<td style=\"width: 100%;height: 24px\">Discente: LUCIANA ROCHA RIBEIRO<\/td>\n<\/tr>\n<tr style=\"height: 24px\">\n<td style=\"width: 100%;height: 24px\">Orientador: MINEIA JOHANN SCHERER<\/td>\n<\/tr>\n<tr style=\"height: 24px\">\n<td style=\"width: 100%;height: 24px\">T\u00edtulo: <a href=\"https:\/\/sucupira.capes.gov.br\/sucupira\/public\/consultas\/coleta\/trabalhoConclusao\/viewTrabalhoConclusao.jsf?popup=true&amp;id_trabalho=9951892\">USO DE PAREDES VIVAS NA QUALIDADE DO AMBIENTE INTERNO:ESTUDO DE CASO EM SALA DE AULA NA CIDADE DE SANTA MARIA &#8211; RS<\/a><\/td>\n<\/tr>\n<\/tbody>\n<\/table>\n<table style=\"color: initial;width: 99.1581%;height: 55px\">\n<tbody>\n<tr style=\"height: 24px\">\n<td style=\"width: 100%;height: 24px\">Discente: MARCELO PISSUTTI<\/td>\n<\/tr>\n<tr style=\"height: 24px\">\n<td style=\"width: 100%;height: 24px\">Orientador: RICARDO DE SOUZA ROCHA<\/td>\n<\/tr>\n<tr style=\"height: 24px\">\n<td style=\"width: 100%;height: 24px\">T\u00edtulo:<a href=\"https:\/\/sucupira.capes.gov.br\/sucupira\/public\/consultas\/coleta\/trabalhoConclusao\/viewTrabalhoConclusao.jsf?popup=true&amp;id_trabalho=9952947\"> ROTA DAS EDIFICA\u00c7\u00d5ES CAT\u00d3LICAS EM SILVEIRA MARTINS\/RS: CARACTERIZA\u00c7\u00c3O DO PATRIM\u00d4NIO E DA PAISAGEM CULTURAL<\/a><\/td>\n<\/tr>\n<\/tbody>\n<\/table>\n<table style=\"color: initial;width: 97.8239%;height: 36px\">\n<tbody>\n<tr style=\"height: 24px\">\n<td style=\"width: 100%;height: 24px\">Discente: RENATA MICHELON COCCO<\/td>\n<\/tr>\n<tr style=\"height: 24px\">\n<td style=\"width: 100%;height: 24px\">Orientador: LUIS GUILHERME AITA PIPPI<\/td>\n<\/tr>\n<tr style=\"height: 24px\">\n<td style=\"width: 100%;height: 24px\">T\u00edtulo: <a href=\"https:\/\/sucupira.capes.gov.br\/sucupira\/public\/consultas\/coleta\/trabalhoConclusao\/viewTrabalhoConclusao.jsf?popup=true&amp;id_trabalho=9952768\">ESPA\u00c7OS LIVRES P\u00daBLICOS POTENCIAIS PARA O LAZER E A RECREA\u00c7\u00c3O DA CIDADE DE SANTA MARIA, RS<\/a><\/td>\n<\/tr>\n<\/tbody>\n<\/table>\n<table style=\"color: initial;width: 103.15%;height: 72px\">\n<tbody>\n<tr style=\"height: 24px\">\n<td style=\"width: 100%;height: 24px\">Discente: WELLERSON PESSOTTO<\/td>\n<\/tr>\n<tr style=\"height: 24px\">\n<td style=\"width: 100%;height: 24px\">Orientador:\u00a0 ANDREA VALLI NUMMER<\/td>\n<\/tr>\n<tr style=\"height: 24px\">\n<td style=\"width: 100%;height: 24px\">T\u00edtulo: <a href=\"https:\/\/sucupira.capes.gov.br\/sucupira\/public\/consultas\/coleta\/trabalhoConclusao\/viewTrabalhoConclusao.jsf?popup=true&amp;id_trabalho=9953477\">ZONEAMENTO DE RISCO \u00c0 INUNDA\u00c7\u00c3O DE DOM PEDRITO-RS<\/a><\/td>\n<\/tr>\n<\/tbody>\n<\/table>\n<p><!-- \/wp:tadv\/classic-paragraph --><\/p>\n<p><!-- wp:tadv\/classic-paragraph \/--><\/p>\t\t\t\t\t\t<\/div>\n\t\t\t\t<\/div>\n\t\t\t\t\t<\/div>\n\t\t<\/div>\n\t\t\t\t\t<\/div>\n\t\t<\/section>\n\t\t\t\t<\/div>\n\t\t","protected":false},"excerpt":{"rendered":"<p>2023 &#8211;\u00a0 04 registro Discente: JULIANA\u00a0 ARRUA PACHECO Orientador:\u00a0 VANESSA GOULART DORNELES T\u00edtulo:\u00a0 A APROPRIA\u00c7\u00c3O DOS P\u00c1TIOS ESCOLARES E A IMPORT\u00c2NCIA\u00a0NO COTIDIANO DE SEUS USU\u00c1RIOS \u00a0 Discente: MAICON PINTO DE MORAES Orientador: LUIS GUILHERME AITA PIPPI T\u00edtulo: OBSOLESC\u00caNCIA DO ESPA\u00c7O: ABORDAGEM E COMPREENS\u00c3O DOS VAZIOS URBANOS EM CACHOEIRA DO SUL \u00a0 Discente: ANNA CLARA FRANZEN [&hellip;]<\/p>\n","protected":false},"author":2194,"featured_media":0,"parent":0,"menu_order":0,"comment_status":"closed","ping_status":"closed","template":"","meta":{"footnotes":""},"categories":[],"tags":[],"class_list":["post-984","page","type-page","status-publish","hentry"],"acf":[],"_links":{"self":[{"href":"https:\/\/www.ufsm.br\/cursos\/pos-graduacao\/santa-maria\/ppgaup\/wp-json\/wp\/v2\/pages\/984","targetHints":{"allow":["GET"]}}],"collection":[{"href":"https:\/\/www.ufsm.br\/cursos\/pos-graduacao\/santa-maria\/ppgaup\/wp-json\/wp\/v2\/pages"}],"about":[{"href":"https:\/\/www.ufsm.br\/cursos\/pos-graduacao\/santa-maria\/ppgaup\/wp-json\/wp\/v2\/types\/page"}],"author":[{"embeddable":true,"href":"https:\/\/www.ufsm.br\/cursos\/pos-graduacao\/santa-maria\/ppgaup\/wp-json\/wp\/v2\/users\/2194"}],"replies":[{"embeddable":true,"href":"https:\/\/www.ufsm.br\/cursos\/pos-graduacao\/santa-maria\/ppgaup\/wp-json\/wp\/v2\/comments?post=984"}],"version-history":[{"count":0,"href":"https:\/\/www.ufsm.br\/cursos\/pos-graduacao\/santa-maria\/ppgaup\/wp-json\/wp\/v2\/pages\/984\/revisions"}],"wp:attachment":[{"href":"https:\/\/www.ufsm.br\/cursos\/pos-graduacao\/santa-maria\/ppgaup\/wp-json\/wp\/v2\/media?parent=984"}],"wp:term":[{"taxonomy":"category","embeddable":true,"href":"https:\/\/www.ufsm.br\/cursos\/pos-graduacao\/santa-maria\/ppgaup\/wp-json\/wp\/v2\/categories?post=984"},{"taxonomy":"post_tag","embeddable":true,"href":"https:\/\/www.ufsm.br\/cursos\/pos-graduacao\/santa-maria\/ppgaup\/wp-json\/wp\/v2\/tags?post=984"}],"curies":[{"name":"wp","href":"https:\/\/api.w.org\/{rel}","templated":true}]}}