{"id":331,"date":"2019-04-11T08:00:13","date_gmt":"2019-04-11T11:00:13","guid":{"rendered":"https:\/\/www.ufsm.br\/cursos\/pos-graduacao\/santa-maria\/ppgba\/?page_id=331"},"modified":"2025-10-17T15:00:55","modified_gmt":"2025-10-17T18:00:55","slug":"informacoes-gerais","status":"publish","type":"page","link":"https:\/\/www.ufsm.br\/cursos\/pos-graduacao\/santa-maria\/ppgba\/informacoes-gerais","title":{"rendered":"Sobre"},"content":{"rendered":"\t\t<div data-elementor-type=\"wp-post\" data-elementor-id=\"331\" class=\"elementor elementor-331\">\n\t\t\t\t\t\t<section class=\"elementor-section elementor-top-section elementor-element elementor-element-54efb4e elementor-section-boxed elementor-section-height-default elementor-section-height-default\" data-id=\"54efb4e\" data-element_type=\"section\">\n\t\t\t\t\t\t<div class=\"elementor-container elementor-column-gap-default\">\n\t\t\t\t\t<div class=\"elementor-column elementor-col-100 elementor-top-column elementor-element elementor-element-dc3eda3\" data-id=\"dc3eda3\" data-element_type=\"column\">\n\t\t\t<div class=\"elementor-widget-wrap elementor-element-populated\">\n\t\t\t\t\t\t<div class=\"elementor-element elementor-element-cf3d1e8 elementor-widget elementor-widget-text-editor\" data-id=\"cf3d1e8\" data-element_type=\"widget\" data-widget_type=\"text-editor.default\">\n\t\t\t\t<div class=\"elementor-widget-container\">\n\t\t\t\t\t\t\t<p style=\"text-align: justify\">O Programa de P\u00f3s-gradua\u00e7\u00e3o em Biodiversidade Animal (PPGBA) est\u00e1 localizado no Campus Camobi \u2013 UFSM, na modalidade <strong>Mestrado <\/strong>e <strong>Doutorado Acad\u00eamicos<\/strong> \u2013 Presenciais. A \u00e1rea de conhecimento \u00e9 classificada como <strong>Biodiversidade<\/strong>. Atualmente, a coordena\u00e7\u00e3o \u00e9 de responsabilidade de\u00a0<strong>LIZANDRA JAQUELINE ROBE <\/strong><span style=\"font-size: 16px;font-weight: var( --e-global-typography-text-font-weight )\">e<\/span><strong> ATILA AUGUSTO STORCK DA ROSA<\/strong><span style=\"font-weight: var( --e-global-typography-text-font-weight )\"> (coordenador substituto) e a secretaria de <\/span><strong>SIDNEI SANTOS DA CRUZ<\/strong><span style=\"font-weight: var( --e-global-typography-text-font-weight )\">.<\/span><\/p><p style=\"text-align: justify\">Este Programa foi criado para 1) proporcionar qualifica\u00e7\u00e3o de recursos humanos em \u00e1reas estrat\u00e9gicas, de forma a promover o desenvolvimento sustent\u00e1vel local, regional e nacional; 2) para a gera\u00e7\u00e3o e difus\u00e3o de conhecimentos cient\u00edficos na \u00e1rea de Biodiversidade Animal e afins; e 3) para o aumento dos \u00edndices de fixa\u00e7\u00e3o de docentes-pesquisadores de elevada capacita\u00e7\u00e3o cient\u00edfica em \u00e1reas carentes do pa\u00eds. O\u00a0<strong>PPGBA<\/strong>\u00a0constitui-se em uma unidade do\u00a0<strong>Centro de Ci\u00eancias Naturais e Exatas (CCNE)<\/strong>\u00a0da Universidade Federal de Santa Maria (UFSM).<\/p><p style=\"text-align: justify\">O Programa iniciou-se com o curso de Mestrado em Biodiversidade Animal em 2003, e em 2009 iniciou-se a primeira turma do curso de Doutorado. At\u00e9 o ano de 2022, 246 defesas foram realizadas, sendo 190 defesas de Mestrado e 56 defesas de Doutorado. Atualmente, o Programa conta com\u00a0<strong>62 alunos matriculados<\/strong>, dos quais 28 s\u00e3o mestrandos e 34 s\u00e3o doutorandos.<\/p><p style=\"text-align: justify\"><strong>Consolida\u00e7\u00e3o do\u00a0corpo docente:<\/strong><\/p><p style=\"text-align: justify\">Atualmente, dos <strong>15 docentes do n\u00facleo permanente<\/strong>, 9 (60%) s\u00e3o atualmente <strong>bolsistas de Produtividade em Pesquisa do CNPq (PQ-CNPq)<\/strong>, como listado abaixo:<\/p><ul style=\"text-align: justify\"><li>Andr\u00e9 P. Schuch (Pq2);<\/li><li>Andressa Paladini (Pq2);<\/li><li>Leonardo Kerber\u00a0(Pq2);<\/li><li>Lizandra Jaqueline Robe (Pq2);<\/li><li>Nilton C\u00e1ceres (Pq1C);<\/li><li>Sandro Santos (Pq1B);<\/li><li>S\u00e9rgio Dias da Silva (Pq2);<\/li><li>S\u00f4nia Zanini Cechin (Pq1B);<\/li><li>Tiago Gomes dos Santos (Pq2);<\/li><\/ul><p style=\"text-align: justify\">H\u00e1 expectativa de que o n\u00famero de bolsistas PQ-CNPq aumente nos pr\u00f3ximos anos, principalmente ao longo do pr\u00f3ximo quadri\u00eanio, principalmente por meio da forma\u00e7\u00e3o de mestres e doutores pelos 5 \u00faltimos docentes recentemente vinculados ao Programa (Cristian Sales Dambros, Fl\u00e1vio Pretto, Mariana Bender Gomes, Marcelo Weber e Rodrigo M\u00fcller).<\/p><p style=\"text-align: justify\"><strong>Miss\u00e3o:<\/strong><\/p><p style=\"text-align: justify\">Formar recursos humanos qualificados, Mestres e Doutores, com perfil multidisciplinar e sist\u00eamico, cr\u00edtico e reflexivo, consciente do seu papel na sociedade e aptos a promoverem o desenvolvimento cient\u00edfico e social do Rio Grande do Sul e de outras regi\u00f5es do pa\u00eds, bem como gerar e difundir conhecimento cient\u00edfico de alta qualidade, por meio de pesquisas integradas, com foco na ecologia, sistem\u00e1tica e evolu\u00e7\u00e3o do reino animal, como base para a conserva\u00e7\u00e3o e manejo da fauna.<\/p><p style=\"text-align: justify\"><strong>Objetivos:<\/strong><\/p><p style=\"text-align: justify\">O PPG Biodiversidade Animal trabalha com foco constante para alcan\u00e7ar de forma r\u00e1pida, objetiva e transparente os padr\u00f5es de excel\u00eancia acad\u00eamica exigidos pela Capes. Desta forma, o nosso objetivo principal consiste em nos tornarmos um PPG de excel\u00eancia acad\u00eamica na \u00e1rea de Biodiversidade no interior do estado do Rio Grande do Sul. Assim, objetivos espec\u00edficos foram implementados nesse quadri\u00eanio e alguns, que n\u00e3o vinham dando resultados satisfat\u00f3rios, foram reeditados para serem implementados nos pr\u00f3ximos anos:<\/p><p style=\"text-align: justify\"><strong>Objetivos implementados no quadri\u00eanio 2017-2020:<\/strong><\/p><p style=\"text-align: justify\">&#8211; Reformula\u00e7\u00e3o das \u00e1reas de concentra\u00e7\u00e3o, linhas de pesquisa e projetos principais do programa;<\/p><p style=\"text-align: justify\">&#8211; Reformula\u00e7\u00e3o do quadro de docentes com a cria\u00e7\u00e3o e divulga\u00e7\u00e3o de novos crit\u00e9rios de manuten\u00e7\u00e3o e credenciamento de docentes;<\/p><p style=\"text-align: justify\">&#8211; Reformula\u00e7\u00e3o das ementas das disciplinas ofertadas e cria\u00e7\u00e3o de novas disciplinas;<\/p><p style=\"text-align: justify\">&#8211; Elabora\u00e7\u00e3o do Projeto CAPES-PRINT de internacionaliza\u00e7\u00e3o junto \u00e0 Pr\u00f3-reitora de P\u00f3s-Gradua\u00e7\u00e3o e Pesquisa (<em>PRPGP<\/em>) da UFSM;<\/p><p style=\"text-align: justify\">&#8211; Maior acompanhamento dos egressos formados pelo Programa, por meio de elabora\u00e7\u00e3o e envio de um formul\u00e1rio eletr\u00f4nico para an\u00e1lise das novas atividades profissionais desenvolvidas pelos Mestres e Doutores formados no PPGBA-UFSM;<\/p><p style=\"text-align: justify\">&#8211; Cria\u00e7\u00e3o de novas comiss\u00f5es junto ao Colegiado do Programa, al\u00e9m das comiss\u00f5es de bolsas e de sele\u00e7\u00e3o de alunos de Mestrado e Doutorado, como: comiss\u00e3o de acompanhamento de aluno, comiss\u00e3o de sele\u00e7\u00e3o de bolsistas p\u00f3s-doc e comiss\u00e3o de gest\u00e3o;<\/p><p style=\"text-align: justify\">&#8211; Cria\u00e7\u00e3o de novas Resolu\u00e7\u00f5es Normativas que disp\u00f5em sobre a avalia\u00e7\u00e3o docente, crit\u00e9rios para credenciamento e manuten\u00e7\u00e3o de docentes; sobre os crit\u00e9rios de distribui\u00e7\u00e3o e manuten\u00e7\u00e3o de bolsas; e cria\u00e7\u00e3o do Guia do Estudante 2021, que \u00e9 um guia de boas-vindas aos nossos alunos, com orienta\u00e7\u00f5es b\u00e1sicas sobre a cidade e regi\u00e3o, funcionamento do PPG, da p\u00f3s-gradua\u00e7\u00e3o e da UFSM em geral.<\/p><p style=\"text-align: justify\">&#8211; Esfor\u00e7o para sincronizar e manter atualizadas as informa\u00e7\u00f5es dos bancos de dados da secretaria, plataforma Sucupira e site do Programa, de modo que seja alcan\u00e7ada a plena transpar\u00eancia das decis\u00f5es tomadas pelo Colegiado e comiss\u00f5es, al\u00e9m de uma ampla difus\u00e3o das informa\u00e7\u00f5es.<\/p><p style=\"text-align: justify\"><strong>Objetivos reeditados para serem implementados nos pr\u00f3ximos anos (2021-2028):<\/strong><\/p><p style=\"text-align: justify\"><em>Objetivo 1:<\/em> Desenvolver e ampliar o impacto do PPG na sociedade, por meio de a\u00e7\u00f5es que promovam a extens\u00e3o e divulga\u00e7\u00e3o cient\u00edfica.<\/p><p style=\"text-align: justify\"><em>Objetivo 2:<\/em> ampliar a produ\u00e7\u00e3o qualificada do PPG, especialmente aquelas com participa\u00e7\u00e3o de discentes\/egressos.<\/p><p style=\"text-align: justify\"><em>Objetivo 3: <\/em>reduzir a varia\u00e7\u00e3o na produtividade e forma\u00e7\u00e3o vinculada aos docentes do NP.<\/p><p style=\"text-align: justify\"><em>Objetivo 4: <\/em>ampliar a participa\u00e7\u00e3o do corpo docente nas atividades gerais desenvolvidas no PPG, priorizando o aumento da qualidade da forma\u00e7\u00e3o de discentes.<\/p><p style=\"text-align: justify\"><strong>Articula\u00e7\u00e3o, ader\u00eancia e atualiza\u00e7\u00e3o das \u00e1reas de concentra\u00e7\u00e3o, linhas de pesquisa e projetos em andamento.<\/strong><\/p><p style=\"text-align: justify\">No ano de 2017, as \u00e1reas de concentra\u00e7\u00e3o, linhas de pesquisa e projetos em andamento foram reestruturados e atualizados. Hoje, academicamente, o Programa est\u00e1 alicer\u00e7ado em duas \u00e1reas de concentra\u00e7\u00e3o com grande ader\u00eancia \u00e0 \u00e1rea de Biodiversidade: 1) Ecologia e Conserva\u00e7\u00e3o e 2) Sistem\u00e1tica e Evolu\u00e7\u00e3o. Cada uma destas \u00e1reas possui, atualmente, uma linha de pesquisa: Ecologia de Popula\u00e7\u00f5es e Comunidades e Sistem\u00e1tica e Ecologia Evolutiva, respectivamente. Cada linha de pesquisa possui tr\u00eas principais projetos. A linha Ecologia de Popula\u00e7\u00f5es e Comunidades possui os seguintes projetos principais: 1) Efeitos de Processos Neutros e de Nicho sobre a Diversidade; 2) Ecologia Qu\u00edmica e Fisiol\u00f3gica; 3) Ecologia e Conserva\u00e7\u00e3o de Esp\u00e9cies. A linha Sistem\u00e1tica e Ecologia Evolutiva possui os seguintes projetos principais: 1) Sistem\u00e1tica e Ecologia Evolutiva da Fauna Neotropical; 2) Padr\u00f5es e Processos Micro e Macroevolutivos na Fauna Neotropical; 3) Morfologia, Taxonomia e Sistem\u00e1tica de Grupos Extintos.<\/p><p style=\"text-align: justify\">As pesquisas coordenadas pelos orientadores do PPGBA abrangem diversos grupos biol\u00f3gicos, como organismos eucariontes invertebrados e vertebrados, existentes em diferentes ambientes terrestres, de \u00e1gua doce e marinhos, da regi\u00e3o Neotropical e do mundo. Seus projetos de pesquisas baseiam-se em metodologias cl\u00e1ssicas da zoologia, como a an\u00e1lise de dados de hist\u00f3ria natural e morfol\u00f3gicos, assim como em metodologias mais recentes que incluem a an\u00e1lise de dados moleculares, de distribui\u00e7\u00e3o geogr\u00e1fica, comportamentais, fisiol\u00f3gicos e ecol\u00f3gicos, englobando ferramentas de an\u00e1lises associadas aos campos da paleontologia, sistem\u00e1tica e infer\u00eancia filogen\u00e9tica, filogeografia e din\u00e2mica de popula\u00e7\u00f5es, biogeografia e macroecologia, biologia evolutiva do desenvolvimento, gen\u00e9tica e biologia molecular, bioqu\u00edmica, comportamento animal e biologia da conserva\u00e7\u00e3o.<\/p><p style=\"text-align: justify\">Ao longo do quadri\u00eanio 2017-2020, 18 docentes do PPGBA foram respons\u00e1veis pela execu\u00e7\u00e3o de 45 projetos com financiamento aprovado por ag\u00eancias de fomento p\u00fablicas ou por entidades privadas nacionais e internacionais, sendo que, 26 destes, estiveram em andamento no ano de 2020. Estes projetos envolvem em sua maioria colabora\u00e7\u00f5es internacionais e s\u00e3o de alta relev\u00e2ncia para o desenvolvimento nacional. Tamb\u00e9m destacamos que docentes do nosso n\u00facleo permanente fazem parte da equipe de tr\u00eas projetos de um dos maiores programas de ci\u00eancia e tecnologia do Brasil, o Programa Institutos Nacionais de Ci\u00eancia e Tecnologia (INCTs \u2013 CNPq), que s\u00e3o: o INCT Ecologia, Evolu\u00e7\u00e3o e Conserva\u00e7\u00e3o da Biodiversidade, o INCT Toxicologia Aqu\u00e1tica e o INCT Adapta.<\/p><p style=\"text-align: justify\">Al\u00e9m disso, hoje o programa possui docentes e discentes participando dos principais projetos cient\u00edficos na \u00e1rea da biodiversidade no pa\u00eds. Cabe destacar que, al\u00e9m da participa\u00e7\u00e3o de nossos docentes em tr\u00eas Institutos Nacionais de Ci\u00eancia e Tecnologia do CNPq, temos docentes atuando no Programa de Pesquisas em Biodiversidade (PPBio Amaz\u00f4nia, Mata Atl\u00e2ntica e Pampa) e no projeto SinBiose, o maior projeto de s\u00edntese de dados do CNPq. Ainda, em rela\u00e7\u00e3o ao SinBiose, a Universidade Federal de Santa Maria, atrav\u00e9s de novos professores do programa, \u00e9 a institui\u00e7\u00e3o executora de um dos sete projetos nacionais de s\u00edntese de dados (ReefSin).<\/p><p style=\"text-align: justify\">Tamb\u00e9m \u00e9 extremamente importante destacar que o PPGBA est\u00e1 entre os Programas de P\u00f3s-gradua\u00e7\u00e3o da UFSM selecionados para participar na proposta da UFSM aprovada no Edital Capes-Print. Por fim, tamb\u00e9m ressaltamos o nosso esfor\u00e7o para que o nosso Programa fosse selecionado para fazer parte do Projeto Institucional da UFSM aprovado na Chamada CNPq N. 1\/2019 &#8211; Apoio a Forma\u00e7\u00e3o de Doutores em \u00c1reas Estrat\u00e9gicas. O Programa de P\u00f3s-Gradua\u00e7\u00e3o consolidado escolhido como parceiro para formar a rede de pesquisa conosco foi o Programa de P\u00f3s-Gradua\u00e7\u00e3o em Ecologia e Evolu\u00e7\u00e3o da Universidade Federal de Goi\u00e1s, que recebeu nota 7 na \u00faltima Avalia\u00e7\u00e3o Quadrienal da CAPES, realizada em 2017. O PPG em Ecologia e Evolu\u00e7\u00e3o da UFG foi criado em 2003 e, ao longo dos anos, este Programa foi se consolidando e hoje possui reconhecimento internacional, com grande capacidade de atra\u00e7\u00e3o de alunos, docentes, jovens pesquisadores e colaboradores no Brasil e no exterior. Hoje, este representa o \u00fanico Programa de P\u00f3s-Gradua\u00e7\u00e3o com nota m\u00e1xima (conceito 7) em toda a regi\u00e3o Centro-Oeste, al\u00e9m de ser refer\u00eancia internacional em pesquisas em Ecologia, se destacando como um dos principais programas de p\u00f3s-gradua\u00e7\u00e3o no Brasil. Com o estreitamento dessa parceria, esperamos que a forma\u00e7\u00e3o conjunta dos nossos alunos de doutorado traga para o dia-a-dia do PPG Biodiversidade Animal da UFSM as experi\u00eancias de internacionaliza\u00e7\u00e3o e produ\u00e7\u00e3o acad\u00eamica que marcam o PPG Ecologia e Evolu\u00e7\u00e3o da UFSM<\/p>\t\t\t\t\t\t<\/div>\n\t\t\t\t<\/div>\n\t\t\t\t\t<\/div>\n\t\t<\/div>\n\t\t\t\t\t<\/div>\n\t\t<\/section>\n\t\t\t\t<\/div>\n\t\t","protected":false},"excerpt":{"rendered":"<p>O Programa de P\u00f3s-gradua\u00e7\u00e3o em Biodiversidade Animal (PPGBA) est\u00e1 localizado no Campus Camobi \u2013 UFSM, na modalidade Mestrado e Doutorado Acad\u00eamicos \u2013 Presenciais. A \u00e1rea de conhecimento \u00e9 classificada como Biodiversidade. Atualmente, a coordena\u00e7\u00e3o \u00e9 de responsabilidade de\u00a0LIZANDRA JAQUELINE ROBE e ATILA AUGUSTO STORCK DA ROSA (coordenador substituto) e a secretaria de SIDNEI SANTOS DA [&hellip;]<\/p>\n","protected":false},"author":760,"featured_media":0,"parent":0,"menu_order":0,"comment_status":"closed","ping_status":"closed","template":"","meta":{"footnotes":""},"categories":[],"tags":[],"class_list":["post-331","page","type-page","status-publish","hentry"],"acf":[],"_links":{"self":[{"href":"https:\/\/www.ufsm.br\/cursos\/pos-graduacao\/santa-maria\/ppgba\/wp-json\/wp\/v2\/pages\/331","targetHints":{"allow":["GET"]}}],"collection":[{"href":"https:\/\/www.ufsm.br\/cursos\/pos-graduacao\/santa-maria\/ppgba\/wp-json\/wp\/v2\/pages"}],"about":[{"href":"https:\/\/www.ufsm.br\/cursos\/pos-graduacao\/santa-maria\/ppgba\/wp-json\/wp\/v2\/types\/page"}],"author":[{"embeddable":true,"href":"https:\/\/www.ufsm.br\/cursos\/pos-graduacao\/santa-maria\/ppgba\/wp-json\/wp\/v2\/users\/760"}],"replies":[{"embeddable":true,"href":"https:\/\/www.ufsm.br\/cursos\/pos-graduacao\/santa-maria\/ppgba\/wp-json\/wp\/v2\/comments?post=331"}],"version-history":[{"count":0,"href":"https:\/\/www.ufsm.br\/cursos\/pos-graduacao\/santa-maria\/ppgba\/wp-json\/wp\/v2\/pages\/331\/revisions"}],"wp:attachment":[{"href":"https:\/\/www.ufsm.br\/cursos\/pos-graduacao\/santa-maria\/ppgba\/wp-json\/wp\/v2\/media?parent=331"}],"wp:term":[{"taxonomy":"category","embeddable":true,"href":"https:\/\/www.ufsm.br\/cursos\/pos-graduacao\/santa-maria\/ppgba\/wp-json\/wp\/v2\/categories?post=331"},{"taxonomy":"post_tag","embeddable":true,"href":"https:\/\/www.ufsm.br\/cursos\/pos-graduacao\/santa-maria\/ppgba\/wp-json\/wp\/v2\/tags?post=331"}],"curies":[{"name":"wp","href":"https:\/\/api.w.org\/{rel}","templated":true}]}}