{"id":369,"date":"2019-05-10T10:12:15","date_gmt":"2019-05-10T13:12:15","guid":{"rendered":"https:\/\/www.ufsm.br\/cursos\/pos-graduacao\/santa-maria\/ppgba\/?page_id=369"},"modified":"2019-05-10T10:12:17","modified_gmt":"2019-05-10T13:12:17","slug":"concurso-fotografia","status":"publish","type":"page","link":"https:\/\/www.ufsm.br\/cursos\/pos-graduacao\/santa-maria\/ppgba\/concurso-fotografia","title":{"rendered":"Concurso Fotografia"},"content":{"rendered":"\n<p class=\"font_8\"><span class=\"color_16\">REGULAMENTO DO CONCURSO DE FOTOGRAFIA ZOOL\u00d3GICA<\/span><\/p>\n<p class=\"font_8\"><span class=\"color_16\">A mostra fotogr\u00e1fica do Simp\u00f3sio de biodiversidade tem o interesse de divulgar a nossa biodiversidade, incentivando os participantes do evento a apresentarem suas melhores fotografias.<\/span><\/p>\n<p class=\"font_8\"><span class=\"color_16\">1.Cada participante poder\u00e1 submeter para a mostra at\u00e9 tr\u00eas imagens.<\/span><\/p>\n<p class=\"font_8\"><span class=\"color_16\">2.As fotografias n\u00e3o precisam ser profissionais. A \u00fanica restri\u00e7\u00e3o \u00e9 com rela\u00e7\u00e3o a qualidade da imagem (n\u00famero de pixels), que precisa ser compat\u00edvel com uma impress\u00e3o em tamanho 20 x 25 cm.<\/span><\/p>\n<p class=\"font_8\"><span class=\"color_16\">3.Cada participante se responsabilizar\u00e1 pela montagem da moldura de sua(s) fotografia(s), levando em considera\u00e7\u00e3o os seguintes padr\u00f5es:<br \/>-a fotografia dever\u00e1 ser fixada em cartolina preta e centralizada no papel, apresentando 5 cm em cada margem;)<br \/>-uma etiqueta contendo t\u00edtulo da fotografia, esp\u00e9cie (nome popular e cient\u00edfico).<\/span><\/p>\n<p class=\"font_8\"><span class=\"color_16\">4.N\u00e3o h\u00e1 custo adicional para a participa\u00e7\u00e3o da mostra fotogr\u00e1fica e haver\u00e1 premia\u00e7\u00e3o para as melhores fotografias.<\/span><\/p>\n<p class=\"font_8\"><span class=\"color_16\">5.Para a inscri\u00e7\u00e3o das fotografias \u00e9 preciso estar inscrito no evento.<\/span><\/p>\n<p class=\"font_8\"><span class=\"color_16\">6.\u00a0As fotografias devem abordar temas relacionados a biodiversidade.<\/span><\/p>\n<p class=\"font_8\"><span class=\"color_16\">7.O t\u00edtulo da foto \u00e9 de car\u00e1ter art\u00edstico e fica a cargo do autor da fotografia.<\/span><\/p>\n<p class=\"font_8\"><span class=\"color_16\">8.Para a mostra fotogr\u00e1fica, os autores dever\u00e3o trazer c\u00f3pia impressa da fotografia em formato 20x25cm e entreg\u00e1-las na recep\u00e7\u00e3o do evento no primeiro dia deste.<\/span><\/p>\n<p class=\"font_8\"><span class=\"color_16\">9.\u00a0As fotografias permanecer\u00e3o expostas do primeiro at\u00e9 o \u00faltimo dia do Evento, quando ser\u00e3o devolvidas aos seus autores;<\/span><\/p>\n<p class=\"font_8\"><span class=\"color_16\">10.As fotografias dever\u00e3o ser enviadas para o e-mail\u00a0\u00a0(\u00a0<a href=\"mailto:fotografiasisbio2015@gmail.com\" target=\"_self\" data-content=\"fotografiasisbio2015@gmail.com\" data-type=\"mail\" rel=\"noopener noreferrer\">fotografiasisbio2017@gmail.com<\/a>) at\u00e9 10 de novembro de 2017 em arquivo JPG com tamanho m\u00e1ximo de 2MB, j\u00e1 nomeada. \u00a0<\/span><\/p>\n<p class=\"font_8\"><span class=\"color_16\">11.\u00a0Fotografias enviadas fora das normas e prazo de submiss\u00e3o n\u00e3o ser\u00e3o consideradas. Apenas trabalhos originais ser\u00e3o expostos durante o congresso. A constata\u00e7\u00e3o de manipula\u00e7\u00e3o da foto por meios eletr\u00f4nicos tamb\u00e9m desclassificar\u00e1 o candidato e impedir\u00e1 que a foto seja exposta e concorra aos pr\u00eamios.<\/span><\/p>\n<p class=\"font_8\"><span class=\"color_16\">12.\u00a0As melhores fotos ser\u00e3o escolhidas pelos participantes do simp\u00f3sio atrav\u00e9s de uma vota\u00e7\u00e3o no \u00faltimo dia do evento.\u00a0\u00a0Todos os participantes do\u00a0simp\u00f3sio receber\u00e3o uma c\u00e9dula junto com o material do Congresso. O voto com o n\u00famero da fotografia escolhida dever\u00e1 ser depositado numa urna pr\u00f3ximo \u00e0 exposi\u00e7\u00e3o, at\u00e9 12:30 do \u00faltimo dia do Congresso.<\/span><\/p>\n<p class=\"font_8\"><span class=\"color_16\">Solicitamos que inscrevam na mostra apenas fotos originais e de\u00a0AUTORIA PR\u00d3PRIA.<br \/>O Simp\u00f3sio de Biodiversidade 2017 n\u00e3o se responsabiliza por pl\u00e1gios feitos por participantes do evento.<\/span><\/p>\n","protected":false},"excerpt":{"rendered":"<p>REGULAMENTO DO CONCURSO DE FOTOGRAFIA ZOOL\u00d3GICA A mostra fotogr\u00e1fica do Simp\u00f3sio de biodiversidade tem o interesse de divulgar a nossa biodiversidade, incentivando os participantes do evento a apresentarem suas melhores fotografias. 1.Cada participante poder\u00e1 submeter para a mostra at\u00e9 tr\u00eas imagens. 2.As fotografias n\u00e3o precisam ser profissionais. A \u00fanica restri\u00e7\u00e3o \u00e9 com rela\u00e7\u00e3o a qualidade [&hellip;]<\/p>\n","protected":false},"author":115,"featured_media":0,"parent":0,"menu_order":0,"comment_status":"closed","ping_status":"closed","template":"","meta":{"footnotes":""},"categories":[],"tags":[],"class_list":["post-369","page","type-page","status-publish","hentry"],"acf":[],"_links":{"self":[{"href":"https:\/\/www.ufsm.br\/cursos\/pos-graduacao\/santa-maria\/ppgba\/wp-json\/wp\/v2\/pages\/369","targetHints":{"allow":["GET"]}}],"collection":[{"href":"https:\/\/www.ufsm.br\/cursos\/pos-graduacao\/santa-maria\/ppgba\/wp-json\/wp\/v2\/pages"}],"about":[{"href":"https:\/\/www.ufsm.br\/cursos\/pos-graduacao\/santa-maria\/ppgba\/wp-json\/wp\/v2\/types\/page"}],"author":[{"embeddable":true,"href":"https:\/\/www.ufsm.br\/cursos\/pos-graduacao\/santa-maria\/ppgba\/wp-json\/wp\/v2\/users\/115"}],"replies":[{"embeddable":true,"href":"https:\/\/www.ufsm.br\/cursos\/pos-graduacao\/santa-maria\/ppgba\/wp-json\/wp\/v2\/comments?post=369"}],"version-history":[{"count":0,"href":"https:\/\/www.ufsm.br\/cursos\/pos-graduacao\/santa-maria\/ppgba\/wp-json\/wp\/v2\/pages\/369\/revisions"}],"wp:attachment":[{"href":"https:\/\/www.ufsm.br\/cursos\/pos-graduacao\/santa-maria\/ppgba\/wp-json\/wp\/v2\/media?parent=369"}],"wp:term":[{"taxonomy":"category","embeddable":true,"href":"https:\/\/www.ufsm.br\/cursos\/pos-graduacao\/santa-maria\/ppgba\/wp-json\/wp\/v2\/categories?post=369"},{"taxonomy":"post_tag","embeddable":true,"href":"https:\/\/www.ufsm.br\/cursos\/pos-graduacao\/santa-maria\/ppgba\/wp-json\/wp\/v2\/tags?post=369"}],"curies":[{"name":"wp","href":"https:\/\/api.w.org\/{rel}","templated":true}]}}