{"id":1751,"date":"2013-09-06T21:13:15","date_gmt":"2013-09-07T00:13:15","guid":{"rendered":"http:\/\/w3.ufsm.br\/ppgi\/?page_id=1751"},"modified":"2013-09-06T21:13:15","modified_gmt":"2013-09-07T00:13:15","slug":"everton-alceu-carara","status":"publish","type":"page","link":"https:\/\/www.ufsm.br\/cursos\/pos-graduacao\/santa-maria\/ppgcc\/everton-alceu-carara","title":{"rendered":"Docente &#8211; Everton Alceu Carara"},"content":{"rendered":"<table>\n<tbody>\n<tr>\n<td><img decoding=\"async\" src=\"http:\/\/servicosweb.cnpq.br\/wspessoa\/servletrecuperafoto?tipo=1&amp;id=K4731784J3\" alt=\"foto\" width=\"95px\" \/><\/td>\n<td><\/td>\n<td align=\"top\"><strong>Doutor em Ci\u00eancia da Computa\u00e7\u00e3o (PUC-RS, Brasil, 2011)<\/strong><br \/>\n<strong> <\/strong>Contato:<br \/>\nHome Page:<br \/>\nLattes:\u00a0<a href=\"http:\/\/lattes.cnpq.br\/4818062789310854\">http:\/\/lattes.cnpq.br\/4818062789310854<\/a><\/td>\n<\/tr>\n<\/tbody>\n<\/table>\n<p><strong>\u00c1reas<\/strong><\/p>\n<ul>\n<li>Projeto, simula\u00e7\u00e3o e prototipa\u00e7\u00e3o (FPGA) de sistemas digitais<\/li>\n<li>Sistemas em chip (SoCs)<\/li>\n<li>Redes intra-chip (NoCs)<\/li>\n<li>Sistemas multiprocessados em chip (MPSoCs)<\/li>\n<\/ul>\n<p><strong>Linhas de Pesquisa<\/strong><\/p>\n<ul>\n<li>Microeletr\u00f4nica e Processamento de Sinais<\/li>\n<\/ul>\n<p>&nbsp;<\/p>\n<p>&nbsp;<\/p>\n","protected":false},"excerpt":{"rendered":"<p>Doutor em Ci\u00eancia da Computa\u00e7\u00e3o (PUC-RS, Brasil, 2011) Contato: Home Page: Lattes:\u00a0http:\/\/lattes.cnpq.br\/4818062789310854 \u00c1reas Projeto, simula\u00e7\u00e3o e prototipa\u00e7\u00e3o (FPGA) de sistemas digitais Sistemas em chip (SoCs) Redes intra-chip (NoCs) Sistemas multiprocessados em chip (MPSoCs) Linhas de Pesquisa Microeletr\u00f4nica e Processamento de Sinais &nbsp; &nbsp;<\/p>\n","protected":false},"author":25,"featured_media":0,"parent":0,"menu_order":0,"comment_status":"closed","ping_status":"closed","template":"","meta":{"footnotes":""},"categories":[],"tags":[],"class_list":["post-1751","page","type-page","status-publish","hentry"],"acf":[],"_links":{"self":[{"href":"https:\/\/www.ufsm.br\/cursos\/pos-graduacao\/santa-maria\/ppgcc\/wp-json\/wp\/v2\/pages\/1751","targetHints":{"allow":["GET"]}}],"collection":[{"href":"https:\/\/www.ufsm.br\/cursos\/pos-graduacao\/santa-maria\/ppgcc\/wp-json\/wp\/v2\/pages"}],"about":[{"href":"https:\/\/www.ufsm.br\/cursos\/pos-graduacao\/santa-maria\/ppgcc\/wp-json\/wp\/v2\/types\/page"}],"author":[{"embeddable":true,"href":"https:\/\/www.ufsm.br\/cursos\/pos-graduacao\/santa-maria\/ppgcc\/wp-json\/wp\/v2\/users\/25"}],"replies":[{"embeddable":true,"href":"https:\/\/www.ufsm.br\/cursos\/pos-graduacao\/santa-maria\/ppgcc\/wp-json\/wp\/v2\/comments?post=1751"}],"version-history":[{"count":0,"href":"https:\/\/www.ufsm.br\/cursos\/pos-graduacao\/santa-maria\/ppgcc\/wp-json\/wp\/v2\/pages\/1751\/revisions"}],"wp:attachment":[{"href":"https:\/\/www.ufsm.br\/cursos\/pos-graduacao\/santa-maria\/ppgcc\/wp-json\/wp\/v2\/media?parent=1751"}],"wp:term":[{"taxonomy":"category","embeddable":true,"href":"https:\/\/www.ufsm.br\/cursos\/pos-graduacao\/santa-maria\/ppgcc\/wp-json\/wp\/v2\/categories?post=1751"},{"taxonomy":"post_tag","embeddable":true,"href":"https:\/\/www.ufsm.br\/cursos\/pos-graduacao\/santa-maria\/ppgcc\/wp-json\/wp\/v2\/tags?post=1751"}],"curies":[{"name":"wp","href":"https:\/\/api.w.org\/{rel}","templated":true}]}}