{"id":3611,"date":"2022-03-18T16:54:01","date_gmt":"2022-03-18T19:54:01","guid":{"rendered":"https:\/\/www.ufsm.br\/cursos\/pos-graduacao\/santa-maria\/ppgcc\/?page_id=3611"},"modified":"2023-03-21T13:39:18","modified_gmt":"2023-03-21T16:39:18","slug":"prorrogacao-de-prazo-de-defesa","status":"publish","type":"page","link":"https:\/\/www.ufsm.br\/cursos\/pos-graduacao\/santa-maria\/ppgcc\/prorrogacao-de-prazo-de-defesa","title":{"rendered":"Prorroga\u00e7\u00e3o de prazo de defesa."},"content":{"rendered":"\n<p>O mestrado em Ci\u00eancia da Computa\u00e7\u00e3o tem dura\u00e7\u00e3o m\u00ednima de 12 meses e m\u00e1xima de 24 meses. Contudo, aluno de mestrado poder\u00e1 requerer a prorroga\u00e7\u00e3o de prazo para efetuar a defesa da disserta\u00e7\u00e3o. O prazo de 24 meses poder\u00e1 ser prorrogado por at\u00e9 6 meses para alunos que receberam bolsa de estudos. Para alunos n\u00e3o-bolsistas, \u00e9 poss\u00edvel requerer mais 6 meses adicionais ap\u00f3s a primeira prorroga\u00e7\u00e3o (um total de 12 meses).<br \/><br \/>O pedido de prorroga\u00e7\u00e3o deve ser feito pelo aluno, mediante justificativa, com anu\u00eancia do professor orientador. A regulariza\u00e7\u00e3o do prazo de conclus\u00e3o do curso deve ser feita atrav\u00e9s da abertura de um processo administrativo via Processo Eletr\u00f4nico Nacional (PEN). Ap\u00f3s a abertura do PEN, o pedido de prorroga\u00e7\u00e3o ser\u00e1 analisado pelo Colegiado do PPGCC. Seguem abaixo os documentos necess\u00e1rios para a abertura do processo de prorroga\u00e7\u00e3o no PPGCC:<\/p>\n<ul>\n<li><span lang=\"zxx\"><a href=\"https:\/\/www.ufsm.br\/app\/uploads\/sites\/536\/2023\/02\/Requerimento_Prorrogacao_Prazo_Defesa_StrictoSensu-1.docx\">Requerimento de Prorroga\u00e7\u00e3o de Prazo de Defesa<\/a> (<\/span>em PDF)\u00a0preenchido e assinado (caso seja necess\u00e1rio adicionar algum outro documento\u00a0para\u00a0sustentar o pedido de prorroga\u00e7\u00e3o, o mesmo deve ser inserido no mesmo PDF do requerimento).<\/li>\n<li>Plano de Trabalho (cronograma detalhado especificando as atividades necess\u00e1rias para a conclus\u00e3o do mestrado);<\/li>\n<li>A vers\u00e3o atual do texto da disserta\u00e7\u00e3o (enviar por e-mail);<\/li>\n<li>C\u00f3pia do Formul\u00e1rio de Avalia\u00e7\u00e3o do Semin\u00e1rio de Andamento (enviar por e-mail).<\/li>\n<\/ul>\n<p>Segue abaixo o link para o tutorial de abertura do processo de prorroga\u00e7\u00e3o:<\/p>\n<p><a href=\"https:\/\/www.ufsm.br\/cursos\/pos-graduacao\/santa-maria\/ppgcc\/?page_id=3583\">Tutorial &#8211; Solicita\u00e7\u00e3o de prorroga\u00e7\u00e3o de prazo de defesa de disserta\u00e7\u00e3o no PPGCC.<\/a><\/p>\n<h1>\u00a0<\/h1>\n","protected":false},"excerpt":{"rendered":"<p>O mestrado em Ci\u00eancia da Computa\u00e7\u00e3o tem dura\u00e7\u00e3o m\u00ednima de 12 meses e m\u00e1xima de 24 meses. Contudo, aluno de mestrado poder\u00e1 requerer a prorroga\u00e7\u00e3o de prazo para efetuar a defesa da disserta\u00e7\u00e3o. O prazo de 24 meses poder\u00e1 ser prorrogado por at\u00e9 6 meses para alunos que receberam bolsa de estudos. Para alunos n\u00e3o-bolsistas, [&hellip;]<\/p>\n","protected":false},"author":936,"featured_media":0,"parent":0,"menu_order":0,"comment_status":"closed","ping_status":"closed","template":"","meta":{"footnotes":""},"categories":[],"tags":[],"class_list":["post-3611","page","type-page","status-publish","hentry"],"acf":[],"_links":{"self":[{"href":"https:\/\/www.ufsm.br\/cursos\/pos-graduacao\/santa-maria\/ppgcc\/wp-json\/wp\/v2\/pages\/3611","targetHints":{"allow":["GET"]}}],"collection":[{"href":"https:\/\/www.ufsm.br\/cursos\/pos-graduacao\/santa-maria\/ppgcc\/wp-json\/wp\/v2\/pages"}],"about":[{"href":"https:\/\/www.ufsm.br\/cursos\/pos-graduacao\/santa-maria\/ppgcc\/wp-json\/wp\/v2\/types\/page"}],"author":[{"embeddable":true,"href":"https:\/\/www.ufsm.br\/cursos\/pos-graduacao\/santa-maria\/ppgcc\/wp-json\/wp\/v2\/users\/936"}],"replies":[{"embeddable":true,"href":"https:\/\/www.ufsm.br\/cursos\/pos-graduacao\/santa-maria\/ppgcc\/wp-json\/wp\/v2\/comments?post=3611"}],"version-history":[{"count":0,"href":"https:\/\/www.ufsm.br\/cursos\/pos-graduacao\/santa-maria\/ppgcc\/wp-json\/wp\/v2\/pages\/3611\/revisions"}],"wp:attachment":[{"href":"https:\/\/www.ufsm.br\/cursos\/pos-graduacao\/santa-maria\/ppgcc\/wp-json\/wp\/v2\/media?parent=3611"}],"wp:term":[{"taxonomy":"category","embeddable":true,"href":"https:\/\/www.ufsm.br\/cursos\/pos-graduacao\/santa-maria\/ppgcc\/wp-json\/wp\/v2\/categories?post=3611"},{"taxonomy":"post_tag","embeddable":true,"href":"https:\/\/www.ufsm.br\/cursos\/pos-graduacao\/santa-maria\/ppgcc\/wp-json\/wp\/v2\/tags?post=3611"}],"curies":[{"name":"wp","href":"https:\/\/api.w.org\/{rel}","templated":true}]}}