{"id":3614,"date":"2022-03-18T17:02:04","date_gmt":"2022-03-18T20:02:04","guid":{"rendered":"https:\/\/www.ufsm.br\/cursos\/pos-graduacao\/santa-maria\/ppgcc\/?page_id=3614"},"modified":"2024-08-01T17:16:04","modified_gmt":"2024-08-01T20:16:04","slug":"entrega-versao-final-da-dissertacao-e-solicitacao-do-diploma","status":"publish","type":"page","link":"https:\/\/www.ufsm.br\/cursos\/pos-graduacao\/santa-maria\/ppgcc\/entrega-versao-final-da-dissertacao-e-solicitacao-do-diploma","title":{"rendered":"Entrega Vers\u00e3o Final da Disserta\u00e7\u00e3o e Solicita\u00e7\u00e3o do Diploma"},"content":{"rendered":"\n<p>Para solicitar a emiss\u00e3o do diploma de Mestre em Ci\u00eancia da Computa\u00e7\u00e3o, ap\u00f3s ser aprovado na banca de defesa, o aluno dever\u00e1 seguir os passos:<\/p>\n<ul>\n<li>Fazer as corre\u00e7\u00f5es necess\u00e1rias, junto com o orientador, dentro do prazo estabelecido pela Comiss\u00e3o Examinadora, e formatar o trabalho de acordo com o <a href=\"https:\/\/www.ufsm.br\/orgaos-suplementares\/biblioteca\/mdt\/\">MDT da UFSM<\/a>;<\/li>\n<li>Preencher o <a href=\"https:\/\/www.ufsm.br\/orgaos-suplementares\/biblioteca\/formulario-de-autorizacao-para-publicacao-online-de-teses-e-dissertacoes\">Formul\u00e1rio de autoriza\u00e7\u00e3o para publica\u00e7\u00e3o online de teses e disserta\u00e7\u00f5es<\/a>;<\/li>\n<li>Abrir o processo de &#8220;ato de entrega de disserta\u00e7\u00e3o\/tese&#8221;, conforme o <a href=\"https:\/\/www.ufsm.br\/orgaos-suplementares\/dag\/pen\/apoio-ao-usuario\/tutorial-ato-de-entrega-de-mdt\/\">TUTORIAL ATO DE ENTREGA DE MDT.<\/a><\/li>\n<li>Preencher o <a href=\"https:\/\/docs.google.com\/forms\/d\/e\/1FAIpQLSfP2uvNf188ZX0AGAHkpD-b7SgJz5zjlPaNhDv_01XfovquIw\/viewform?usp=sf_link\">Formul\u00e1rio p\u00f3s-defesa<\/a> do PPGCC.\u00a0<\/li>\n<li>Se houver necessidade de emiss\u00e3o urgente do diploma, o aluno tamb\u00e9m deve entregar, por e-mail para a secretaria, o <a href=\"https:\/\/www.ufsm.br\/app\/uploads\/sites\/345\/2018\/08\/Formulario-urgencia-diploma-atualizado-11.04.2022.doc\">requerimento de urg\u00eancia <\/a>preenchido.<\/li>\n<\/ul>\n","protected":false},"excerpt":{"rendered":"<p>Para solicitar a emiss\u00e3o do diploma de Mestre em Ci\u00eancia da Computa\u00e7\u00e3o, ap\u00f3s ser aprovado na banca de defesa, o aluno dever\u00e1 seguir os passos: Fazer as corre\u00e7\u00f5es necess\u00e1rias, junto com o orientador, dentro do prazo estabelecido pela Comiss\u00e3o Examinadora, e formatar o trabalho de acordo com o MDT da UFSM; Preencher o Formul\u00e1rio de [&hellip;]<\/p>\n","protected":false},"author":936,"featured_media":0,"parent":0,"menu_order":0,"comment_status":"closed","ping_status":"closed","template":"","meta":{"footnotes":""},"categories":[],"tags":[],"class_list":["post-3614","page","type-page","status-publish","hentry"],"acf":[],"_links":{"self":[{"href":"https:\/\/www.ufsm.br\/cursos\/pos-graduacao\/santa-maria\/ppgcc\/wp-json\/wp\/v2\/pages\/3614","targetHints":{"allow":["GET"]}}],"collection":[{"href":"https:\/\/www.ufsm.br\/cursos\/pos-graduacao\/santa-maria\/ppgcc\/wp-json\/wp\/v2\/pages"}],"about":[{"href":"https:\/\/www.ufsm.br\/cursos\/pos-graduacao\/santa-maria\/ppgcc\/wp-json\/wp\/v2\/types\/page"}],"author":[{"embeddable":true,"href":"https:\/\/www.ufsm.br\/cursos\/pos-graduacao\/santa-maria\/ppgcc\/wp-json\/wp\/v2\/users\/936"}],"replies":[{"embeddable":true,"href":"https:\/\/www.ufsm.br\/cursos\/pos-graduacao\/santa-maria\/ppgcc\/wp-json\/wp\/v2\/comments?post=3614"}],"version-history":[{"count":0,"href":"https:\/\/www.ufsm.br\/cursos\/pos-graduacao\/santa-maria\/ppgcc\/wp-json\/wp\/v2\/pages\/3614\/revisions"}],"wp:attachment":[{"href":"https:\/\/www.ufsm.br\/cursos\/pos-graduacao\/santa-maria\/ppgcc\/wp-json\/wp\/v2\/media?parent=3614"}],"wp:term":[{"taxonomy":"category","embeddable":true,"href":"https:\/\/www.ufsm.br\/cursos\/pos-graduacao\/santa-maria\/ppgcc\/wp-json\/wp\/v2\/categories?post=3614"},{"taxonomy":"post_tag","embeddable":true,"href":"https:\/\/www.ufsm.br\/cursos\/pos-graduacao\/santa-maria\/ppgcc\/wp-json\/wp\/v2\/tags?post=3614"}],"curies":[{"name":"wp","href":"https:\/\/api.w.org\/{rel}","templated":true}]}}