{"id":164,"date":"2022-03-15T15:09:37","date_gmt":"2022-03-15T18:09:37","guid":{"rendered":"https:\/\/www.ufsm.br\/cursos\/pos-graduacao\/santa-maria\/ppgcmr\/?page_id=164"},"modified":"2025-10-14T13:13:24","modified_gmt":"2025-10-14T16:13:24","slug":"docentes","status":"publish","type":"page","link":"https:\/\/www.ufsm.br\/cursos\/pos-graduacao\/santa-maria\/ppgcmr\/docentes","title":{"rendered":"Docentes"},"content":{"rendered":"\t\t<div data-elementor-type=\"wp-page\" data-elementor-id=\"164\" class=\"elementor elementor-164\">\n\t\t\t\t\t\t<section class=\"elementor-section elementor-top-section elementor-element elementor-element-403737ea elementor-section-boxed elementor-section-height-default elementor-section-height-default\" data-id=\"403737ea\" data-element_type=\"section\">\n\t\t\t\t\t\t<div class=\"elementor-container elementor-column-gap-default\">\n\t\t\t\t\t<div class=\"elementor-column elementor-col-100 elementor-top-column elementor-element elementor-element-235850fc\" data-id=\"235850fc\" data-element_type=\"column\">\n\t\t\t<div class=\"elementor-widget-wrap elementor-element-populated\">\n\t\t\t\t\t\t<div class=\"elementor-element elementor-element-6a6a7f88 elementor-widget elementor-widget-text-editor\" data-id=\"6a6a7f88\" data-element_type=\"widget\" data-widget_type=\"text-editor.default\">\n\t\t\t\t<div class=\"elementor-widget-container\">\n\t\t\t\t\t\t\t<h5>\u00a0<\/h5>\n<p><!-- \/wp:heading --><!-- wp:table --><\/p>\n<figure>\n<table style=\"width: 103.183%;height: 1728px\">\n<thead>\n<tr style=\"height: 48px\">\n<th style=\"width: 22.3048%;height: 48px\">\u00a0DOCENTE<\/th>\n<th style=\"width: 46.8401%;height: 48px\">\u00a0E-MAILS<\/th>\n<th style=\"width: 28.9963%;height: 48px\">TEM\u00c1TICA DE ESTUDO<\/th>\n<\/tr>\n<\/thead>\n<tbody>\n<tr style=\"height: 96px\">\n<td style=\"width: 22.3048%;height: 96px\"><a href=\"https:\/\/ufsmpublica.ufsm.br\/docente\/11554\" target=\"_blank\" rel=\"noreferrer noopener\">Angelita Alice Jaeger<\/a><\/td>\n<td style=\"width: 46.8401%;height: 96px\"><a href=\"mailto:angelita@ufsm.br\">angelita@ufsm.br<\/a><\/td>\n<td style=\"width: 28.9963%;height: 96px\">Corpo e rela\u00e7\u00f5es de g\u00eanero na Educa\u00e7\u00e3o F\u00edsica Escolar e no Esporte<\/td>\n<\/tr>\n<tr style=\"height: 96px\">\n<td style=\"width: 22.3048%;height: 96px\"><a href=\"https:\/\/ufsmpublica.ufsm.br\/docente\/14530\" target=\"_blank\" rel=\"noreferrer noopener\">Antonio Marcos Vargas da Silva<\/a><\/td>\n<td style=\"width: 46.8401%;height: 96px\"><a href=\"mailto:antonio.silva@ufsm.br\" target=\"_blank\" rel=\"noopener\">antonio.silva@ufsm.br<\/a><\/td>\n<td style=\"width: 28.9963%;height: 96px\">Exerc\u00edcio e reabilita\u00e7\u00e3o cardiorrespirat\u00f3ria e metab\u00f3lica<\/td>\n<\/tr>\n<tr>\n<td style=\"width: 22.3048%\"><a href=\"https:\/\/ufsmpublica.ufsm.br\/docente\/18946\">\u00a0Carine Cristina Callegaro<\/a><\/td>\n<td style=\"width: 46.8401%\"><a href=\"mailto:carine.callegaro@ufsm.br\">carine.callegaro@ufsm.br<\/a><\/td>\n<td style=\"width: 28.9963%\">Fisiologia e Reabilita\u00e7\u00e3o Cardiorrespirat\u00f3ria, Envelhecimento Humano e Dist\u00farbios Respirat\u00f3rios do Sono.<\/td>\n<\/tr>\n<tr style=\"height: 48px\">\n<td style=\"width: 22.3048%;height: 48px\"><a href=\"https:\/\/ufsmpublica.ufsm.br\/docente\/10809\" target=\"_blank\" rel=\"noreferrer noopener\">Daniela Lopes dos Santos<\/a><\/td>\n<td style=\"width: 46.8401%;height: 48px\"><a href=\"mailto:daniela.l.santos@ufsm.br\" target=\"_blank\" rel=\"noopener\">daniela.l.santos@ufsm.br<\/a><\/td>\n<td style=\"width: 28.9963%;height: 48px\">Atividade F\u00edsica e Sa\u00fade<\/td>\n<\/tr>\n<tr style=\"height: 72px\">\n<td style=\"width: 22.3048%;height: 72px\"><a href=\"https:\/\/www.ufsmpublica.ufsm.br\/docente\/25077\" target=\"_blank\" rel=\"noopener\">F\u00e1bio Juner Lanferdini<\/a><\/td>\n<td style=\"width: 46.8401%;height: 72px\"><a href=\"mailto:fabio.lanferdini@ufsm.br\" target=\"_blank\" rel=\"noopener\">fabio.lanferdini@ufsm.br<\/a><\/td>\n<td style=\"width: 28.9963%;height: 72px\">\u00a0Biomec\u00e2nica e Cinesiologia do Esporte e Exerc\u00edcio<\/td>\n<\/tr>\n<tr style=\"height: 48px\">\n<td style=\"width: 22.3048%;height: 48px\"><a href=\"https:\/\/ufsmpublica.ufsm.br\/docente\/22786\" target=\"_blank\" rel=\"noreferrer noopener\">Felipe Barreto Schuch<\/a><\/td>\n<td style=\"width: 46.8401%;height: 48px\"><a href=\"mailto:felipe.schuch@ufsm.br\">felipe.schuch@ufsm.br<\/a><\/td>\n<td style=\"width: 28.9963%;height: 48px\">Atividade f\u00edsica e sa\u00fade mental<\/td>\n<\/tr>\n<tr style=\"height: 48px\">\n<td style=\"width: 22.3048%;height: 48px\"><a href=\"http:\/\/lattes.cnpq.br\/4752530725363240\" target=\"_blank\" rel=\"noreferrer noopener\">Felipe Pivetta Carpes<\/a><\/td>\n<td style=\"width: 46.8401%;height: 48px\"><a href=\"mailto:carpes@unipampa.edu.br\">carpes@unipampa.edu.br<\/a><\/td>\n<td style=\"width: 28.9963%;height: 48px\">Biomec\u00e2nica da Atividade F\u00edsica<\/td>\n<\/tr>\n<tr style=\"height: 48px\">\n<td style=\"width: 22.3048%;height: 48px\"><a href=\"https:\/\/ufsmpublica.ufsm.br\/docente\/11374\" target=\"_blank\" rel=\"noreferrer noopener\">Fernando Copetti<\/a><\/td>\n<td style=\"width: 46.8401%;height: 48px\"><a href=\"mailto:fernando.copetti@ufsm.br\" target=\"_blank\" rel=\"noopener\">fernando.copetti@ufsm.br<\/a><\/td>\n<td style=\"width: 28.9963%;height: 48px\">Comportamento Motor<\/td>\n<\/tr>\n<tr style=\"height: 48px\">\n<td style=\"width: 22.3048%;height: 48px\"><a href=\"https:\/\/ufsmpublica.ufsm.br\/docente\/23763\" data-type=\"URL\" data-id=\"https:\/\/ufsmpublica.ufsm.br\/docente\/23763\">Guilherme Silva Nunes<\/a><\/td>\n<td style=\"width: 46.8401%;height: 48px\"><a href=\"mailto:nunesguilherme@live.com\" target=\"_blank\" rel=\"noreferrer noopener\">nunesguilherme@live.com<\/a><\/td>\n<td style=\"width: 28.9963%;height: 48px\">\u00a0Disfun\u00e7\u00f5es musculoesquel\u00e9ticas<\/td>\n<\/tr>\n<tr>\n<td style=\"width: 22.3048%\">\u00a0<\/td>\n<td style=\"width: 46.8401%\">\u00a0<\/td>\n<td style=\"width: 28.9963%\">\u00a0<\/td>\n<\/tr>\n<tr style=\"height: 120px\">\n<td style=\"width: 22.3048%;height: 120px\"><a href=\"https:\/\/www.ufsmpublica.ufsm.br\/docente\/16028\" data-type=\"URL\" data-id=\"https:\/\/www.ufsmpublica.ufsm.br\/docente\/16028\">Gustavo Orione Puntel<\/a><\/td>\n<td style=\"width: 46.8401%;height: 120px\">\u00a0<a href=\"mailto:gustavopuntel@yahoo.com.br\" target=\"_blank\" rel=\"noreferrer noopener\">gustavopuntel@yahoo.com.br<\/a><\/td>\n<td style=\"width: 28.9963%;height: 120px\">An\u00e1lises bioqu\u00edmica e morfol\u00f3gica de recursos\u00a0terap\u00eauticos usados na reabilita\u00e7\u00e3o<\/td>\n<\/tr>\n<tr style=\"height: 144px\">\n<td style=\"width: 22.3048%;height: 144px\"><a href=\"https:\/\/www.ufsmpublica.ufsm.br\/docente\/15935\" data-type=\"URL\" data-id=\"https:\/\/www.ufsmpublica.ufsm.br\/docente\/15935\">Hedioneia Maria Foletto Pivetta<\/a><\/td>\n<td style=\"width: 46.8401%;height: 144px\"><a href=\"mailto:hedioneia@yahoo.com.br\" target=\"_blank\" rel=\"noreferrer noopener\">hedioneia@yahoo.com.br<\/a><\/td>\n<td style=\"width: 28.9963%;height: 144px\">Fisioterapia em oncologia, fotobiomodula\u00e7\u00e3o, sexualidade e envelhecimento humano<\/td>\n<\/tr>\n<tr style=\"height: 72px\">\n<td style=\"width: 22.3048%;height: 72px\"><a href=\"https:\/\/www.ufsmpublica.ufsm.br\/docente\/16029\" data-type=\"URL\" data-id=\"https:\/\/www.ufsmpublica.ufsm.br\/docente\/16029\">Isabella Martins de Albuquerque<\/a><\/td>\n<td style=\"width: 46.8401%;height: 72px\"><a style=\"color: #1155cc;font-family: Arial, Helvetica, sans-serif;font-size: small\" href=\"mailto:isabella@ufsm.br\" target=\"_blank\" rel=\"noopener\">isabella@ufsm.br<\/a><\/td>\n<td style=\"width: 28.9963%;height: 72px\">\u00a0Disfun\u00e7\u00f5es cardiovasculares e respirat\u00f3rias<\/td>\n<\/tr>\n<tr style=\"height: 72px\">\n<td style=\"width: 22.3048%;height: 72px\"><a href=\"https:\/\/ufsmpublica.ufsm.br\/docente\/12800\" target=\"_blank\" rel=\"noreferrer noopener\">Jo\u00e3o Francisco Magno Ribas<\/a><\/td>\n<td style=\"width: 46.8401%;height: 72px\"><a style=\"font-family: Arial, Helvetica, sans-serif;font-size: small\" href=\"mailto:joao-francisco.magno-ribas@ufsm.br\" target=\"_blank\" rel=\"noopener\">joao-francisco.magno-ribas@ufsm.br<\/a><\/td>\n<td style=\"width: 28.9963%;height: 72px\">Pedagogia e Did\u00e1tica na Educa\u00e7\u00e3o F\u00edsica Escolar<\/td>\n<\/tr>\n<tr style=\"height: 72px\">\n<td style=\"width: 22.3048%;height: 72px\"><a href=\"https:\/\/www.ufsmpublica.ufsm.br\/docente\/25096\" target=\"_blank\" rel=\"noopener\">\u00a0Lorenzo Iop Laporta<\/a><\/td>\n<td style=\"width: 46.8401%;height: 72px\"><a href=\"mailto:laporta.lorenzo@ufsm.br\" target=\"_blank\" rel=\"noopener\">laporta.lorenzo@ufsm.br<\/a><\/td>\n<td style=\"width: 28.9963%;height: 72px\">\u00a0Pedagogia do Esporte e An\u00e1lise da Performance\u00a0<\/td>\n<\/tr>\n<tr style=\"height: 72px\">\n<td style=\"width: 22.3048%;height: 72px\"><a href=\"https:\/\/ufsmpublica.ufsm.br\/docente\/13530\" target=\"_blank\" rel=\"noreferrer noopener\">Luiz Fernando\u00a0Freire Royes<\/a><\/td>\n<td style=\"width: 46.8401%;height: 72px\"><a href=\"mailto:nandoroyes@yahoo.com.br\">nandoroyes@yahoo.com.br<\/a><\/td>\n<td style=\"width: 28.9963%;height: 72px\">Atividade F\u00edsica e Sa\u00fade<\/td>\n<\/tr>\n<tr style=\"height: 72px\">\n<td style=\"width: 22.3048%;height: 72px\"><a href=\"https:\/\/ufsmpublica.ufsm.br\/docente\/16782\" target=\"_blank\" rel=\"noreferrer noopener\">Luis Ulisses Signori<\/a><\/td>\n<td style=\"width: 46.8401%;height: 72px\"><a href=\"mailto:luis.signori@ufsm.br\">\u00a0luis.signori@ufsm.br\u00a0<\/a><\/td>\n<td style=\"width: 28.9963%;height: 72px\">Agentes f\u00edsicos na reabilita\u00e7\u00e3o e performance<\/td>\n<\/tr>\n<tr style=\"height: 72px\">\n<td style=\"width: 22.3048%;height: 72px\"><a href=\"http:\/\/lattes.cnpq.br\/6651158378681076\" target=\"_blank\" rel=\"noreferrer noopener\">Maria Cec\u00edlia Camargo G\u00fcnther<\/a><\/td>\n<td style=\"width: 46.8401%;height: 72px\"><a style=\"font-family: Calibri, Helvetica, sans-serif;font-size: 16px\" href=\"mailto:maria.cc.gunther@ufsm.br\" target=\"_blank\" rel=\"noopener\">maria.cc.gunther@ufsm.br<\/a><\/td>\n<td style=\"width: 28.9963%;height: 72px\">Pedagogia e Did\u00e1tica na Educa\u00e7\u00e3o F\u00edsica Escolar<\/td>\n<\/tr>\n<tr style=\"height: 72px\">\n<td style=\"width: 22.3048%;height: 72px\"><a href=\"https:\/\/ufsmpublica.ufsm.br\/docente\/13167\" target=\"_blank\" rel=\"noreferrer noopener\">Maristela da Silva Souza<\/a><\/td>\n<td style=\"width: 46.8401%;height: 72px\"><a href=\"mailto:maristela.souza@ufsm.br\" target=\"_blank\" rel=\"noopener\">maristela.souza@ufsm.br<\/a><\/td>\n<td style=\"width: 28.9963%;height: 72px\">Pedagogia e Did\u00e1tica na Educa\u00e7\u00e3o F\u00edsica Escolar<\/td>\n<\/tr>\n<tr style=\"height: 48px\">\n<td style=\"width: 22.3048%;height: 48px\"><a href=\"https:\/\/www.ufsmpublica.ufsm.br\/docente\/15888\" data-type=\"URL\" data-id=\"https:\/\/www.ufsmpublica.ufsm.br\/docente\/15888\">Melissa Medeiros Braz<\/a><\/td>\n<td style=\"width: 46.8401%;height: 48px\"><a href=\"mailto:melissa.braz@ufsm.br\" target=\"_blank\" rel=\"noopener\">melissa.braz@ufsm.br<\/a><\/td>\n<td style=\"width: 28.9963%;height: 48px\">\u00a0Sa\u00fade da Mulher<\/td>\n<\/tr>\n<tr style=\"height: 168px\">\n<td style=\"width: 22.3048%;height: 168px\"><a href=\"https:\/\/ufsmpublica.ufsm.br\/docente\/15889\">Michele Rechia Fighera<\/a><\/td>\n<td style=\"width: 46.8401%;height: 168px\"><a href=\"mailto:mrfighera@yahoo.com.br\">mrfighera@yahoo.com.br<\/a><\/td>\n<td style=\"width: 28.9963%;height: 168px\">Polimorfismo de enzimas antioxidantes nas sequelas cognitivas de pacientes com doen\u00e7as neurol\u00f3gicas<\/td>\n<\/tr>\n<tr>\n<td style=\"width: 22.3048%\"><a href=\"https:\/\/ufsmpublica.ufsm.br\/docente\/17567\">\u00a0Michele Forgiarini Saccol<\/a><\/td>\n<td style=\"width: 46.8401%\">\u00a0<a href=\"mailto:michele.saccol@ufsm.br\">michele.saccol@ufsm.br<\/a><\/td>\n<td style=\"width: 28.9963%\">\u00a0Biomec\u00e2nica Cl\u00ednica<\/td>\n<\/tr>\n<tr>\n<td style=\"width: 22.3048%\"><a href=\"https:\/\/ufsmpublica.ufsm.br\/docente\/26579\">\u00a0Ricardo Drews<\/a><\/td>\n<td style=\"width: 46.8401%\">\u00a0\n<p class=\"iw gFxsud\" style=\"overflow: hidden;max-width: calc(100% - 8px);flex-shrink: 1;font-size: 0.75rem;font-weight: inherit;margin: inherit;font-family: 'Google Sans', Roboto, RobotoDraft, Helvetica, Arial, sans-serif;color: #5f6368;line-height: 20px\"><span style=\"color: #0000ff\"><a style=\"color: #0000ff\" href=\"mailto:ricardo.drews@ufsm.br\"><span class=\"qu\" style=\"font-family: georgia, palatino, serif;font-size: 12pt\" role=\"gridcell\"><span class=\"go\" style=\"vertical-align: top\">ricardo.drews@ufsm.br<\/span><\/span><\/a><\/span><\/p>\n<\/td>\n<td style=\"width: 28.9963%\">Comportamento Motor<\/td>\n<\/tr>\n<tr style=\"height: 72px\">\n<td style=\"width: 22.3048%;height: 72px\"><a href=\"https:\/\/www.ufsmpublica.ufsm.br\/docente\/18924\" data-type=\"URL\" data-id=\"https:\/\/www.ufsmpublica.ufsm.br\/docente\/18924\">Rodrigo Boemo Jaenisch<\/a><\/td>\n<td style=\"width: 46.8401%;height: 72px\"><a href=\"mailto:rodrigo.jaenisch@ufsm.br\" target=\"_blank\" rel=\"noopener\">rodrigo.jaenisch@ufsm.br<\/a><\/td>\n<td style=\"width: 28.9963%;height: 72px\">\u00a0Disfun\u00e7\u00f5es cardiorrespirat\u00f3rias e metab\u00f3licas<\/td>\n<\/tr>\n<tr style=\"height: 72px\">\n<td style=\"width: 22.3048%;height: 72px\"><a href=\"https:\/\/ufsmpublica.ufsm.br\/docente\/14711\" target=\"_blank\" rel=\"noreferrer noopener\">Rosalvo Luis Sawitzki<\/a><\/td>\n<td style=\"width: 46.8401%;height: 72px\"><a href=\"mailto:rosalvols@hotmail.com\">rosalvo.sawitzki@ufsm.br<\/a><\/td>\n<td style=\"width: 28.9963%;height: 72px\">Pedagogia e Did\u00e1tica na Educa\u00e7\u00e3o F\u00edsica Escolar<\/td>\n<\/tr>\n<\/tbody>\n<\/table>\n<\/figure>\n<p><!-- \/wp:table --><!-- wp:heading {\"level\":5} --><\/p>\n<h5>\u00a0<\/h5>\n<p><!-- \/wp:heading --><\/p>\t\t\t\t\t\t<\/div>\n\t\t\t\t<\/div>\n\t\t\t\t\t<\/div>\n\t\t<\/div>\n\t\t\t\t\t<\/div>\n\t\t<\/section>\n\t\t\t\t<\/div>\n\t\t","protected":false},"excerpt":{"rendered":"<p>\u00a0 \u00a0DOCENTE \u00a0E-MAILS TEM\u00c1TICA DE ESTUDO Angelita Alice Jaeger angelita@ufsm.br Corpo e rela\u00e7\u00f5es de g\u00eanero na Educa\u00e7\u00e3o F\u00edsica Escolar e no Esporte Antonio Marcos Vargas da Silva antonio.silva@ufsm.br Exerc\u00edcio e reabilita\u00e7\u00e3o cardiorrespirat\u00f3ria e metab\u00f3lica \u00a0Carine Cristina Callegaro carine.callegaro@ufsm.br Fisiologia e Reabilita\u00e7\u00e3o Cardiorrespirat\u00f3ria, Envelhecimento Humano e Dist\u00farbios Respirat\u00f3rios do Sono. Daniela Lopes dos Santos daniela.l.santos@ufsm.br Atividade [&hellip;]<\/p>\n","protected":false},"author":878,"featured_media":0,"parent":0,"menu_order":0,"comment_status":"closed","ping_status":"closed","template":"","meta":{"footnotes":""},"categories":[],"tags":[],"class_list":["post-164","page","type-page","status-publish","hentry"],"acf":[],"_links":{"self":[{"href":"https:\/\/www.ufsm.br\/cursos\/pos-graduacao\/santa-maria\/ppgcmr\/wp-json\/wp\/v2\/pages\/164","targetHints":{"allow":["GET"]}}],"collection":[{"href":"https:\/\/www.ufsm.br\/cursos\/pos-graduacao\/santa-maria\/ppgcmr\/wp-json\/wp\/v2\/pages"}],"about":[{"href":"https:\/\/www.ufsm.br\/cursos\/pos-graduacao\/santa-maria\/ppgcmr\/wp-json\/wp\/v2\/types\/page"}],"author":[{"embeddable":true,"href":"https:\/\/www.ufsm.br\/cursos\/pos-graduacao\/santa-maria\/ppgcmr\/wp-json\/wp\/v2\/users\/878"}],"replies":[{"embeddable":true,"href":"https:\/\/www.ufsm.br\/cursos\/pos-graduacao\/santa-maria\/ppgcmr\/wp-json\/wp\/v2\/comments?post=164"}],"version-history":[{"count":0,"href":"https:\/\/www.ufsm.br\/cursos\/pos-graduacao\/santa-maria\/ppgcmr\/wp-json\/wp\/v2\/pages\/164\/revisions"}],"wp:attachment":[{"href":"https:\/\/www.ufsm.br\/cursos\/pos-graduacao\/santa-maria\/ppgcmr\/wp-json\/wp\/v2\/media?parent=164"}],"wp:term":[{"taxonomy":"category","embeddable":true,"href":"https:\/\/www.ufsm.br\/cursos\/pos-graduacao\/santa-maria\/ppgcmr\/wp-json\/wp\/v2\/categories?post=164"},{"taxonomy":"post_tag","embeddable":true,"href":"https:\/\/www.ufsm.br\/cursos\/pos-graduacao\/santa-maria\/ppgcmr\/wp-json\/wp\/v2\/tags?post=164"}],"curies":[{"name":"wp","href":"https:\/\/api.w.org\/{rel}","templated":true}]}}