{"id":196,"date":"2022-03-18T10:52:54","date_gmt":"2022-03-18T13:52:54","guid":{"rendered":"https:\/\/www.ufsm.br\/cursos\/pos-graduacao\/santa-maria\/ppgcmr\/?page_id=196"},"modified":"2023-03-13T08:52:22","modified_gmt":"2023-03-13T11:52:22","slug":"objetivos","status":"publish","type":"page","link":"https:\/\/www.ufsm.br\/cursos\/pos-graduacao\/santa-maria\/ppgcmr\/objetivos","title":{"rendered":"Objetivos"},"content":{"rendered":"\n<p>&#8211; Formar recursos humanos com aprofundado dom\u00ednio no campo das ci\u00eancias do movimento e reabilita\u00e7\u00e3o, voltados para promover a inova\u00e7\u00e3o e avan\u00e7os no conhecimento cient\u00edfico;<\/p>\n\n\n\n<p>&#8211; Desenvolver pesquisas de excel\u00eancia e elevar a produ\u00e7\u00e3o cient\u00edfica qualificada e adequada \u00e0s demandas sociais;<\/p>\n\n\n\n<p>&#8211; Fomentar a internacionaliza\u00e7\u00e3o, a coopera\u00e7\u00e3o acad\u00eamica, o interc\u00e2mbio de pesquisadores, a dissemina\u00e7\u00e3o e aplica\u00e7\u00e3o da ci\u00eancia;<\/p>\n\n\n\n<p>&#8211; Capacitar os discentes para atuar no ensino de gradua\u00e7\u00e3o e p\u00f3s-gradua\u00e7\u00e3o, na pesquisa e na extens\u00e3o, pautados no senso cr\u00edtico, \u00e9tico e human\u00edstico;<\/p>\n\n\n\n<p>&#8211; Atender a demanda regional, nacional e internacional de profissionais interessados em aprofundar os seus conhecimentos e a sua forma\u00e7\u00e3o no campo das ci\u00eancias do movimento e reabilita\u00e7\u00e3o;<\/p>\n\n\n\n<p>&#8211; Propor a\u00e7\u00f5es de relevante impacto para o desenvolvimento regional e nacional junto \u00e0 sociedade.<\/p>\n\n\n\n<p>&#8211; Constituir um n\u00facleo cient\u00edfico de excel\u00eancia na regi\u00e3o central do Rio Grande do Sul.<\/p>\n","protected":false},"excerpt":{"rendered":"<p>&#8211; Formar recursos humanos com aprofundado dom\u00ednio no campo das ci\u00eancias do movimento e reabilita\u00e7\u00e3o, voltados para promover a inova\u00e7\u00e3o e avan\u00e7os no conhecimento cient\u00edfico; &#8211; Desenvolver pesquisas de excel\u00eancia e elevar a produ\u00e7\u00e3o cient\u00edfica qualificada e adequada \u00e0s demandas sociais; &#8211; Fomentar a internacionaliza\u00e7\u00e3o, a coopera\u00e7\u00e3o acad\u00eamica, o interc\u00e2mbio de pesquisadores, a dissemina\u00e7\u00e3o e [&hellip;]<\/p>\n","protected":false},"author":878,"featured_media":0,"parent":0,"menu_order":0,"comment_status":"closed","ping_status":"closed","template":"","meta":{"footnotes":""},"categories":[],"tags":[],"class_list":["post-196","page","type-page","status-publish","hentry"],"acf":[],"_links":{"self":[{"href":"https:\/\/www.ufsm.br\/cursos\/pos-graduacao\/santa-maria\/ppgcmr\/wp-json\/wp\/v2\/pages\/196","targetHints":{"allow":["GET"]}}],"collection":[{"href":"https:\/\/www.ufsm.br\/cursos\/pos-graduacao\/santa-maria\/ppgcmr\/wp-json\/wp\/v2\/pages"}],"about":[{"href":"https:\/\/www.ufsm.br\/cursos\/pos-graduacao\/santa-maria\/ppgcmr\/wp-json\/wp\/v2\/types\/page"}],"author":[{"embeddable":true,"href":"https:\/\/www.ufsm.br\/cursos\/pos-graduacao\/santa-maria\/ppgcmr\/wp-json\/wp\/v2\/users\/878"}],"replies":[{"embeddable":true,"href":"https:\/\/www.ufsm.br\/cursos\/pos-graduacao\/santa-maria\/ppgcmr\/wp-json\/wp\/v2\/comments?post=196"}],"version-history":[{"count":0,"href":"https:\/\/www.ufsm.br\/cursos\/pos-graduacao\/santa-maria\/ppgcmr\/wp-json\/wp\/v2\/pages\/196\/revisions"}],"wp:attachment":[{"href":"https:\/\/www.ufsm.br\/cursos\/pos-graduacao\/santa-maria\/ppgcmr\/wp-json\/wp\/v2\/media?parent=196"}],"wp:term":[{"taxonomy":"category","embeddable":true,"href":"https:\/\/www.ufsm.br\/cursos\/pos-graduacao\/santa-maria\/ppgcmr\/wp-json\/wp\/v2\/categories?post=196"},{"taxonomy":"post_tag","embeddable":true,"href":"https:\/\/www.ufsm.br\/cursos\/pos-graduacao\/santa-maria\/ppgcmr\/wp-json\/wp\/v2\/tags?post=196"}],"curies":[{"name":"wp","href":"https:\/\/api.w.org\/{rel}","templated":true}]}}