{"id":236,"date":"2022-03-21T09:58:41","date_gmt":"2022-03-21T12:58:41","guid":{"rendered":"https:\/\/www.ufsm.br\/cursos\/pos-graduacao\/santa-maria\/ppgcmr\/?page_id=236"},"modified":"2025-09-30T09:10:26","modified_gmt":"2025-09-30T12:10:26","slug":"taxa-de-publicacao-de-artigo","status":"publish","type":"page","link":"https:\/\/www.ufsm.br\/cursos\/pos-graduacao\/santa-maria\/ppgcmr\/taxa-de-publicacao-de-artigo","title":{"rendered":"TAXA DE PUBLICA\u00c7\u00c3O DE ARTIGO"},"content":{"rendered":"\t\t<div data-elementor-type=\"wp-page\" data-elementor-id=\"236\" class=\"elementor elementor-236\">\n\t\t\t\t\t\t<section class=\"elementor-section elementor-top-section elementor-element elementor-element-2a81d56 elementor-section-boxed elementor-section-height-default elementor-section-height-default\" data-id=\"2a81d56\" data-element_type=\"section\">\n\t\t\t\t\t\t<div class=\"elementor-container elementor-column-gap-default\">\n\t\t\t\t\t<div class=\"elementor-column elementor-col-100 elementor-top-column elementor-element elementor-element-d92ec5d\" data-id=\"d92ec5d\" data-element_type=\"column\">\n\t\t\t<div class=\"elementor-widget-wrap elementor-element-populated\">\n\t\t\t\t\t\t<div class=\"elementor-element elementor-element-4d5dc4d elementor-widget elementor-widget-text-editor\" data-id=\"4d5dc4d\" data-element_type=\"widget\" data-widget_type=\"text-editor.default\">\n\t\t\t\t<div class=\"elementor-widget-container\">\n\t\t\t\t\t\t\t<p style=\"margin-top: 0cm;background-image: initial;background-position: initial;background-size: initial;background-attachment: initial\"><span style=\"color: #1c1c1c\">Aos solicitantes,&nbsp; poder\u00e1 ser disponibilizado recurso para pagamento<br>de publica\u00e7\u00e3o de artigo.<\/span><\/p>\n<p><span style=\"font-size: 12.0pt;line-height: 115%\">Para<br>tanto, proceder a abertura Processo Eletr\u00f4nico pelo PEN, no Portal Documentos,<br>indicando o seguinte tipo documental: -Processo de pagamento de taxa de<br>publica\u00e7\u00e3o (052.22).<\/span><\/p>\n<p><span style=\"font-size: 12.0pt;line-height: 115%\">Anexar ao processo os seguintes documentos: <\/span><\/p>\n<p><a style=\"font-size: 1rem;font-weight: var( --e-global-typography-text-font-weight );text-align: var(--bs-body-text-align)\" href=\"https:\/\/www.ufsm.br\/app\/uploads\/sites\/345\/2021\/11\/formulario-prprp-publi-insc-PEN-1.doc\" target=\"_blank\" rel=\"noopener\"><u>-Requerimento de pagamento de taxa de publica\u00e7\u00e3o;<\/u><\/a><\/p>\n<p><span style=\"font-size: 12pt;font-weight: var( --e-global-typography-text-font-weight );text-align: var(--bs-body-text-align)\">-Proposta no valor da taxa de publica\u00e7\u00e3o do artigo;<\/span><\/p><p><span style=\"font-size: 12pt;font-weight: var( --e-global-typography-text-font-weight );text-align: var(--bs-body-text-align)\">-Aceite do artigo;<\/span><\/p>\n<p><span style=\"font-size: 12.0pt;line-height: 115%\">-C\u00f3pia do artigo; <\/span><\/p>\n<p><span style=\"font-size: 12.0pt;line-height: 115%\">-Autoriza\u00e7\u00e3o de desconto em folha (quando for aluno); <\/span><\/p>\n<p><span style=\"font-size: 12.0pt;line-height: 115%\">-Convers\u00e3o feita no s\u00edtio do Banco Central, se for evento<br>internacional.<\/span><\/p>\n<p><span style=\"font-size: 12.0pt;line-height: 115%\">Tramitar o processo para o Programa de p\u00f3s-gradua\u00e7\u00e3o em<br>Ci\u00eancias do Movimento e Reabilita\u00e7\u00e3o.<\/span><\/p>\n<p><span style=\"font-size: 12.0pt;line-height: 115%\">Para fins de presta\u00e7\u00e3o de contas, anexar a documenta\u00e7\u00e3o<br>listada abaixo ao processo eletr\u00f4nico: <\/span><\/p>\n<p><span style=\"font-size: 12.0pt;line-height: 115%\">-Recibo original no valor da taxa de publica\u00e7\u00e3o do<br>artigo; <\/span><\/p>\n<p><span style=\"font-size: 12.0pt;line-height: 115%\">-C\u00f3pia da fatura do cart\u00e3o de cr\u00e9dito se for publica\u00e7\u00e3o<br>internacional.<\/span><\/p>\t\t\t\t\t\t<\/div>\n\t\t\t\t<\/div>\n\t\t\t\t\t<\/div>\n\t\t<\/div>\n\t\t\t\t\t<\/div>\n\t\t<\/section>\n\t\t\t\t<\/div>\n\t\t","protected":false},"excerpt":{"rendered":"<p>Aos solicitantes,&nbsp; poder\u00e1 ser disponibilizado recurso para pagamentode publica\u00e7\u00e3o de artigo. Paratanto, proceder a abertura Processo Eletr\u00f4nico pelo PEN, no Portal Documentos,indicando o seguinte tipo documental: -Processo de pagamento de taxa depublica\u00e7\u00e3o (052.22). Anexar ao processo os seguintes documentos: -Requerimento de pagamento de taxa de publica\u00e7\u00e3o; -Proposta no valor da taxa de publica\u00e7\u00e3o do artigo; [&hellip;]<\/p>\n","protected":false},"author":878,"featured_media":0,"parent":0,"menu_order":0,"comment_status":"closed","ping_status":"closed","template":"","meta":{"footnotes":""},"categories":[],"tags":[],"class_list":["post-236","page","type-page","status-publish","hentry"],"acf":[],"_links":{"self":[{"href":"https:\/\/www.ufsm.br\/cursos\/pos-graduacao\/santa-maria\/ppgcmr\/wp-json\/wp\/v2\/pages\/236","targetHints":{"allow":["GET"]}}],"collection":[{"href":"https:\/\/www.ufsm.br\/cursos\/pos-graduacao\/santa-maria\/ppgcmr\/wp-json\/wp\/v2\/pages"}],"about":[{"href":"https:\/\/www.ufsm.br\/cursos\/pos-graduacao\/santa-maria\/ppgcmr\/wp-json\/wp\/v2\/types\/page"}],"author":[{"embeddable":true,"href":"https:\/\/www.ufsm.br\/cursos\/pos-graduacao\/santa-maria\/ppgcmr\/wp-json\/wp\/v2\/users\/878"}],"replies":[{"embeddable":true,"href":"https:\/\/www.ufsm.br\/cursos\/pos-graduacao\/santa-maria\/ppgcmr\/wp-json\/wp\/v2\/comments?post=236"}],"version-history":[{"count":0,"href":"https:\/\/www.ufsm.br\/cursos\/pos-graduacao\/santa-maria\/ppgcmr\/wp-json\/wp\/v2\/pages\/236\/revisions"}],"wp:attachment":[{"href":"https:\/\/www.ufsm.br\/cursos\/pos-graduacao\/santa-maria\/ppgcmr\/wp-json\/wp\/v2\/media?parent=236"}],"wp:term":[{"taxonomy":"category","embeddable":true,"href":"https:\/\/www.ufsm.br\/cursos\/pos-graduacao\/santa-maria\/ppgcmr\/wp-json\/wp\/v2\/categories?post=236"},{"taxonomy":"post_tag","embeddable":true,"href":"https:\/\/www.ufsm.br\/cursos\/pos-graduacao\/santa-maria\/ppgcmr\/wp-json\/wp\/v2\/tags?post=236"}],"curies":[{"name":"wp","href":"https:\/\/api.w.org\/{rel}","templated":true}]}}