{"id":238,"date":"2022-03-21T10:19:22","date_gmt":"2022-03-21T13:19:22","guid":{"rendered":"https:\/\/www.ufsm.br\/cursos\/pos-graduacao\/santa-maria\/ppgcmr\/?page_id=238"},"modified":"2022-03-21T10:19:23","modified_gmt":"2022-03-21T13:19:23","slug":"material-de-consumo-laboratorio-atividades-de-pesquisa","status":"publish","type":"page","link":"https:\/\/www.ufsm.br\/cursos\/pos-graduacao\/santa-maria\/ppgcmr\/material-de-consumo-laboratorio-atividades-de-pesquisa","title":{"rendered":"MATERIAL DE CONSUMO (LABORAT\u00d3RIO, ATIVIDADES DE PESQUISA)"},"content":{"rendered":"\n<p>Entende-se por material de consumo os materiais\/produtos essenciais \u00e0s atividades de laborat\u00f3rio no desenvolvimento das pesquisas provenientes das disserta\u00e7\u00f5es e teses.<\/p>\n\n\n\n<p>A aquisi\u00e7\u00e3o destes materiais ser\u00e3o efetuadas no Almoxarifado Central da UFSM ou pelo Sistema de Registro de Pre\u00e7os provenientes do Preg\u00e3o do Governo Federal. N\u00e3o existe a modalidade de compra externa ou reembolso de valores.<\/p>\n\n\n\n<p>Toda aquisi\u00e7\u00e3o somente ser\u00e1 efetuada com a aprova\u00e7\u00e3o do orientador do aluno.<\/p>\n\n\n\n<p><strong>Para solicitar o aluno dever\u00e1<\/strong>\u00a0enviar a secretaria do PPGCMR o e-mail com os materiais solicitados com c\u00f3pia ao orientador ou entregar por escrito a rela\u00e7\u00e3o de materiais.<\/p>\n\n\n\n<p>A secretaria ir\u00e1 efetuar as pesquisas dos materiais e comunicar ao aluno as disponibilidades.<\/p>\n","protected":false},"excerpt":{"rendered":"<p>Entende-se por material de consumo os materiais\/produtos essenciais \u00e0s atividades de laborat\u00f3rio no desenvolvimento das pesquisas provenientes das disserta\u00e7\u00f5es e teses. A aquisi\u00e7\u00e3o destes materiais ser\u00e3o efetuadas no Almoxarifado Central da UFSM ou pelo Sistema de Registro de Pre\u00e7os provenientes do Preg\u00e3o do Governo Federal. N\u00e3o existe a modalidade de compra externa ou reembolso de [&hellip;]<\/p>\n","protected":false},"author":878,"featured_media":0,"parent":0,"menu_order":0,"comment_status":"closed","ping_status":"closed","template":"","meta":{"footnotes":""},"categories":[],"tags":[],"class_list":["post-238","page","type-page","status-publish","hentry"],"acf":[],"_links":{"self":[{"href":"https:\/\/www.ufsm.br\/cursos\/pos-graduacao\/santa-maria\/ppgcmr\/wp-json\/wp\/v2\/pages\/238","targetHints":{"allow":["GET"]}}],"collection":[{"href":"https:\/\/www.ufsm.br\/cursos\/pos-graduacao\/santa-maria\/ppgcmr\/wp-json\/wp\/v2\/pages"}],"about":[{"href":"https:\/\/www.ufsm.br\/cursos\/pos-graduacao\/santa-maria\/ppgcmr\/wp-json\/wp\/v2\/types\/page"}],"author":[{"embeddable":true,"href":"https:\/\/www.ufsm.br\/cursos\/pos-graduacao\/santa-maria\/ppgcmr\/wp-json\/wp\/v2\/users\/878"}],"replies":[{"embeddable":true,"href":"https:\/\/www.ufsm.br\/cursos\/pos-graduacao\/santa-maria\/ppgcmr\/wp-json\/wp\/v2\/comments?post=238"}],"version-history":[{"count":0,"href":"https:\/\/www.ufsm.br\/cursos\/pos-graduacao\/santa-maria\/ppgcmr\/wp-json\/wp\/v2\/pages\/238\/revisions"}],"wp:attachment":[{"href":"https:\/\/www.ufsm.br\/cursos\/pos-graduacao\/santa-maria\/ppgcmr\/wp-json\/wp\/v2\/media?parent=238"}],"wp:term":[{"taxonomy":"category","embeddable":true,"href":"https:\/\/www.ufsm.br\/cursos\/pos-graduacao\/santa-maria\/ppgcmr\/wp-json\/wp\/v2\/categories?post=238"},{"taxonomy":"post_tag","embeddable":true,"href":"https:\/\/www.ufsm.br\/cursos\/pos-graduacao\/santa-maria\/ppgcmr\/wp-json\/wp\/v2\/tags?post=238"}],"curies":[{"name":"wp","href":"https:\/\/api.w.org\/{rel}","templated":true}]}}