{"id":340,"date":"2023-01-13T13:08:05","date_gmt":"2023-01-13T16:08:05","guid":{"rendered":"https:\/\/www.ufsm.br\/cursos\/pos-graduacao\/santa-maria\/ppgcmr\/?page_id=340"},"modified":"2023-01-13T13:08:07","modified_gmt":"2023-01-13T16:08:07","slug":"pos-doutoramento-2","status":"publish","type":"page","link":"https:\/\/www.ufsm.br\/cursos\/pos-graduacao\/santa-maria\/ppgcmr\/pos-doutoramento-2","title":{"rendered":"P\u00f3s-doutoramento"},"content":{"rendered":"\n<p>O Programa de P\u00f3s-doutorado \u00e9 um programa de aprimoramento em pesquisa avan\u00e7ada visando ao aprimoramento de suas habilidades de pesquisador e acad\u00eamicas. em que estar\u00e1 sob a supervis\u00e3o de um pesquisador experiente com no m\u00ednimo 2 (dois) anos de atua\u00e7\u00e3o como docente permanente vinculado a um Programa de P\u00f3s-gradua\u00e7\u00e3o (PPG).<\/p>\n\n\n\n<p>O p\u00f3s-doutorando dever\u00e1 ser portador do t\u00edtulo de doutor numa universidade ou institui\u00e7\u00e3o de pesquisa<\/p>\n\n\n\n<p>Na Universidade Federal de Santa Maria \u00e9 regulamentado pela&nbsp;<strong><a href=\"https:\/\/portal.ufsm.br\/documentos\/publico\/documento.html?id=13332915\" target=\"_blank\" rel=\"noreferrer noopener\">Resolu\u00e7\u00e3o N. 036\/2020<\/a><\/strong>,&nbsp;<br>Na UFSM o ingresso de P\u00d3S-DOC d\u00e1-se de duas formas:<\/p>\n\n\n\n<p>I \u2013 financiada com bolsa de p\u00f3s-doutorado por ag\u00eancia de fomento ou bolsa equivalente, mediante processo de sele\u00e7\u00e3o (com dedica\u00e7\u00e3o exclusiva em tempo integral); e<br>II \u2013 sem bolsa ou se houver afastamento remunerado do empregador ou institui\u00e7\u00e3o de pesquisa e ensino (p\u00f3s-doutoramento volunt\u00e1rio com dedica\u00e7\u00e3o parcial com m\u00ednimo de 20 horas semanal).<\/p>\n\n\n\n<p>A dura\u00e7\u00e3o do P\u00f3s-doutorado ser\u00e1 de no m\u00ednimo 6 (seis) meses podendo se estender at\u00e9 4 (quatro) anos (ou at\u00e9 o prazo de concess\u00e3o de bolsa), a crit\u00e9rio do Colegiado do Programa de P\u00f3s-gradua\u00e7\u00e3o onde estiver vinculado.&nbsp;Para o direito ao certificado de p\u00f3s-doutorado o est\u00e1gio dever\u00e1 ser de no m\u00ednimo seis meses.<\/p>\n\n\n\n<p>Demais informa\u00e7\u00f5es e documenta\u00e7\u00e3o para cadastro no site da PRPGP\/UFSM:&nbsp;<strong><a href=\"https:\/\/www.ufsm.br\/pro-reitorias\/prpgp\/servicos\/programa-de-pos-doutorado-na-universidade-federal-de-santa-maria\/\" target=\"_blank\" rel=\"noreferrer noopener\">Programa de P\u00f3s-doutorado na Universidade Federal de Santa Maria<\/a><\/strong><\/p>\n\n\n\n<p>Outras informa\u00e7\u00f5es:<br><a href=\"https:\/\/www.gov.br\/capes\/pt-br\/acesso-a-informacao\/acoes-e-programas\/bolsas\/bolsas-no-pais\/pnpd-capes\" target=\"_blank\" rel=\"noreferrer noopener\">Programa Nacional de P\u00f3s Doutorado\/Capes (PNPD\/CAPES)<\/a><br><a href=\"https:\/\/www.gov.br\/capes\/pt-br\/centrais-de-conteudo\/portaria-86-2013-regulamento-pnpd-pdf\" target=\"_blank\" rel=\"noreferrer noopener\">PORTARIA N\u00ba 086, DE 03 DE JULHO DE 2013<\/a><br><a href=\"https:\/\/www.gov.br\/capes\/pt-br\/acesso-a-informacao\/acoes-e-programas\/bolsas\/programas-estrategicos\/desenvolvimento-regional\/programa-de-desenvolvimento-da-pos-graduacao-pdpg-pos-doutorado-estrategico\" target=\"_blank\" rel=\"noreferrer noopener\">Programa de Desenvolvimento da P\u00f3s-Gradua\u00e7\u00e3o (PDPG) P\u00f3s-Doutorado Estrat\u00e9gico<\/a><\/p>\n","protected":false},"excerpt":{"rendered":"<p>O Programa de P\u00f3s-doutorado \u00e9 um programa de aprimoramento em pesquisa avan\u00e7ada visando ao aprimoramento de suas habilidades de pesquisador e acad\u00eamicas. em que estar\u00e1 sob a supervis\u00e3o de um pesquisador experiente com no m\u00ednimo 2 (dois) anos de atua\u00e7\u00e3o como docente permanente vinculado a um Programa de P\u00f3s-gradua\u00e7\u00e3o (PPG). O p\u00f3s-doutorando dever\u00e1 ser portador [&hellip;]<\/p>\n","protected":false},"author":878,"featured_media":0,"parent":0,"menu_order":0,"comment_status":"closed","ping_status":"closed","template":"","meta":{"footnotes":""},"categories":[],"tags":[],"class_list":["post-340","page","type-page","status-publish","hentry"],"acf":[],"_links":{"self":[{"href":"https:\/\/www.ufsm.br\/cursos\/pos-graduacao\/santa-maria\/ppgcmr\/wp-json\/wp\/v2\/pages\/340","targetHints":{"allow":["GET"]}}],"collection":[{"href":"https:\/\/www.ufsm.br\/cursos\/pos-graduacao\/santa-maria\/ppgcmr\/wp-json\/wp\/v2\/pages"}],"about":[{"href":"https:\/\/www.ufsm.br\/cursos\/pos-graduacao\/santa-maria\/ppgcmr\/wp-json\/wp\/v2\/types\/page"}],"author":[{"embeddable":true,"href":"https:\/\/www.ufsm.br\/cursos\/pos-graduacao\/santa-maria\/ppgcmr\/wp-json\/wp\/v2\/users\/878"}],"replies":[{"embeddable":true,"href":"https:\/\/www.ufsm.br\/cursos\/pos-graduacao\/santa-maria\/ppgcmr\/wp-json\/wp\/v2\/comments?post=340"}],"version-history":[{"count":0,"href":"https:\/\/www.ufsm.br\/cursos\/pos-graduacao\/santa-maria\/ppgcmr\/wp-json\/wp\/v2\/pages\/340\/revisions"}],"wp:attachment":[{"href":"https:\/\/www.ufsm.br\/cursos\/pos-graduacao\/santa-maria\/ppgcmr\/wp-json\/wp\/v2\/media?parent=340"}],"wp:term":[{"taxonomy":"category","embeddable":true,"href":"https:\/\/www.ufsm.br\/cursos\/pos-graduacao\/santa-maria\/ppgcmr\/wp-json\/wp\/v2\/categories?post=340"},{"taxonomy":"post_tag","embeddable":true,"href":"https:\/\/www.ufsm.br\/cursos\/pos-graduacao\/santa-maria\/ppgcmr\/wp-json\/wp\/v2\/tags?post=340"}],"curies":[{"name":"wp","href":"https:\/\/api.w.org\/{rel}","templated":true}]}}