{"id":187,"date":"2019-02-20T09:33:45","date_gmt":"2019-02-20T12:33:45","guid":{"rendered":"https:\/\/www.ufsm.br\/cursos\/pos-graduacao\/santa-maria\/ppgco\/?page_id=187"},"modified":"2025-08-18T10:05:14","modified_gmt":"2025-08-18T13:05:14","slug":"disciplinas","status":"publish","type":"page","link":"https:\/\/www.ufsm.br\/cursos\/pos-graduacao\/santa-maria\/ppgco\/disciplinas","title":{"rendered":"Matriz curricular e n\u00famero de cr\u00e9ditos m\u00ednimos"},"content":{"rendered":"\n<p>A matriz curricular do Programa de P\u00f3s-Gradua\u00e7\u00e3o em Ci\u00eancias Odontol\u00f3gicas (PPGCO) foi cuidadosamente estruturada para alinhar-se ao perfil de egresso esperado, garantindo flexibilidade e autonomia ao discente no planejamento de suas atividades acad\u00eamicas e de pesquisa. Essa abordagem permite que os estudantes personalizem sua forma\u00e7\u00e3o, integrando disciplinas ofertadas pelo PPGCO com cr\u00e9ditos de outros programas de p\u00f3s-gradua\u00e7\u00e3o ou \u00e1reas afins de interesse, ampliando sua base de conhecimento e interdisciplinaridade.<\/p>\n<p>A sele\u00e7\u00e3o das disciplinas \u00e9 realizada em conjunto com o orientador, levando em considera\u00e7\u00e3o as metas definidas no relat\u00f3rio de planejamento semestral elaborado por cada aluno. Essa pr\u00e1tica assegura que as escolhas curriculares estejam diretamente vinculadas aos objetivos espec\u00edficos de forma\u00e7\u00e3o e pesquisa de cada discente.<\/p>\n<p>O fluxo das disciplinas foi concebido para ser <strong>flex\u00edvel e integrador entre os diferentes n\u00edveis<\/strong>, atendendo \u00e0s demandas espec\u00edficas de cada \u00e1rea de concentra\u00e7\u00e3o. Al\u00e9m disso, a estrutura curricular \u00e9 constantemente avaliada e ajustada com base no feedback dos discentes ao final de cada disciplina, promovendo melhorias cont\u00ednuas no programa.<\/p>\n<p>Com foco na diversidade de formatos e hor\u00e1rios, o PPGCO oferece:<\/p>\n<ul>\n<li><strong>Disciplinas intensivas:<\/strong> Ministradas em per\u00edodos concentrados, atendendo \u00e0 disponibilidade dos estudantes e professores.<\/li>\n<li><strong>Disciplinas semestrais:<\/strong> Ofertadas ao longo de todo o semestre, garantindo maior aprofundamento e continuidade no aprendizado.<\/li>\n<\/ul>\n<p>Essa flexibilidade curricular, aliada \u00e0 constante intera\u00e7\u00e3o entre discentes e docentes, assegura uma forma\u00e7\u00e3o altamente qualificada e adaptada \u00e0s necessidades individuais e coletivas do programa, potencializando o impacto acad\u00eamico e profissional dos egressos.<\/p>\n<h1>\u00a0<\/h1>\n<h1><span style=\"color: #000000\"><strong>CURSO DE DOUTORADO<\/strong><\/span><\/h1>\n<p style=\"font-weight: 400;text-align: justify\"><em><strong>Durante o Doutorado, o aluno dever\u00e1 cursar um n\u00famero m\u00ednimo de 35 cr\u00e9ditos (19 cr\u00e9ditos obrigat\u00f3rios, 16 cr\u00e9ditos optativos).<\/strong><\/em><\/p>\n<ul>\n<li>\n<h3><span style=\"color: #993366\"><strong>Eixo de Forma\u00e7\u00e3o Comum (alunos de ambas linhas de pesquisa)<\/strong><\/span><\/h3>\n<p><strong>Objetivo:<\/strong> Fornecer a base metodol\u00f3gica, \u00e9tica e cient\u00edfica necess\u00e1ria para o desenvolvimento de pesquisas e forma\u00e7\u00e3o de profissionais qualificados.<\/p>\n<ul>\n<li>\n<p><strong>Eixo formador de metodologia e \u00e9tica:<\/strong><\/p>\n<ul>\n<li>Bioestat\u00edstica avan\u00e7ada (4 Cr\u00e9ditos &#8211; <strong>Obrigat\u00f3ria<\/strong>)<\/li>\n<li>Reda\u00e7\u00e3o cient\u00edfica e projetos de pesquisa (2 Cr\u00e9ditos &#8211; <strong>Obrigat\u00f3ria<\/strong>)<\/li>\n<li>Semin\u00e1rios de l\u00edngua inglesa (2 Cr\u00e9ditos &#8211; <strong>Obrigat\u00f3ria<\/strong>)<\/li>\n<li>Introdu\u00e7\u00e3o \u00e0 Revis\u00e3o Sistem\u00e1tica e Metan\u00e1lise (3 Cr\u00e9ditos &#8211; Optativa)<\/li>\n<\/ul>\n<\/li>\n<li>\n<p><strong>Eixo formador de aprofundamento e discuss\u00e3o cient\u00edfica:<\/strong><\/p>\n<ul>\n<li>Semin\u00e1rios de literatura especial (5 Cr\u00e9ditos &#8211; <strong>Obrigat\u00f3ria<\/strong>)<\/li>\n<\/ul>\n<\/li>\n<li>\n<p><strong>Eixo formador pedag\u00f3gico\/doc\u00eancia:<\/strong><\/p>\n<ul>\n<li>Doc\u00eancia orientada I, II, III e IV\u00a0 (0 Cr\u00e9ditos &#8211; <strong>Obrigat\u00f3ria<\/strong>)<\/li>\n<li>Coorienta\u00e7\u00e3o de Pesquisa I, II e III\u00a0(2 Cr\u00e9ditos cada &#8211; <strong>Obrigat\u00f3rias<\/strong>)<\/li>\n<li>Tecnologias digitais e metodologias para elabora\u00e7\u00e3o de material did\u00e1tico em Odontologia (2 Cr\u00e9ditos &#8211; Optativa)<\/li>\n<li>Divulga\u00e7\u00e3o Cient\u00edfica em Sa\u00fade\u00a0(3 Cr\u00e9ditos &#8211; Optativa)<\/li>\n<\/ul>\n<\/li>\n<li>\n<p><strong>Produ\u00e7\u00e3o e Conclus\u00e3o:<\/strong><\/p>\n<ul>\n<li>Elabora\u00e7\u00e3o de Disserta\u00e7\u00e3o e Tese (0 Cr\u00e9ditos &#8211; <strong>Obrigat\u00f3ria<\/strong>)<\/li>\n<\/ul>\n<\/li>\n<\/ul>\n<hr \/>\n<h3><span style=\"color: #339966\"><strong>Eixo Formador da linha de Biomateriais<\/strong><\/span><\/h3>\n<p><strong>Objetivo:<\/strong> Desenvolver conhecimento avan\u00e7ado em materiais odontol\u00f3gicos e suas aplica\u00e7\u00f5es cl\u00ednicas.<\/p>\n<ul>\n<li>Estudo avan\u00e7ado da reabilita\u00e7\u00e3o de dentes tratados endodonticamente (5 Cr\u00e9ditos &#8211; Optativa)<\/li>\n<li>Pesquisa em Cer\u00e2micas Odontol\u00f3gicas (2 Cr\u00e9ditos &#8211; Optativa)<\/li>\n<\/ul>\n<hr \/>\n<h3><span style=\"color: #0000ff\"><strong>Eixo Formador da linha de Epidemiologia<\/strong><\/span><\/h3>\n<p><strong>Objetivo:<\/strong> Capacitar os alunos na aplica\u00e7\u00e3o de m\u00e9todos epidemiol\u00f3gicos para an\u00e1lise de dados em sa\u00fade bucal coletiva e individual.<\/p>\n<ul>\n<li>\n<p><strong>M\u00e9todos e an\u00e1lises em epidemiologia<\/strong><\/p>\n<ul>\n<li>Epidemiologia avan\u00e7ada (5 Cr\u00e9ditos &#8211; Optativa)<\/li>\n<li>Machine Learning Aplicado a Desfechos de Sa\u00fade<span class=\"Apple-converted-space\"> (4 cr\u00e9ditos &#8211; optativa)<\/span><\/li>\n<\/ul>\n<\/li>\n<li>\n<p><strong>Sa\u00fade P\u00fablica e Promo\u00e7\u00e3o da Sa\u00fade:<\/strong><\/p>\n<ul>\n<li>Sa\u00fade Coletiva I, II e III (4 Cr\u00e9ditos cada &#8211; Optativa)<\/li>\n<\/ul>\n<\/li>\n<li>\n<p><strong>Subespecialidades e T\u00f3picos Avan\u00e7ados:<\/strong><\/p>\n<ul>\n<li>Semin\u00e1rios de Periodontia avan\u00e7ados I, II, III e IV (4 Cr\u00e9ditos cada &#8211; Optativas)<\/li>\n<li>Semin\u00e1rios de Radiologia e Imaginologia avan\u00e7ada I, II e III (1 Cr\u00e9dito cada &#8211; Optativas)<\/li>\n<li>Radiologia e Imaginologia Odontol\u00f3gica Avan\u00e7ada (3 Cr\u00e9ditos\u00a0 &#8211; Optativa)<\/li>\n<li>Microbioma oral e intera\u00e7\u00e3o com doen\u00e7as sist\u00eamicas (1 cada &#8211; Optativa)<\/li>\n<li>T\u00f3picos relevantes do crescimento e desenvolvimento infantil para Odontologia (5 Cr\u00e9ditos\u00a0 &#8211; Optativa)<\/li>\n<li>Semin\u00e1rios avan\u00e7ados em endodontia (2 Cr\u00e9ditos\u00a0 &#8211; Optativa)<\/li>\n<\/ul>\n<\/li>\n<\/ul>\n<hr \/>\n<h3><span style=\"color: #ff0000\"><strong>Disciplinas Cl\u00ednicas<\/strong><\/span><\/h3>\n<p><strong>Objetivo:<\/strong> Promover o dom\u00ednio de t\u00e9cnicas cl\u00ednicas avan\u00e7adas e integradas \u00e0s \u00e1reas de especialidade odontol\u00f3gica.<\/p>\n<ul>\n<li>Cl\u00ednica de Beb\u00eas I, II e III (5 Cr\u00e9ditos cada &#8211; Optativas)<\/li>\n<li>Cl\u00ednica de Dent\u00edstica e Cariologia I, II, III e IV (5 Cr\u00e9ditos cada &#8211; Optativas)<\/li>\n<li>Cl\u00ednica de Reabilita\u00e7\u00e3o Prot\u00e9tica I, II, III e IV (4 Cr\u00e9ditos cada &#8211; Optativas)<\/li>\n<li>Endodontia Cl\u00ednica I, II, III e IV (5 Cr\u00e9ditos cada &#8211; Optativas)\u00a0<\/li>\n<li>Ortodontia Cl\u00ednica I, II, III e IV (5 Cr\u00e9ditos cada &#8211; Optativas)<\/li>\n<li>Periodontia\u00a0Cl\u00ednica I, II, III e IV (5 Cr\u00e9ditos cada &#8211; Optativas)<\/li>\n<\/ul>\n<ol>\n<li style=\"list-style-type: none\">\u00a0<\/li>\n<\/ol>\n<\/li>\n<\/ul>\n<h1><span style=\"color: #000000\"><strong>CURSO DE METRADO<\/strong><\/span><\/h1>\n<p style=\"font-weight: 400;text-align: justify\"><em><strong>No mestrado, exige-se um n\u00famero m\u00ednimo de 35 cr\u00e9ditos (21 cr\u00e9ditos obrigat\u00f3rios, 14 cr\u00e9ditos optativos).<\/strong><\/em><\/p>\n<p style=\"font-weight: 400;text-align: justify\">As disciplinas s\u00e3o distribu\u00eddas de acordo com o perfil esperado do egresso e inseridas nos tr\u00eas eixos formadores. Sendo assim, tem-se:<\/p>\n<ol>\n<li>\n<h3><span style=\"color: #993366\"><strong>Eixo de Forma\u00e7\u00e3o Comum (alunos de ambas linhas de pesquisa)<\/strong><\/span><\/h3>\n<p><strong>Objetivo:<\/strong> Fornecer a base metodol\u00f3gica, \u00e9tica e cient\u00edfica necess\u00e1ria para o desenvolvimento de pesquisas e forma\u00e7\u00e3o de profissionais qualificados.<\/p>\n<ul>\n<li>\n<p><strong>Eixo formador de metodologia e \u00e9tica:<\/strong><\/p>\n<ul>\n<li>Fundamentos de Bioestat\u00edstica aplicada \u00e0 Odontologia (2 Cr\u00e9ditos &#8211; <strong>Obrigat\u00f3ria<\/strong>)<\/li>\n<li>\u00c9tica em Pesquisa (2 Cr\u00e9ditos &#8211; <strong>Obrigat\u00f3ria<\/strong>)<\/li>\n<li>Metodologia Cient\u00edfica aplicada \u00e0 Odontologia (4 Cr\u00e9ditos &#8211; <strong>Obrigat\u00f3ria<\/strong>)<\/li>\n<li>Introdu\u00e7\u00e3o \u00e0 Revis\u00e3o Sistem\u00e1tica e Metan\u00e1lise (3 Cr\u00e9ditos &#8211; Optativa)<\/li>\n<\/ul>\n<\/li>\n<li>\n<p><strong>Eixo formador de aprofundamento e discuss\u00e3o cient\u00edfica:<\/strong><\/p>\n<ul>\n<li>Semin\u00e1rios de Pesquisa Cl\u00ednica, Laboratorial e Epidemiol\u00f3gica I &#8220;A&#8221; (5 Cr\u00e9ditos &#8211; <strong>Obrigat\u00f3ria<\/strong>)<\/li>\n<li>Semin\u00e1rios de Pesquisa Cl\u00ednica, Laboratorial e Epidemiol\u00f3gica II &#8220;A&#8221; (5 Cr\u00e9ditos &#8211; <strong>Obrigat\u00f3ria<\/strong>)<\/li>\n<\/ul>\n<\/li>\n<li>\n<p><strong>Eixo formador pedag\u00f3gico\/doc\u00eancia:<\/strong><\/p>\n<ul>\n<li>Metodologia do Ensino Superior &#8220;A&#8221; (3 Cr\u00e9ditos &#8211; <strong>Obrigat\u00f3ria<\/strong>)<\/li>\n<li>Doc\u00eancia orientada I, II, III e IV\u00a0 (0 Cr\u00e9ditos &#8211; <strong>Obrigat\u00f3ria<\/strong>)<\/li>\n<li>Tecnologias digitais e metodologias para elabora\u00e7\u00e3o de material did\u00e1tico em Odontologia (2 Cr\u00e9ditos &#8211; Optativa)<\/li>\n<li>Divulga\u00e7\u00e3o Cient\u00edfica em Sa\u00fade\u00a0(3 Cr\u00e9ditos cada &#8211; Optativa)<\/li>\n<\/ul>\n<\/li>\n<li>\n<p><strong>Produ\u00e7\u00e3o e Conclus\u00e3o:<\/strong><\/p>\n<ul>\n<li>Elabora\u00e7\u00e3o de Disserta\u00e7\u00e3o e Tese (0 Cr\u00e9ditos &#8211; <strong>Obrigat\u00f3ria<\/strong>)<\/li>\n<\/ul>\n<\/li>\n<\/ul>\n<hr \/>\n<h3><span style=\"color: #339966\"><strong>Eixo Formador da linha de Biomateriais<\/strong><\/span><\/h3>\n<p><strong>Objetivo:<\/strong> Desenvolver conhecimento avan\u00e7ado em materiais odontol\u00f3gicos e suas aplica\u00e7\u00f5es cl\u00ednicas.<\/p>\n<ul>\n<li>Biomateriais I &#8220;A&#8221; (5 Cr\u00e9ditos &#8211; Optativa)<\/li>\n<li>Biomateriais II &#8220;A&#8221; (5 Cr\u00e9ditos &#8211; Optativa)<\/li>\n<\/ul>\n<hr \/>\n<h3><span style=\"color: #0000ff\"><strong>Eixo Formador da linha de Epidemiologia<\/strong><\/span><\/h3>\n<p><strong>Objetivo:<\/strong> Capacitar os alunos na aplica\u00e7\u00e3o de m\u00e9todos epidemiol\u00f3gicos para an\u00e1lise de dados em sa\u00fade bucal coletiva e individual.<\/p>\n<ul>\n<li>\n<p><strong>M\u00e9todos e an\u00e1lises em epidemiologia<\/strong><\/p>\n<ul>\n<li>Semin\u00e1rios de epidemiologia em sa\u00fade bucal &#8220;A&#8221; (6 Cr\u00e9ditos &#8211; Optativa)<\/li>\n<li>Machine Learning Aplicado a Desfechos de Sa\u00fade<span class=\"Apple-converted-space\"> (4 cr\u00e9ditos &#8211; optativa)<\/span><\/li>\n<li style=\"list-style-type: none\">\u00a0<\/li>\n<\/ul>\n<\/li>\n<li>\n<p><strong>Sa\u00fade P\u00fablica e Promo\u00e7\u00e3o da Sa\u00fade:<\/strong><\/p>\n<ul>\n<li>Sa\u00fade Coletiva I e II (4 Cr\u00e9ditos cada &#8211; Optativas)<\/li>\n<\/ul>\n<\/li>\n<li>\n<p><strong>Subespecialidades e T\u00f3picos Avan\u00e7ados:<\/strong><\/p>\n<ul>\n<li>Semin\u00e1rios de Periodontia I, II, III e IV (4 Cr\u00e9ditos cada &#8211; Optativas)<\/li>\n<li>Semin\u00e1rios de Radiologia e Imaginologia I, II e III (3 Cr\u00e9ditos cada &#8211; Optativas)<\/li>\n<li>Radiologia e Imaginologia Odontol\u00f3gica Avan\u00e7ada (3 Cr\u00e9ditos\u00a0 &#8211; Optativa)<\/li>\n<li>Microbioma oral e intera\u00e7\u00e3o com doen\u00e7as sist\u00eamicas (1 cada &#8211; Optativa)<\/li>\n<li>Estomatopatologia (3 Cr\u00e9ditos, optativa)<\/li>\n<\/ul>\n<\/li>\n<\/ul>\n<hr \/>\n<h3><span style=\"color: #ff0000\"><strong>Disciplinas Cl\u00ednicas<\/strong><\/span><\/h3>\n<p><strong>Objetivo:<\/strong> Promover o dom\u00ednio de t\u00e9cnicas cl\u00ednicas avan\u00e7adas e integradas \u00e0s \u00e1reas de especialidade odontol\u00f3gica.<\/p>\n<ul>\n<li>Cl\u00ednica de Beb\u00eas I, II e III (5 Cr\u00e9ditos cada &#8211; Optativa)<\/li>\n<li>Cl\u00ednica de Dent\u00edstica e Cariologia I, II, III e IV (5 Cr\u00e9ditos cada &#8211; Optativa)<\/li>\n<li>Cl\u00ednica de Reabilita\u00e7\u00e3o Prot\u00e9tica I, II, III e IV (4 Cr\u00e9ditos cada &#8211; Optativa)<\/li>\n<li>Endodontia Cl\u00ednica I, II, III e IV (5 Cr\u00e9ditos cada &#8211; Optativa)\u00a0<\/li>\n<li>Ortodontia Cl\u00ednica I, II, III e IV (5 Cr\u00e9ditos cada &#8211; Optativa)<\/li>\n<li>Periodontia\u00a0Cl\u00ednica I, II, III e IV (5 Cr\u00e9ditos cada &#8211; Optativa)<\/li>\n<\/ul>\n<\/li>\n<li style=\"list-style-type: none\">\u00a0<\/li>\n<\/ol>\n\n\n\n<p><\/p>\n","protected":false},"excerpt":{"rendered":"<p>A matriz curricular do Programa de P\u00f3s-Gradua\u00e7\u00e3o em Ci\u00eancias Odontol\u00f3gicas (PPGCO) foi cuidadosamente estruturada para alinhar-se ao perfil de egresso esperado, garantindo flexibilidade e autonomia ao discente no planejamento de suas atividades acad\u00eamicas e de pesquisa. Essa abordagem permite que os estudantes personalizem sua forma\u00e7\u00e3o, integrando disciplinas ofertadas pelo PPGCO com cr\u00e9ditos de outros programas [&hellip;]<\/p>\n","protected":false},"author":118,"featured_media":0,"parent":0,"menu_order":0,"comment_status":"closed","ping_status":"closed","template":"","meta":{"footnotes":""},"categories":[],"tags":[],"class_list":["post-187","page","type-page","status-publish","hentry"],"acf":[],"_links":{"self":[{"href":"https:\/\/www.ufsm.br\/cursos\/pos-graduacao\/santa-maria\/ppgco\/wp-json\/wp\/v2\/pages\/187","targetHints":{"allow":["GET"]}}],"collection":[{"href":"https:\/\/www.ufsm.br\/cursos\/pos-graduacao\/santa-maria\/ppgco\/wp-json\/wp\/v2\/pages"}],"about":[{"href":"https:\/\/www.ufsm.br\/cursos\/pos-graduacao\/santa-maria\/ppgco\/wp-json\/wp\/v2\/types\/page"}],"author":[{"embeddable":true,"href":"https:\/\/www.ufsm.br\/cursos\/pos-graduacao\/santa-maria\/ppgco\/wp-json\/wp\/v2\/users\/118"}],"replies":[{"embeddable":true,"href":"https:\/\/www.ufsm.br\/cursos\/pos-graduacao\/santa-maria\/ppgco\/wp-json\/wp\/v2\/comments?post=187"}],"version-history":[{"count":0,"href":"https:\/\/www.ufsm.br\/cursos\/pos-graduacao\/santa-maria\/ppgco\/wp-json\/wp\/v2\/pages\/187\/revisions"}],"wp:attachment":[{"href":"https:\/\/www.ufsm.br\/cursos\/pos-graduacao\/santa-maria\/ppgco\/wp-json\/wp\/v2\/media?parent=187"}],"wp:term":[{"taxonomy":"category","embeddable":true,"href":"https:\/\/www.ufsm.br\/cursos\/pos-graduacao\/santa-maria\/ppgco\/wp-json\/wp\/v2\/categories?post=187"},{"taxonomy":"post_tag","embeddable":true,"href":"https:\/\/www.ufsm.br\/cursos\/pos-graduacao\/santa-maria\/ppgco\/wp-json\/wp\/v2\/tags?post=187"}],"curies":[{"name":"wp","href":"https:\/\/api.w.org\/{rel}","templated":true}]}}