{"id":435,"date":"2022-09-02T10:44:39","date_gmt":"2022-09-02T13:44:39","guid":{"rendered":"https:\/\/www.ufsm.br\/cursos\/pos-graduacao\/santa-maria\/ppgco\/?page_id=435"},"modified":"2022-09-02T10:44:40","modified_gmt":"2022-09-02T13:44:40","slug":"prorrogacao-de-prazo-para-defesas-de-mestrado-doutorado","status":"publish","type":"page","link":"https:\/\/www.ufsm.br\/cursos\/pos-graduacao\/santa-maria\/ppgco\/prorrogacao-de-prazo-para-defesas-de-mestrado-doutorado","title":{"rendered":"Prorroga\u00e7\u00e3o de Prazo para Defesas de Mestrado\/Doutorado"},"content":{"rendered":"\n<p><strong><u>PRORROGA\u00c7\u00c3O DE PRAZO DE DEFESA<\/u><\/strong><\/p>\n\n\n\n<p>Previs\u00e3o legal: Art. 36 do Regimento Geral de P\u00f3s-Gradua\u00e7\u00e3o.<\/p>\n\n\n\n<p>O&nbsp;<strong>Processo de prorroga\u00e7\u00e3o de prazo para defesa de disserta\u00e7\u00e3o ou tese pode ser solicitado pelo discente<\/strong>&nbsp;no&nbsp;<strong><a href=\"https:\/\/portal.ufsm.br\/documentos\/index.html\">Portal Documentos da UFSM<\/a>.<\/strong><\/p>\n\n\n\n<p><strong>Discentes de cursos Stricto Sensu:<\/strong>&nbsp;Clica em Novo &gt; Processo&gt; seleciona o PEN com tipo documental \u201cProcesso de prorroga\u00e7\u00e3o de prazo para defesa de disserta\u00e7\u00e3o\/tese (134.333)\u201d<\/p>\n\n\n\n<p><strong>Fluxo correto da abertura do PEN de prorroga\u00e7\u00e3o de prazo para defesa:<\/strong><br>Discente &gt; Orientador &gt; Curso\/Colegiado &gt; Controle Acad\u00eamico de P\u00f3s-Gradua\u00e7\u00e3o da PRPGP.<\/p>\n\n\n\n<p><strong><u>ATEN\u00c7\u00c3O<\/u><\/strong><\/p>\n\n\n\n<p><strong>O&nbsp;<\/strong><strong>discente<\/strong>&nbsp;abre o PEN anexando o requerimento de prorroga\u00e7\u00e3o, tramita para o(a) orientador(a) e este tramita ao Curso para an\u00e1lise do Colegiado. Se aprovado pelo Colegiado, o Processo deve ser tramitado diretamente ao Controle Acad\u00eamico de P\u00f3s-Gradua\u00e7\u00e3o (01.09.13.00.0.0),&nbsp;<strong>INFORMANDO no despacho o prazo homologado pelo colegiado com a data limite para a prorroga\u00e7\u00e3o<\/strong>.<\/p>\n\n\n\n<p><strong>Observa\u00e7\u00e3o:<\/strong>&nbsp;N\u00e3o h\u00e1 abertura de PEN para prorroga\u00e7\u00e3o de exame de qualifica\u00e7\u00e3o dos cursos de P\u00f3s-gradua\u00e7\u00e3o e registro acad\u00eamico nos sistemas da UFSM, pois os mesmos s\u00e3o normatizados e registrados internamente em cada curso.<\/p>\n\n\n\n<p>Requerimento de prorroga\u00e7\u00e3o:&nbsp;<a href=\"https:\/\/www.ufsm.br\/app\/uploads\/sites\/345\/2018\/08\/RequerimentoProrrogacaoPrazoDefesaStrictoSensu.pdf\">https:\/\/www.ufsm.br\/app\/uploads\/sites\/345\/2018\/08\/RequerimentoProrrogacaoPrazoDefesaStrictoSensu.pdf<\/a><\/p>\n","protected":false},"excerpt":{"rendered":"<p>PRORROGA\u00c7\u00c3O DE PRAZO DE DEFESA Previs\u00e3o legal: Art. 36 do Regimento Geral de P\u00f3s-Gradua\u00e7\u00e3o. O&nbsp;Processo de prorroga\u00e7\u00e3o de prazo para defesa de disserta\u00e7\u00e3o ou tese pode ser solicitado pelo discente&nbsp;no&nbsp;Portal Documentos da UFSM. Discentes de cursos Stricto Sensu:&nbsp;Clica em Novo &gt; Processo&gt; seleciona o PEN com tipo documental \u201cProcesso de prorroga\u00e7\u00e3o de prazo para defesa [&hellip;]<\/p>\n","protected":false},"author":5529,"featured_media":0,"parent":0,"menu_order":0,"comment_status":"closed","ping_status":"closed","template":"","meta":{"footnotes":""},"categories":[],"tags":[],"class_list":["post-435","page","type-page","status-publish","hentry"],"acf":[],"_links":{"self":[{"href":"https:\/\/www.ufsm.br\/cursos\/pos-graduacao\/santa-maria\/ppgco\/wp-json\/wp\/v2\/pages\/435","targetHints":{"allow":["GET"]}}],"collection":[{"href":"https:\/\/www.ufsm.br\/cursos\/pos-graduacao\/santa-maria\/ppgco\/wp-json\/wp\/v2\/pages"}],"about":[{"href":"https:\/\/www.ufsm.br\/cursos\/pos-graduacao\/santa-maria\/ppgco\/wp-json\/wp\/v2\/types\/page"}],"author":[{"embeddable":true,"href":"https:\/\/www.ufsm.br\/cursos\/pos-graduacao\/santa-maria\/ppgco\/wp-json\/wp\/v2\/users\/5529"}],"replies":[{"embeddable":true,"href":"https:\/\/www.ufsm.br\/cursos\/pos-graduacao\/santa-maria\/ppgco\/wp-json\/wp\/v2\/comments?post=435"}],"version-history":[{"count":0,"href":"https:\/\/www.ufsm.br\/cursos\/pos-graduacao\/santa-maria\/ppgco\/wp-json\/wp\/v2\/pages\/435\/revisions"}],"wp:attachment":[{"href":"https:\/\/www.ufsm.br\/cursos\/pos-graduacao\/santa-maria\/ppgco\/wp-json\/wp\/v2\/media?parent=435"}],"wp:term":[{"taxonomy":"category","embeddable":true,"href":"https:\/\/www.ufsm.br\/cursos\/pos-graduacao\/santa-maria\/ppgco\/wp-json\/wp\/v2\/categories?post=435"},{"taxonomy":"post_tag","embeddable":true,"href":"https:\/\/www.ufsm.br\/cursos\/pos-graduacao\/santa-maria\/ppgco\/wp-json\/wp\/v2\/tags?post=435"}],"curies":[{"name":"wp","href":"https:\/\/api.w.org\/{rel}","templated":true}]}}