{"id":1179,"date":"2024-10-08T13:52:28","date_gmt":"2024-10-08T16:52:28","guid":{"rendered":"https:\/\/www.ufsm.br\/cursos\/pos-graduacao\/santa-maria\/ppgcont\/?page_id=1179"},"modified":"2024-10-09T07:29:56","modified_gmt":"2024-10-09T10:29:56","slug":"qualificacao-do-projeto","status":"publish","type":"page","link":"https:\/\/www.ufsm.br\/cursos\/pos-graduacao\/santa-maria\/ppgcont\/qualificacao-do-projeto","title":{"rendered":"Qualifica\u00e7\u00e3o do Projeto"},"content":{"rendered":"\n<section class=\"elementor-section elementor-top-section elementor-element elementor-element-7a02e98c elementor-section-boxed elementor-section-height-default elementor-section-height-default\" data-id=\"7a02e98c\" data-element_type=\"section\">\n<div class=\"elementor-container elementor-column-gap-default\">\n<div class=\"elementor-column elementor-col-100 elementor-top-column elementor-element elementor-element-3c704d0\" data-id=\"3c704d0\" data-element_type=\"column\">\n<div class=\"elementor-widget-wrap elementor-element-populated\">\n<div class=\"elementor-element elementor-element-660a1e4 elementor-widget elementor-widget-text-editor\" data-id=\"660a1e4\" data-element_type=\"widget\" data-widget_type=\"text-editor.default\">\n<div class=\"elementor-widget-container\">\n<p style=\"text-align: center\"><strong>INSTRU\u00c7\u00d5ES PARA QUALIFICA\u00c7\u00c3O DO PROJETO DE DISSERTA\u00c7\u00c3O<br \/><\/strong><\/p>\n<p style=\"text-align: center\"><strong>Programa de P\u00f3s-Gradua\u00e7\u00e3o em Ci\u00eancias Cont\u00e1beis da UFSM<\/strong><\/p>\n<p style=\"text-align: justify\">A Defesa de Qualifica\u00e7\u00e3o deve ocorrer ap\u00f3s o(a) aluno(a) completar 75% do total de cr\u00e9ditos requeridos no Regulamento do Programa, momento em que poder\u00e1 solicitar o Exame de Qualifica\u00e7\u00e3o. A defesa dever\u00e1 ocorrer em at\u00e9 12 meses. Casos especiais de solicita\u00e7\u00e3o de prorroga\u00e7\u00e3o dever\u00e3o ser encaminhados \u00e0 Coordena\u00e7\u00e3o.\u00a0 O discente dever\u00e1 encaminha conforme fluxograma abaixo no m\u00ednimo 20 dias de anteced\u00eancia da data prevista para a defesa de qualifica\u00e7\u00e3o.<\/p>\n<p>\u00a0<\/p>\n<\/div>\n<\/div>\n<\/div>\n<\/div>\n<\/div>\n<\/section>\n<section class=\"elementor-section elementor-top-section elementor-element elementor-element-92878ee elementor-section-boxed elementor-section-height-default elementor-section-height-default\" data-id=\"92878ee\" data-element_type=\"section\">\n<div class=\"elementor-container elementor-column-gap-default\">\n<div class=\"elementor-column elementor-col-100 elementor-top-column elementor-element elementor-element-d6bfedf\" data-id=\"d6bfedf\" data-element_type=\"column\">\n<div class=\"elementor-widget-wrap elementor-element-populated\">\n<div class=\"elementor-element elementor-element-d72d609 elementor-widget elementor-widget-text-editor\" data-id=\"d72d609\" data-element_type=\"widget\" data-widget_type=\"text-editor.default\">\n<div class=\"elementor-widget-container\">\n<h4>QUALIFICA\u00c7\u00c3O DE MESTRADO:<\/h4>\n<h4><strong>Fluxo para o processo de qualifica\u00e7\u00e3o de mestrado \u2013 Estabelecido pela PRPGP\/UFSM:<\/strong><\/h4>\n<h5 dir=\"ltr\"><strong>[1]<\/strong>\u00a0discente (abertura do processo)\u00a0\u2192\u00a0<strong>[2]<\/strong>\u00a0orientador\/a\u00a0\u2192\u00a0<strong>[3]<\/strong>\u00a0coordena\u00e7\u00e3o\/Colegiado do PPG\u00a0\u2192\u00a0<strong>[4]<\/strong>\u00a0comiss\u00e3o examinadora\u00a0\u2192\u00a0<strong>[5]<\/strong>\u00a0coordena\u00e7\u00e3o do PPG\u00a0\u2192\u00a0<strong>[6]<\/strong>\u00a0arquivo.<\/h5>\n<p dir=\"ltr\"><a href=\"https:\/\/www.ufsm.br\/app\/uploads\/sites\/544\/2024\/07\/Fluxo-para-o-processo-de-qualificacao-de-mestrado-PRPGP-SIPOS.pdf\">Tutorial do processo de qualifica\u00e7\u00e3o de mestrado \u2013 PRPGP-SIPOS<\/a><\/p>\n<h4 style=\"text-align: justify\">Importante: <strong>Envie uma via do Projeto para os membros da banca em tempo h\u00e1bil, para possibilitar a leitura e avalia\u00e7\u00e3o (pelo menos 20 dias antes da data da banca).<\/strong><\/h4>\n<div>\u00a0<\/div>\n<\/div>\n<\/div>\n<\/div>\n<\/div>\n<\/div>\n<\/section>\n\n\n\n<p>Registrado em&nbsp;Defesa<\/p>\n","protected":false},"excerpt":{"rendered":"<p>INSTRU\u00c7\u00d5ES PARA QUALIFICA\u00c7\u00c3O DO PROJETO DE DISSERTA\u00c7\u00c3O Programa de P\u00f3s-Gradua\u00e7\u00e3o em Ci\u00eancias Cont\u00e1beis da UFSM A Defesa de Qualifica\u00e7\u00e3o deve ocorrer ap\u00f3s o(a) aluno(a) completar 75% do total de cr\u00e9ditos requeridos no Regulamento do Programa, momento em que poder\u00e1 solicitar o Exame de Qualifica\u00e7\u00e3o. A defesa dever\u00e1 ocorrer em at\u00e9 12 meses. Casos especiais de [&hellip;]<\/p>\n","protected":false},"author":905,"featured_media":0,"parent":0,"menu_order":0,"comment_status":"closed","ping_status":"closed","template":"","meta":{"footnotes":""},"categories":[],"tags":[],"class_list":["post-1179","page","type-page","status-publish","hentry"],"acf":[],"_links":{"self":[{"href":"https:\/\/www.ufsm.br\/cursos\/pos-graduacao\/santa-maria\/ppgcont\/wp-json\/wp\/v2\/pages\/1179","targetHints":{"allow":["GET"]}}],"collection":[{"href":"https:\/\/www.ufsm.br\/cursos\/pos-graduacao\/santa-maria\/ppgcont\/wp-json\/wp\/v2\/pages"}],"about":[{"href":"https:\/\/www.ufsm.br\/cursos\/pos-graduacao\/santa-maria\/ppgcont\/wp-json\/wp\/v2\/types\/page"}],"author":[{"embeddable":true,"href":"https:\/\/www.ufsm.br\/cursos\/pos-graduacao\/santa-maria\/ppgcont\/wp-json\/wp\/v2\/users\/905"}],"replies":[{"embeddable":true,"href":"https:\/\/www.ufsm.br\/cursos\/pos-graduacao\/santa-maria\/ppgcont\/wp-json\/wp\/v2\/comments?post=1179"}],"version-history":[{"count":0,"href":"https:\/\/www.ufsm.br\/cursos\/pos-graduacao\/santa-maria\/ppgcont\/wp-json\/wp\/v2\/pages\/1179\/revisions"}],"wp:attachment":[{"href":"https:\/\/www.ufsm.br\/cursos\/pos-graduacao\/santa-maria\/ppgcont\/wp-json\/wp\/v2\/media?parent=1179"}],"wp:term":[{"taxonomy":"category","embeddable":true,"href":"https:\/\/www.ufsm.br\/cursos\/pos-graduacao\/santa-maria\/ppgcont\/wp-json\/wp\/v2\/categories?post=1179"},{"taxonomy":"post_tag","embeddable":true,"href":"https:\/\/www.ufsm.br\/cursos\/pos-graduacao\/santa-maria\/ppgcont\/wp-json\/wp\/v2\/tags?post=1179"}],"curies":[{"name":"wp","href":"https:\/\/api.w.org\/{rel}","templated":true}]}}