{"id":1183,"date":"2024-10-08T14:59:31","date_gmt":"2024-10-08T17:59:31","guid":{"rendered":"https:\/\/www.ufsm.br\/cursos\/pos-graduacao\/santa-maria\/ppgcont\/?page_id=1183"},"modified":"2024-10-09T07:46:00","modified_gmt":"2024-10-09T10:46:00","slug":"docencia-orientada","status":"publish","type":"page","link":"https:\/\/www.ufsm.br\/cursos\/pos-graduacao\/santa-maria\/ppgcont\/docencia-orientada","title":{"rendered":"Doc\u00eancia Orientada"},"content":{"rendered":"\n<p style=\"text-align: center\"><strong>INSTRU\u00c7\u00d5ES SOBRE DOC\u00caNCIA ORIENTADA<\/strong><\/p>\n<p style=\"text-align: center\"><strong>Programa de P\u00f3s-Gradua\u00e7\u00e3o em Ci\u00eancias Cont\u00e1beis da UFSM<\/strong><\/p>\n<p>\u00a0<\/p>\n<p style=\"text-align: justify\">Por entendimento do Colegiado do Programa de P\u00f3s-Gradua\u00e7\u00e3o em Ci\u00eancias Cont\u00e1beis da UFSM, todos(as) os(as) discentes do Programa devem realizar, obrigatoriamente, a atividade complementar de Doc\u00eancia Orientada antes de concluir o Mestrado. Tal atividade foi prevista na pr\u00f3pria estrutura curricular do Programa, sob denomina\u00e7\u00e3o <strong>APG2505 \u2013 Doc\u00eancia Orientada (60 horas, 4 cr\u00e9ditos) e APG303 Doc\u00eancia Orientada I (15 horas 1 cr\u00e9dito)<\/strong>. A\u00a0<strong>solicita\u00e7\u00e3o<\/strong>\u00a0para cursar a atividade complementar de Doc\u00eancia Orientada \u00e9 realizada de\u00a0<strong>forma diversa<\/strong>\u00a0que a matr\u00edcula em disciplinas regulares (obrigat\u00f3rias e optativas), necessitando da\u00a0<strong>abertura de um processo eletr\u00f4nico<\/strong>\u00a0pelo\u00a0<a href=\"https:\/\/portal.ufsm.br\/documentos\/mainMenu.html\" target=\"_blank\" rel=\"noopener\">Portal de Documentos da UFSM<\/a>\u00a0(Processo PEN-SIE).<\/p>\n<p style=\"text-align: justify\">A fim de orientar os(as) discentes sobre a encaminhamento correto do processo PEN-SIE de solicita\u00e7\u00e3o de matr\u00edcula em APG2505 \u2013 Doc\u00eancia Orientada, a\u00a0 SIPOS disponibiliza o tutorial para estudantes abaixo. Casos omissos devem ser esclarecidos pelos e-mails <a class=\"notranslate\" href=\"mailto:sipos.ccsh@ufsm.br\">sipos.ccsh@ufsm.br<\/a>\u00a0e\u00a0<a href=\"mailto:ppgcontabeis@ufsm.br\">ppgcontabeis@ufsm.br<\/a>.<\/p>\n<p>Seguir as orienta\u00e7\u00f5es da\u00a0<a href=\"https:\/\/www.ufsm.br\/cursos\/pos-graduacao\/santa-maria\/ppgapublica\/wp-content\/uploads\/sites\/544\/2019\/08\/Resolucao_estagio_docencia.pdf\">Resolu\u00e7\u00e3o n.\u00ba18\/08<\/a>\u00a0da UFSM.<\/p>\n<p style=\"text-align: justify\"><strong>\u21d2\u00a0<\/strong><strong>ATEN\u00c7\u00c3O:<\/strong>\u00a0<strong>\u00e9 indispens\u00e1vel que a abertura do processo eletr\u00f4nico ocorra de acordo com os prazos abaixo.<\/strong><\/p>\n<ol style=\"text-align: justify\">\n<li>\n<ol>\n<li><strong>Estudantes novos<\/strong> (in\u00edcio do curso no mesmo semestre letivo em que se deseja cursar APG2505) \u2013\u00a0<strong>at\u00e9 o\u00a0\u00faltimo dia da 1\u00aa semana de aulas<\/strong>, ou seja, durante a semana de ajustes de matr\u00edcula;<\/li>\n<li><strong>Estudantes regulares<\/strong> (que iniciaram o curso anteriormente ao semestre letivo em que se deseja cursar APG2505) \u2013\u00a0<strong>at\u00e9 a\u00a0semana de matr\u00edculas online do semestre\u00a0<\/strong>em que se deseja cursar a doc\u00eancia orientada (informa\u00e7\u00e3o dispon\u00edvel no\u00a0<a href=\"https:\/\/www.ufsm.br\/calendario\" target=\"_blank\" rel=\"noopener\">Calend\u00e1rio Acad\u00eamico<\/a>).<\/li>\n<\/ol>\n<\/li>\n<\/ol>\n<p style=\"text-align: justify\"><strong>\u21d2\u00a0LEMBRETE:<\/strong>\u00a0Para que um(a) aluno(a) novo(a) possa realizar a abertura do processo PEN-SIE de solicita\u00e7\u00e3o de doc\u00eancia orientada, dever\u00e1,\u00a0<strong>obrigatoriamente<\/strong>, estar com o\u00a0<a href=\"https:\/\/portal.ufsm.br\/planoestudos\/index.html\" target=\"_blank\" rel=\"noopener\">Plano de Estudos<\/a>\u00a0preenchido, aprovado e homologado.<\/p>\n<p>\u00a0<\/p>\n<p><b>TUTORIAL PARA ESTUDANTES<\/b><\/p>\n<p><b>PROCESSO DE DOC\u00caNCIA ORIENTADA<\/b><\/p>\n<p>\u00a0<\/p>\n<p style=\"text-align: justify\">Antes de abrir o processo de doc\u00eancia orientada, \u00e9 necess\u00e1rio que o(a) discente realize o cadastro da assinatura eletr\u00f4nica, caso ainda n\u00e3o tenha.<\/p>\n<p style=\"text-align: justify\">O tutorial para cadastro da assinatura eletr\u00f4nica est\u00e1 dispon\u00edvel em:\u00a0<a href=\"https:\/\/www.ufsm.br\/app\/uploads\/sites\/416\/2020\/04\/Passo-a-passo-termo-assinatura-eletronica-PEN-SIE.pdf\" target=\"_blank\" rel=\"noopener\">Passo a passo do termo de Assinatura Eletr\u00f4nica<\/a><\/p>\n<p>\u00a0<\/p>\n<p><b>Da abertura do Processo de Doc\u00eancia Orientada pelo(a) discente:<\/b><\/p>\n<p style=\"text-align: justify\">01. Acessar o Portal de Documentos da UFSM (<a href=\"https:\/\/portal.ufsm.br\/documentos\/mainMenu.html\">https:\/\/portal.ufsm.br\/documentos\/mainMenu.html<\/a>) e fazer o login, utilizando os dados de acesso ao Portal Estudantil.<\/p>\n<p style=\"text-align: justify\">02. Ao abrir o Portal de Documentos, aparecer\u00e1 a tela abaixo, na qual o(a) discente dever\u00e1 clicar em \u201cNovo\u201d =&gt; \u201cProcesso\u201d.<\/p>\n<p><img fetchpriority=\"high\" decoding=\"async\" class=\"aligncenter wp-image-1104 size-large\" src=\"https:\/\/www.ufsm.br\/app\/uploads\/sites\/544\/2023\/03\/Imagem-1-Tutorial-1024x460.jpg\" alt=\"\" width=\"1024\" height=\"460\" data-wp-editing=\"1\" \/><\/p>\n<p style=\"text-align: justify\">03. Na tela seguinte, o(a) discente dever\u00e1 localizar o \u201cProcesso de doc\u00eancia orientada (134.31)\u201d (ao digitar \u201cdoc\u00eancia orientada\u201d o sistema dar\u00e1 as sugest\u00f5es de preenchimento), preencher a descri\u00e7\u00e3o do processo e clicar em \u201cSalvar\u201d.<\/p>\n<p><img decoding=\"async\" class=\"aligncenter wp-image-1106 size-large\" src=\"https:\/\/www.ufsm.br\/app\/uploads\/sites\/544\/2023\/03\/Imagem-2-1024x402.jpg\" alt=\"\" width=\"1024\" height=\"402\" \/><\/p>\n<p>\u00a0<\/p>\n<p style=\"text-align: justify\">04 A pr\u00f3xima tela \u00e9 destinada \u00e0 inser\u00e7\u00e3o de documentos, na qual dever\u00e3o ser adicionados os seguintes documentos:<\/p>\n<ul style=\"text-align: justify\">\n<li><a href=\"https:\/\/www.ufsm.br\/app\/uploads\/sites\/544\/2023\/03\/Solicitacao-Docencia-Orientada.docx\">Solicita\u00e7\u00e3o de doc\u00eancia orientada<\/a>\u00a0de mestrado\/doutorado;<strong>\u00a0e<\/strong>,<\/li>\n<li><a href=\"https:\/\/www.ufsm.br\/app\/uploads\/sites\/544\/2023\/03\/Plano-de-Trabalho-Docencia-Orientada.docx\">Plano de doc\u00eancia orientada<\/a>\u00a0(PDO) de mestrado\/doutorado.<\/li>\n<\/ul>\n<p style=\"text-align: justify\"><strong>Aten\u00e7\u00e3o<\/strong>: sugerimos que o n\u00famero de processo gerado seja anotado para facilitar o acompanhamento.<\/p>\n<p><img decoding=\"async\" class=\"aligncenter wp-image-1105 size-large\" src=\"https:\/\/www.ufsm.br\/app\/uploads\/sites\/544\/2023\/03\/Imagem-3-1024x470.jpg\" alt=\"\" width=\"1024\" height=\"470\" \/><\/p>\n<p style=\"text-align: justify\">05. Ao inserir os documentos, no campo \u201cAssinar\u201d, o(a) discente dever\u00e1 marcar \u201cSim\u201d, para que os documentos sejam assinados eletronicamente.<\/p>\n<p style=\"text-align: justify\">06. Ap\u00f3s inserir os documentos, clicar em \u201cSalvar\u201d e, na pr\u00f3xima p\u00e1gina, tramitar o processo para o(a) docente orientador(a) do(a) estudante.\u00a0<\/p>\n<p style=\"text-align: justify\">\u2013 Observa\u00e7\u00e3o:\u00a0<\/p>\n<p style=\"text-align: justify\">Caso, no momento da tramita\u00e7\u00e3o para o(a) docente orientador(a) n\u00e3o apare\u00e7a\u00a0 o destino, quer dizer que o(a) estudante\u00a0<b>n\u00e3o est\u00e1<\/b>\u00a0<b>com o Plano de Estudo aprovado e homologado<\/b>, de forma que ser\u00e1 necess\u00e1rio acess\u00e1-lo, via Portal Estudantil, e corrigi-lo, lan\u00e7ando os dados necess\u00e1rios na aba \u201cP\u00f3s-Gradua\u00e7\u00e3o\u201d =&gt; \u201cPlano de Estudos\u201d.<\/p>\n<p style=\"text-align: justify\">\u2013 Aspectos Relevantes:<\/p>\n<p style=\"text-align: justify\">O est\u00e1gio de doc\u00eancia poder\u00e1 ser realizado:<\/p>\n<ol>\n<li>\n<ol>\n<li>\n<ol>\n<li>\n<ol>\n<li style=\"text-align: justify\">Em disciplina que est\u00e1 sob a responsabilidade do(a) orientador(a) do(a) aluno(a) em doc\u00eancia orientada;\u00a0<b>ou<\/b><\/li>\n<li style=\"text-align: justify\">Em disciplina que est\u00e1 sob a responsabilidade de outro(a) professor(a).\u00a0<\/li>\n<\/ol>\n<\/li>\n<\/ol>\n<\/li>\n<\/ol>\n<\/li>\n<\/ol>\n<p style=\"text-align: justify\">Em ambos os casos, \u00e9 necess\u00e1rio que todos(as) os(as) envolvidos(as) participem da elabora\u00e7\u00e3o e estejam de acordo com o\u00a0<b>Plano de Doc\u00eancia Orientada (PDO)<\/b>\u00a0antes que seja iniciada a tramita\u00e7\u00e3o do processo no PEN-SIE (lembramos: todos\/as dever\u00e3o assinar).<\/p>\n<p style=\"text-align: justify\">07. Ap\u00f3s tramita\u00e7\u00e3o do processo pelo(a) discente para assinatura dos documentos por docente orientador(a) e docente respons\u00e1vel pela disciplina, o processo ser\u00e1 remetido ao Curso-PG em Ci\u00eancias Cont\u00e1beis (O pen ser\u00e1 enviado ao PGCC (c\u00f3digo 06.10.41.00.0.0)), momento em que o Colegiado do Programa de P\u00f3s-Gradua\u00e7\u00e3o receber\u00e1 o processo e analisar\u00e1 os documentos. Se o PDO for aprovado em reuni\u00e3o de Colegiado, o processo ser\u00e1 tramitado para o Departamento ao qual a disciplina pertence.\u00a0<\/p>\n<p style=\"text-align: justify\">08. Ap\u00f3s an\u00e1lise e aprova\u00e7\u00e3o do PDO pelo Departamento respons\u00e1vel pela disciplina, este ir\u00e1 inserir o(a) aluno(a) como aluno(a)-docente da disciplina pretendida.<\/p>\n<p style=\"text-align: justify\">09. Em seguida, o processo ser\u00e1 encaminhado novamente ao Curso-PG em Ci\u00eancias Cont\u00e1beis, que ir\u00e1 encaminh\u00e1-lo ao(\u00e0) discente, para guarda at\u00e9 o final do semestre letivo.<\/p>\n<p style=\"text-align: justify\">10. Ao final do semestre letivo, o(a) discente ir\u00e1 anexar ao processo o\u00a0<a href=\"https:\/\/www.ufsm.br\/app\/uploads\/sites\/544\/2023\/03\/Relatorio-Final-Docencia-Orientada.docx\">Relat\u00f3rio Final de Doc\u00eancia Orientada<\/a>\u00a0(em PDF), e assinado pelo(a)\u00a0<b>docente respons\u00e1vel pela disciplina<\/b>, e, em seguida, encaminh\u00e1-lo ao Curso-PG em Ci\u00eancias Cont\u00e1beis<\/p>\n<p style=\"text-align: justify\">11. O Curso-PG em Ci\u00eancias Cont\u00e1beis ir\u00e1 analisar os documentos anexados, e, estando o <a href=\"https:\/\/www.ufsm.br\/app\/uploads\/sites\/544\/2023\/03\/Relatorio-Final-Docencia-Orientada.docx\">Relat\u00f3rio Final de Doc\u00eancia Orientada<\/a>\u00a0devidamente assinado, encaminhar\u00e1 o processo para arquivamento.<\/p>\n<p>\u00a0<\/p>\n<p><b>Fluxograma:<\/b><\/p>\n<p>\u00a0<\/p>\n<p><img loading=\"lazy\" decoding=\"async\" class=\"aligncenter wp-image-1103 size-full\" src=\"https:\/\/www.ufsm.br\/app\/uploads\/sites\/544\/2023\/03\/Imagem-4.jpg\" alt=\"\" width=\"625\" height=\"527\" \/><\/p>\n<p>\u00a0<\/p>\n<div class=\"row descricao\">\n<div class=\"col-12\">\n<p style=\"text-align: justify\"><strong>NORMATIVA<\/strong><br \/>Artigo 42 do Regimento Geral de P\u00f3s-Gradua\u00e7\u00e3o da UFSM:<br \/>Art. 42 O est\u00e1gio de doc\u00eancia \u00e9 uma atividade curricular para discentes de p\u00f3s-gradua\u00e7\u00e3o que se apresenta como disciplina denominada \u201cDoc\u00eancia Orientada\u201d, sendo definida como a participa\u00e7\u00e3o de discente de p\u00f3s-gradua\u00e7\u00e3o em atividades de ensino na educa\u00e7\u00e3o superior da UFSM, servindo para a complementa\u00e7\u00e3o da forma\u00e7\u00e3o pedag\u00f3gica dos p\u00f3s-graduandos.<br \/>\u00a7 1o Os discentes de cursos de Mestrado poder\u00e3o totalizar at\u00e9 dois cr\u00e9ditos e os discentes de cursos de Doutorado at\u00e9 quatro cr\u00e9ditos nessa disciplina, para integraliza\u00e7\u00e3o curricular.<br \/>\u00a7 2o Para os efeitos deste regimento, ser\u00e3o consideradas atividades de ensino:<br \/>I \u2013 ministrar um conjunto pr\u00e9-determinado de aulas te\u00f3ricas e\/ou pr\u00e1ticas que n\u00e3o exceda a trinta por cento do total de aulas da disciplina;<br \/>II \u2013 auxiliar na prepara\u00e7\u00e3o de planos de aula e\/ou atuar no atendimento extra-classe aos discentes;<br \/>III \u2013 participar em avalia\u00e7\u00e3o parcial de conte\u00fados program\u00e1ticos, te\u00f3ricos e pr\u00e1ticos; e<br \/>IV \u2013 aplicar m\u00e9todos ou t\u00e9cnicas pedag\u00f3gicas, como estudo dirigido, semin\u00e1rios, etc.<br \/>\u00a7 3o Por se tratar de atividade curricular, a participa\u00e7\u00e3o dos discentes de p\u00f3s-gradua\u00e7\u00e3o no Est\u00e1gio de Doc\u00eancia n\u00e3o criar\u00e1 v\u00ednculo empregat\u00edcio e nem ser\u00e1 remunerada.<br \/>\u00a7 4o As atividades de ensino desenvolvidas pelo discente de p\u00f3s-gradua\u00e7\u00e3o em Est\u00e1gio de Doc\u00eancia Orientada, devem ser desenvolvidas sob a supervis\u00e3o do professor respons\u00e1vel pela disciplina ou por outro professor de carreira do magist\u00e9rio superior, designado pelo departamento de ensino no qual a disciplina est\u00e1 vinculada.<\/p>\n<\/div>\n<\/div>\n<p style=\"text-align: justify\">Elaborar um\u00a0Plano de doc\u00eancia, juntamente com o professor orientador, enviar em tempo h\u00e1bil para coordena\u00e7\u00e3o do PPGCCS (<a href=\"mailto:ppgcontabeis@ufsm.br\">ppgcontabeis@ufsm.br<\/a>), para as devidas homologa\u00e7\u00f5es nos conselhos;<\/p>\n","protected":false},"excerpt":{"rendered":"<p>INSTRU\u00c7\u00d5ES SOBRE DOC\u00caNCIA ORIENTADA Programa de P\u00f3s-Gradua\u00e7\u00e3o em Ci\u00eancias Cont\u00e1beis da UFSM \u00a0 Por entendimento do Colegiado do Programa de P\u00f3s-Gradua\u00e7\u00e3o em Ci\u00eancias Cont\u00e1beis da UFSM, todos(as) os(as) discentes do Programa devem realizar, obrigatoriamente, a atividade complementar de Doc\u00eancia Orientada antes de concluir o Mestrado. Tal atividade foi prevista na pr\u00f3pria estrutura curricular do Programa, [&hellip;]<\/p>\n","protected":false},"author":905,"featured_media":0,"parent":0,"menu_order":0,"comment_status":"closed","ping_status":"closed","template":"","meta":{"footnotes":""},"categories":[],"tags":[],"class_list":["post-1183","page","type-page","status-publish","hentry"],"acf":[],"_links":{"self":[{"href":"https:\/\/www.ufsm.br\/cursos\/pos-graduacao\/santa-maria\/ppgcont\/wp-json\/wp\/v2\/pages\/1183","targetHints":{"allow":["GET"]}}],"collection":[{"href":"https:\/\/www.ufsm.br\/cursos\/pos-graduacao\/santa-maria\/ppgcont\/wp-json\/wp\/v2\/pages"}],"about":[{"href":"https:\/\/www.ufsm.br\/cursos\/pos-graduacao\/santa-maria\/ppgcont\/wp-json\/wp\/v2\/types\/page"}],"author":[{"embeddable":true,"href":"https:\/\/www.ufsm.br\/cursos\/pos-graduacao\/santa-maria\/ppgcont\/wp-json\/wp\/v2\/users\/905"}],"replies":[{"embeddable":true,"href":"https:\/\/www.ufsm.br\/cursos\/pos-graduacao\/santa-maria\/ppgcont\/wp-json\/wp\/v2\/comments?post=1183"}],"version-history":[{"count":0,"href":"https:\/\/www.ufsm.br\/cursos\/pos-graduacao\/santa-maria\/ppgcont\/wp-json\/wp\/v2\/pages\/1183\/revisions"}],"wp:attachment":[{"href":"https:\/\/www.ufsm.br\/cursos\/pos-graduacao\/santa-maria\/ppgcont\/wp-json\/wp\/v2\/media?parent=1183"}],"wp:term":[{"taxonomy":"category","embeddable":true,"href":"https:\/\/www.ufsm.br\/cursos\/pos-graduacao\/santa-maria\/ppgcont\/wp-json\/wp\/v2\/categories?post=1183"},{"taxonomy":"post_tag","embeddable":true,"href":"https:\/\/www.ufsm.br\/cursos\/pos-graduacao\/santa-maria\/ppgcont\/wp-json\/wp\/v2\/tags?post=1183"}],"curies":[{"name":"wp","href":"https:\/\/api.w.org\/{rel}","templated":true}]}}