{"id":541,"date":"2021-03-11T17:56:26","date_gmt":"2021-03-11T20:56:26","guid":{"rendered":"https:\/\/www.ufsm.br\/cursos\/pos-graduacao\/santa-maria\/ppgcont\/?page_id=541"},"modified":"2021-03-11T17:56:26","modified_gmt":"2021-03-11T20:56:26","slug":"bolsa-ds-capes","status":"publish","type":"page","link":"https:\/\/www.ufsm.br\/cursos\/pos-graduacao\/santa-maria\/ppgcont\/bolsa-ds-capes","title":{"rendered":"Bolsa DS CAPES"},"content":{"rendered":"\n<p>O Programa de P\u00f3s-gradua\u00e7\u00e3o em Ci\u00eancias Cont\u00e1beis da Universidade Federal de Santa Maria se habilita anualmente para o recebimento de cotas de Bolsas de Estudos do Programa Demanda Social da CAPES.<\/p>\n\n\n\n<p>A concess\u00e3o ocorre condicionada a disponibilidade de Bolsa(s) concedida(s) ao PPGCC pelo Programa Demanda Social, sendo que, havendo disponibilidade, o Programa realiza a sele\u00e7\u00e3o de bolsistas mediante Edital P\u00fablico de Sele\u00e7\u00e3o, de ampla concorr\u00eancia, destinado especificamente a este fim.<\/p>\n\n\n\n<p>A Bolsa Demanda Social\/CAPES possibilita uma ajuda de custo mensal ao mestrando com dedica\u00e7\u00e3o integral ao PPGCC e sem v\u00ednculo empregat\u00edcio, aprovado em Edital P\u00fablico de Sele\u00e7\u00e3o de Bolsista. Atualmente o PPGCC conta com quatro cotas de Bolsas DS\/CAPES.<\/p>\n\n\n\n<p>A concess\u00e3o da Bolsa ocorrer\u00e1 por per\u00edodo de at\u00e9 12 meses, observando as normas estabelecidas pelo \u00f3rg\u00e3o financiador (CAPES), o Programa de Concess\u00e3o da Bolsa (Demanda Social) e o Regulamento Interno de Bolsas estabelecido pelo Programa.<\/p>\n\n\n\n<p>Ap\u00f3s o primeiro per\u00edodo de concess\u00e3o de Bolsa de Estudos ao discente bolsista, e em caso de nova concess\u00e3o de cota de Bolsa DS\/CAPES ao PPGCC, o Programa realizar\u00e1 nova sele\u00e7\u00e3o de bolsistas, mediante novo Edital P\u00fablico de Sele\u00e7\u00e3o, de ampla concorr\u00eancia, destinado especificamente a este fim, sendo permitida a participa\u00e7\u00e3o deste bolsista em nova sele\u00e7\u00e3o, n\u00e3o sendo assegurada a renova\u00e7\u00e3o autom\u00e1tica de sua bolsa.<\/p>\n\n\n\n<p>Os crit\u00e9rios utilizados para sele\u00e7\u00e3o de bolsistas s\u00e3o espec\u00edficos, divulgados em cada Edital de Sele\u00e7\u00e3o, e s\u00e3o estabelecidos de acordo com o Regulamento Interno de Bolsas, aprovado pelo Colegiado do Programa para a referida sele\u00e7\u00e3o.<\/p>\n\n\n\n<p>Atualmente os crit\u00e9rios de sele\u00e7\u00e3o utilizados pelo Programa levam em considera\u00e7\u00e3o a:<\/p>\n\n\n\n<p>a) Pontua\u00e7\u00e3o Geral no Teste ANPAD (NTA); e,<\/p>\n\n\n\n<p>b) Pontua\u00e7\u00e3o Geral na avalia\u00e7\u00e3o do \u201cCurriculum Vitae\u201d, modelo Lattes (NCV).<\/p>\n\n\n\n<p>Para acessar o Regulamento de Bolsas aprovado para a realiza\u00e7\u00e3o da sele\u00e7\u00e3o de bolsistas no Edital 001\/2021 <a href=\"https:\/\/www.ufsm.br\/app\/uploads\/sites\/789\/2021\/02\/Resolucao_Interna_PPGCC_001-2021.pdf\">clique aqui<\/a>. <\/p>\n\n\n\n<p>Para acessar o Edital de Sele\u00e7\u00e3o de Bolsistas 001\/2021 <a href=\"https:\/\/www.ufsm.br\/app\/uploads\/sites\/789\/2021\/02\/Edital_PPGCC-001-2021_Sel_Bolsistas.pdf\">clique aqui<\/a>.<\/p>\n","protected":false},"excerpt":{"rendered":"<p>O Programa de P\u00f3s-gradua\u00e7\u00e3o em Ci\u00eancias Cont\u00e1beis da Universidade Federal de Santa Maria se habilita anualmente para o recebimento de cotas de Bolsas de Estudos do Programa Demanda Social da CAPES. A concess\u00e3o ocorre condicionada a disponibilidade de Bolsa(s) concedida(s) ao PPGCC pelo Programa Demanda Social, sendo que, havendo disponibilidade, o Programa realiza a sele\u00e7\u00e3o [&hellip;]<\/p>\n","protected":false},"author":2721,"featured_media":0,"parent":0,"menu_order":0,"comment_status":"closed","ping_status":"closed","template":"","meta":{"footnotes":""},"categories":[],"tags":[],"class_list":["post-541","page","type-page","status-publish","hentry"],"acf":[],"_links":{"self":[{"href":"https:\/\/www.ufsm.br\/cursos\/pos-graduacao\/santa-maria\/ppgcont\/wp-json\/wp\/v2\/pages\/541","targetHints":{"allow":["GET"]}}],"collection":[{"href":"https:\/\/www.ufsm.br\/cursos\/pos-graduacao\/santa-maria\/ppgcont\/wp-json\/wp\/v2\/pages"}],"about":[{"href":"https:\/\/www.ufsm.br\/cursos\/pos-graduacao\/santa-maria\/ppgcont\/wp-json\/wp\/v2\/types\/page"}],"author":[{"embeddable":true,"href":"https:\/\/www.ufsm.br\/cursos\/pos-graduacao\/santa-maria\/ppgcont\/wp-json\/wp\/v2\/users\/2721"}],"replies":[{"embeddable":true,"href":"https:\/\/www.ufsm.br\/cursos\/pos-graduacao\/santa-maria\/ppgcont\/wp-json\/wp\/v2\/comments?post=541"}],"version-history":[{"count":0,"href":"https:\/\/www.ufsm.br\/cursos\/pos-graduacao\/santa-maria\/ppgcont\/wp-json\/wp\/v2\/pages\/541\/revisions"}],"wp:attachment":[{"href":"https:\/\/www.ufsm.br\/cursos\/pos-graduacao\/santa-maria\/ppgcont\/wp-json\/wp\/v2\/media?parent=541"}],"wp:term":[{"taxonomy":"category","embeddable":true,"href":"https:\/\/www.ufsm.br\/cursos\/pos-graduacao\/santa-maria\/ppgcont\/wp-json\/wp\/v2\/categories?post=541"},{"taxonomy":"post_tag","embeddable":true,"href":"https:\/\/www.ufsm.br\/cursos\/pos-graduacao\/santa-maria\/ppgcont\/wp-json\/wp\/v2\/tags?post=541"}],"curies":[{"name":"wp","href":"https:\/\/api.w.org\/{rel}","templated":true}]}}