{"id":544,"date":"2021-03-11T18:08:02","date_gmt":"2021-03-11T21:08:02","guid":{"rendered":"https:\/\/www.ufsm.br\/cursos\/pos-graduacao\/santa-maria\/ppgcont\/?page_id=544"},"modified":"2024-10-09T14:59:03","modified_gmt":"2024-10-09T17:59:03","slug":"relacao-de-bolsistas","status":"publish","type":"page","link":"https:\/\/www.ufsm.br\/cursos\/pos-graduacao\/santa-maria\/ppgcont\/relacao-de-bolsistas","title":{"rendered":"Rela\u00e7\u00e3o de Bolsistas"},"content":{"rendered":"\t\t<div data-elementor-type=\"wp-page\" data-elementor-id=\"544\" class=\"elementor elementor-544\">\n\t\t\t\t\t\t<section class=\"elementor-section elementor-top-section elementor-element elementor-element-67a741d2 elementor-section-boxed elementor-section-height-default elementor-section-height-default\" data-id=\"67a741d2\" data-element_type=\"section\">\n\t\t\t\t\t\t<div class=\"elementor-container elementor-column-gap-default\">\n\t\t\t\t\t<div class=\"elementor-column elementor-col-100 elementor-top-column elementor-element elementor-element-6b6ecd6b\" data-id=\"6b6ecd6b\" data-element_type=\"column\">\n\t\t\t<div class=\"elementor-widget-wrap elementor-element-populated\">\n\t\t\t\t\t\t<div class=\"elementor-element elementor-element-1986d720 elementor-widget elementor-widget-text-editor\" data-id=\"1986d720\" data-element_type=\"widget\" data-widget_type=\"text-editor.default\">\n\t\t\t\t<div class=\"elementor-widget-container\">\n\t\t\t\t\t\t\t<p><!-- wp:tadv\/classic-paragraph --><\/p>\n<table style=\"border-collapse: collapse;width: 100%\">\n<tbody>\n<tr>\n<td style=\"width: 100%;background-color: #e0dede\"><strong>Bolsa DS\/CAPES do PPGCC<\/strong><\/td>\n<\/tr>\n<\/tbody>\n<\/table>\n<p><!-- wp:paragraph --><\/p>\n<p>Edital:<\/p>\n<h3>2024<\/h3>\n<table style=\"border-collapse: collapse;width: 100%;height: 184px\">\n<tbody>\n<tr style=\"height: 69px\">\n<td style=\"width: 12.5%;text-align: center\">\n<h3>Turma<\/h3>\n<\/td>\n<td style=\"width: 12.5%;text-align: center;height: 69px\">\n<h3>Tipo de bolsa<\/h3>\n<\/td>\n<td style=\"width: 25%;text-align: center;height: 69px\">\n<h3>Bolsista<\/h3>\n<\/td>\n<td style=\"width: 25%;text-align: center;height: 69px\">\n<h3>Prazo da bolsa<\/h3>\n<\/td>\n<td style=\"width: 25%;text-align: center;height: 69px\">\n<h3>Situa\u00e7\u00e3o<\/h3>\n<\/td>\n<\/tr>\n<tr style=\"height: 23px\">\n<td style=\"width: 12.5%\"><span style=\"font-weight: bolder;color: #000000;font-size: 16px\">005<\/span><\/td>\n<td style=\"width: 12.5%;height: 23px\"><span style=\"font-weight: bolder;color: #000000;font-size: 16px\">DS\/CAPES<\/span><\/td>\n<td style=\"width: 25%;height: 23px\">EDUARDA GRASEL STIELER<\/td>\n<td style=\"width: 25%;height: 23px\">01\/03\/2024 a 28\/02\/2025<\/td>\n<td style=\"width: 25%;height: 23px;text-align: center\">Em acompanhamento<\/td>\n<\/tr>\n<tr style=\"height: 23px\">\n<td style=\"width: 12.5%\"><span style=\"font-weight: bolder;color: #000000;font-size: 16px\">005<\/span><\/td>\n<td style=\"width: 12.5%;height: 23px\"><span style=\"font-weight: bolder;color: #000000;font-size: 16px\">DS\/CAPES<\/span><\/td>\n<td style=\"width: 25%;height: 23px\">ESTER ESCALANTE PEITER<\/td>\n<td style=\"width: 25%;height: 23px\">01\/03\/2024 a 28\/02\/2025<\/td>\n<td style=\"width: 25%;height: 23px;text-align: center\">Em acompanhamento<\/td>\n<\/tr>\n<tr style=\"height: 23px\">\n<td style=\"width: 12.5%\"><span style=\"font-weight: bolder;color: #000000;font-size: 16px\">005<\/span><\/td>\n<td style=\"width: 12.5%;height: 23px\"><span style=\"font-weight: bolder;color: #000000;font-size: 16px\">DS\/CAPES<\/span><\/td>\n<td style=\"width: 25%;height: 23px\">SOFIA LUDTKE TOPOLSKI<\/td>\n<td style=\"width: 25%;height: 23px\">01\/08\/2024 a 31\/07\/2025<\/td>\n<td style=\"width: 25%;height: 23px;text-align: center\">Em acompanhamento<\/td>\n<\/tr>\n<tr style=\"height: 23px\">\n<td style=\"width: 12.5%\"><span style=\"font-weight: bolder;color: #000000;font-size: 16px\">005<\/span><\/td>\n<td style=\"width: 12.5%;height: 23px\"><span style=\"font-weight: bolder;color: #000000;font-size: 16px\">DS\/CAPES<\/span><\/td>\n<td style=\"width: 25%;height: 23px\"><b><\/b>VICTOR CEPILLO<\/td>\n<td style=\"width: 25%;height: 23px\">01\/03\/2024 a 28\/02\/2025<\/td>\n<td style=\"width: 25%;height: 23px;text-align: center\">Em acompanhamento<\/td>\n<\/tr>\n<\/tbody>\n<\/table>\n<h3>\u00a0<\/h3>\n<h3>2023<\/h3>\n<table style=\"border-collapse: collapse;width: 100%;height: 184px\">\n<tbody>\n<tr style=\"height: 69px\">\n<td style=\"width: 12.5%;text-align: center\">\n<h3>Turma<\/h3>\n<\/td>\n<td style=\"width: 12.5%;text-align: center;height: 69px\">\n<h3>Tipo de bolsa<\/h3>\n<\/td>\n<td style=\"width: 25%;text-align: center;height: 69px\">\n<h3>Bolsista<\/h3>\n<\/td>\n<td style=\"width: 25%;text-align: center;height: 69px\">\n<h3>Prazo da bolsa<\/h3>\n<\/td>\n<td style=\"width: 25%;text-align: center;height: 69px\">\n<h3>Situa\u00e7\u00e3o<\/h3>\n<\/td>\n<\/tr>\n<tr style=\"height: 23px\">\n<td style=\"width: 12.5%;text-align: center\"><strong>004<\/strong><\/td>\n<td style=\"width: 12.5%;height: 23px\"><strong>DS\/CAPES<\/strong><\/td>\n<td style=\"width: 25%;height: 23px\">LARISSA DOS SANTOS PONTES<\/td>\n<td style=\"width: 25%;height: 23px\">01\/03\/2023 a 28\/02\/2025<\/td>\n<td style=\"width: 25%;height: 23px;text-align: center\">&#8211; Em acompanhamento<\/td>\n<\/tr>\n<tr style=\"height: 23px\">\n<td style=\"width: 12.5%;text-align: center\"><strong>004<\/strong><\/td>\n<td style=\"width: 12.5%;height: 23px\">\u00a0<span style=\"font-weight: bolder;color: #000000;font-size: 16px\">DS\/CAPES<\/span><\/td>\n<td style=\"width: 25%;height: 23px\">LIDIANE MEDEIROS PASCHE<\/td>\n<td style=\"width: 25%;height: 23px\">01\/05\/2023 a 29\/02\/2024<\/td>\n<td style=\"width: 25%;height: 23px;text-align: center\">&#8211; Finalizado<\/td>\n<\/tr>\n<tr style=\"height: 23px\">\n<td style=\"width: 12.5%;text-align: center\"><span style=\"font-weight: bolder;color: #000000;font-size: 16px\">004<\/span><\/td>\n<td style=\"width: 12.5%;height: 23px\"><span style=\"font-weight: bolder;color: #000000;font-size: 16px\">DS\/CAPES<\/span><\/td>\n<td style=\"width: 25%;height: 23px\">MARIA LAURA PEREIRA VELHO<\/td>\n<td style=\"width: 25%;height: 23px\">01\/03\/2023 a 28\/02\/2025<\/td>\n<td style=\"width: 25%;height: 23px;text-align: center\">&#8211; Em acompanhamento<\/td>\n<\/tr>\n<tr style=\"height: 23px\">\n<td style=\"width: 12.5%;text-align: center\"><span style=\"font-weight: bolder;color: #000000;font-size: 16px\">004<\/span><\/td>\n<td style=\"width: 12.5%;height: 23px\"><span style=\"font-weight: bolder;color: #000000;font-size: 16px\">DS\/CAPES<\/span><\/td>\n<td style=\"width: 25%;height: 23px\"><b> <\/b>SABRINA NASCIMENTO BORBA<\/td>\n<td style=\"width: 25%;height: 23px\">01\/03\/2023 a 29\/02\/2024<\/td>\n<td style=\"width: 25%;height: 23px;text-align: center\">\u00a0&#8211; Finalizado<\/td>\n<\/tr>\n<\/tbody>\n<\/table>\n<h3 style=\"text-align: center\">\u00a0<\/h3>\n<h3>2022<\/h3>\n<table style=\"border-collapse: collapse;width: 100%;height: 184px\">\n<tbody>\n<tr style=\"height: 69px\">\n<td style=\"width: 12.5%;text-align: center\">\n<h3>Turma<\/h3>\n<\/td>\n<td style=\"width: 12.5%;text-align: center;height: 69px\">\n<h3>Tipo de bolsa<\/h3>\n<\/td>\n<td style=\"width: 25%;text-align: center;height: 69px\">\n<h3>Bolsista<\/h3>\n<\/td>\n<td style=\"width: 25%;text-align: center;height: 69px\">\n<h3>Prazo da bolsa<\/h3>\n<\/td>\n<td style=\"width: 25%;text-align: center;height: 69px\">\n<h3>Situa\u00e7\u00e3o<\/h3>\n<\/td>\n<\/tr>\n<tr style=\"height: 23px\">\n<td style=\"width: 12.5%;text-align: center\"><strong>002<\/strong><\/td>\n<td style=\"width: 12.5%;height: 23px\"><strong>DS\/CAPES<\/strong><\/td>\n<td style=\"width: 25%;height: 23px\">CAMILA DA SILVA GONCALVES WERNER<\/td>\n<td style=\"width: 25%;height: 23px;text-align: center\">01\/06\/2022 a 30\/04\/2023<\/td>\n<td style=\"width: 25%;height: 23px;text-align: center\">&#8211; Finalizado<\/td>\n<\/tr>\n<tr style=\"height: 23px\">\n<td style=\"width: 12.5%;text-align: center\"><strong>\u00a0001<\/strong><\/td>\n<td style=\"width: 12.5%;height: 23px\"><strong>DS\/CAPES<\/strong><\/td>\n<td style=\"width: 25%;height: 23px\">CLAYTON DOS SANTOS LIMA<\/td>\n<td style=\"width: 25%;height: 23px;text-align: center\">01\/03\/2022 a 30\/09\/2022<\/td>\n<td style=\"width: 25%;height: 23px;text-align: center\">&#8211; Finalizado<\/td>\n<\/tr>\n<tr>\n<td style=\"width: 12.5%;text-align: center\"><strong>002<\/strong><\/td>\n<td style=\"width: 12.5%\"><strong>DS\/CAPES<\/strong><\/td>\n<td style=\"width: 25%\">DANIELI FERREIRA FLORES<\/td>\n<td style=\"width: 25%;text-align: center\">01\/10\/2022 a 28\/02\/2023<\/td>\n<td style=\"width: 25%;text-align: center\">&#8211; Finalizado<\/td>\n<\/tr>\n<tr style=\"height: 23px\">\n<td style=\"width: 12.5%;text-align: center\"><strong>003<\/strong><\/td>\n<td style=\"width: 12.5%;height: 23px\"><strong>DS\/CAPES<\/strong><\/td>\n<td style=\"width: 25%;height: 23px\">GENIZE SANTOS DE OLIVEIRA<\/td>\n<td style=\"width: 25%;height: 23px;text-align: center\">01\/10\/2022 a 28\/02\/2023<\/td>\n<td style=\"width: 25%;height: 23px;text-align: center\">\u00a0&#8211; Finalizado<\/td>\n<\/tr>\n<tr style=\"height: 23px\">\n<td style=\"width: 12.5%;text-align: center\"><strong>002<\/strong><\/td>\n<td style=\"width: 12.5%;height: 23px\"><strong>DS\/CAPES<\/strong><\/td>\n<td style=\"width: 25%;height: 23px\"><b> <\/b>IAGO RIBEIRO BITENCOURT<\/td>\n<td style=\"width: 25%;height: 23px;text-align: center\">01\/10\/2022 a 30\/04\/2023<\/td>\n<td style=\"width: 25%;height: 23px;text-align: center\">&#8211; Finalizado<\/td>\n<\/tr>\n<tr style=\"height: 23px\">\n<td style=\"width: 12.5%;text-align: center\"><strong>\u00a0003<\/strong><\/td>\n<td style=\"width: 12.5%;height: 23px\"><strong>DS\/CAPES<\/strong><\/td>\n<td style=\"width: 25%;height: 23px\"><b> <\/b>LUCIANE SILVA DE SOUZA<\/td>\n<td style=\"width: 25%;height: 23px;text-align: center\">12\/2022 a 02\/2024<\/td>\n<td style=\"width: 25%;height: 23px;text-align: center\">\u00a0Em acompanhamento<\/td>\n<\/tr>\n<\/tbody>\n<\/table>\n<h3>\u00a0<\/h3>\n<h3>2021 &#8211; Edital 001\/2021<\/h3>\n<p><!-- \/wp:paragraph --><!-- wp:paragraph --><\/p>\n<p>\u00a0<\/p>\n<table style=\"border-collapse: collapse;width: 100%;height: 184px\">\n<tbody>\n<tr style=\"height: 69px\">\n<td style=\"width: 12.5%;text-align: center\">\n<h3>Turma<\/h3>\n<\/td>\n<td style=\"width: 12.5%;text-align: center;height: 69px\">\n<h3>Tipo de bolsa<\/h3>\n<\/td>\n<td style=\"width: 25%;text-align: center;height: 69px\">\n<h3>Bolsista<\/h3>\n<\/td>\n<td style=\"width: 25%;text-align: center;height: 69px\">\n<h3>Prazo da bolsa<\/h3>\n<\/td>\n<td style=\"width: 25%;text-align: center;height: 69px\">\n<h3>Situa\u00e7\u00e3o<\/h3>\n<\/td>\n<\/tr>\n<tr style=\"height: 23px\">\n<td style=\"width: 12.5%;text-align: center\"><strong>001<\/strong><\/td>\n<td style=\"width: 12.5%;height: 23px;text-align: center\"><strong>DS\/CAPES<\/strong><\/td>\n<td style=\"width: 25%;height: 23px\">D\u00e9bora Londero Kieling<\/td>\n<td style=\"width: 25%;height: 23px;text-align: center\">01\/03\/2021 a 30\/09\/2022<\/td>\n<td style=\"width: 25%;height: 23px;text-align: center\">&#8211; Finalizado<\/td>\n<\/tr>\n<tr style=\"height: 23px\">\n<td style=\"width: 12.5%;text-align: center\"><strong>001<\/strong><\/td>\n<td style=\"width: 12.5%;height: 23px;text-align: center\"><strong>DS\/CAPES<\/strong><\/td>\n<td style=\"width: 25%;height: 23px\">Fernanda Souto Machado<\/td>\n<td style=\"width: 25%;height: 23px;text-align: center\">01\/03\/2021 a 30\/09\/2022<\/td>\n<td style=\"width: 25%;height: 23px;text-align: center\">&#8211; Finalizado<\/td>\n<\/tr>\n<tr style=\"height: 23px\">\n<td style=\"width: 12.5%;text-align: center\"><strong>001<\/strong><\/td>\n<td style=\"width: 12.5%;height: 23px;text-align: center\"><strong>DS\/CAPES<\/strong><\/td>\n<td style=\"width: 25%;height: 23px\">Gustavo Ramos Pav\u00e3o<\/td>\n<td style=\"width: 25%;height: 23px;text-align: center\">01\/03\/2021 a 28\/02\/2022<\/td>\n<td style=\"width: 25%;height: 23px;text-align: center\">&#8211; Finalizado<\/td>\n<\/tr>\n<tr style=\"height: 23px\">\n<td style=\"width: 12.5%;text-align: center\"><strong>001<\/strong><\/td>\n<td style=\"width: 12.5%;height: 23px;text-align: center\"><strong>DS\/CAPES<\/strong><\/td>\n<td style=\"width: 25%;height: 23px\">Yvelise Piccinin<\/td>\n<td style=\"width: 25%;height: 23px;text-align: center\">01\/03\/2021 a 31\/05\/2022<\/td>\n<td style=\"width: 25%;height: 23px;text-align: center\">&#8211; Finalizado<\/td>\n<\/tr>\n<\/tbody>\n<\/table>\n<p><strong>Outras Modalidades<\/strong><\/p>\n<p><!-- \/wp:paragraph --><!-- wp:paragraph --><\/p>\n<p>2020<\/p>\n<table style=\"border-collapse: collapse;width: 100.181%\">\n<tbody>\n<tr>\n<td style=\"width: 24.9555%;text-align: center\">\n<h3>Tipo de bolsa<\/h3>\n<\/td>\n<td style=\"width: 25.0148%;text-align: center\">\n<h3>Bolsista<\/h3>\n<\/td>\n<td style=\"width: 24.9555%;text-align: center\">\n<h3>Prazo da bolsa<\/h3>\n<\/td>\n<td style=\"width: 25.0148%;text-align: center\">\n<h3>Situa\u00e7\u00e3o<\/h3>\n<\/td>\n<\/tr>\n<tr>\n<td style=\"width: 24.9555%\">\u00a0Inicia\u00e7\u00e3o Cient\u00edfica &#8211;\u00a0<\/td>\n<td style=\"width: 25.0148%\">FERNANDA SOUTO MACHADO<\/td>\n<td style=\"width: 24.9555%\">09\/2020 a 08\/2021<\/td>\n<td style=\"width: 25.0148%;text-align: center\">&#8212;&#8211;<\/td>\n<\/tr>\n<tr>\n<td style=\"width: 24.9555%\">Chamada Interna n\u00ba 51\/2020 &#8211; PRE\/UFSM (Incubadora Social)<\/td>\n<td style=\"width: 25.0148%\">D\u00e9bora Londero Kieling<\/td>\n<td style=\"width: 24.9555%\">\n<p>In\u00edcio: 13\/11\/2020 &#8211; Vig\u00eancia: at\u00e9 28\/02\/2021<\/p>\n<\/td>\n<td style=\"width: 25.0148%;text-align: center\">01\/03\/2021 a 31\/05\/2022- Finalizado<\/td>\n<\/tr>\n<\/tbody>\n<\/table>\n<p><!-- \/wp:paragraph --><!-- wp:paragraph --><\/p>\n<p>\u00a0<\/p>\n<p><!-- \/wp:paragraph --><\/p>\n<p>\u00a0<\/p>\n<p><!-- \/wp:tadv\/classic-paragraph --><!-- wp:paragraph --><\/p>\n<p><!-- \/wp:paragraph --><\/p>\t\t\t\t\t\t<\/div>\n\t\t\t\t<\/div>\n\t\t\t\t\t<\/div>\n\t\t<\/div>\n\t\t\t\t\t<\/div>\n\t\t<\/section>\n\t\t\t\t<\/div>\n\t\t","protected":false},"excerpt":{"rendered":"<p>Bolsa DS\/CAPES do PPGCC Edital: 2024 Turma Tipo de bolsa Bolsista Prazo da bolsa Situa\u00e7\u00e3o 005 DS\/CAPES EDUARDA GRASEL STIELER 01\/03\/2024 a 28\/02\/2025 Em acompanhamento 005 DS\/CAPES ESTER ESCALANTE PEITER 01\/03\/2024 a 28\/02\/2025 Em acompanhamento 005 DS\/CAPES SOFIA LUDTKE TOPOLSKI 01\/08\/2024 a 31\/07\/2025 Em acompanhamento 005 DS\/CAPES VICTOR CEPILLO 01\/03\/2024 a 28\/02\/2025 Em acompanhamento \u00a0 [&hellip;]<\/p>\n","protected":false},"author":2721,"featured_media":0,"parent":0,"menu_order":0,"comment_status":"closed","ping_status":"closed","template":"","meta":{"footnotes":""},"categories":[],"tags":[],"class_list":["post-544","page","type-page","status-publish","hentry"],"acf":[],"_links":{"self":[{"href":"https:\/\/www.ufsm.br\/cursos\/pos-graduacao\/santa-maria\/ppgcont\/wp-json\/wp\/v2\/pages\/544","targetHints":{"allow":["GET"]}}],"collection":[{"href":"https:\/\/www.ufsm.br\/cursos\/pos-graduacao\/santa-maria\/ppgcont\/wp-json\/wp\/v2\/pages"}],"about":[{"href":"https:\/\/www.ufsm.br\/cursos\/pos-graduacao\/santa-maria\/ppgcont\/wp-json\/wp\/v2\/types\/page"}],"author":[{"embeddable":true,"href":"https:\/\/www.ufsm.br\/cursos\/pos-graduacao\/santa-maria\/ppgcont\/wp-json\/wp\/v2\/users\/2721"}],"replies":[{"embeddable":true,"href":"https:\/\/www.ufsm.br\/cursos\/pos-graduacao\/santa-maria\/ppgcont\/wp-json\/wp\/v2\/comments?post=544"}],"version-history":[{"count":0,"href":"https:\/\/www.ufsm.br\/cursos\/pos-graduacao\/santa-maria\/ppgcont\/wp-json\/wp\/v2\/pages\/544\/revisions"}],"wp:attachment":[{"href":"https:\/\/www.ufsm.br\/cursos\/pos-graduacao\/santa-maria\/ppgcont\/wp-json\/wp\/v2\/media?parent=544"}],"wp:term":[{"taxonomy":"category","embeddable":true,"href":"https:\/\/www.ufsm.br\/cursos\/pos-graduacao\/santa-maria\/ppgcont\/wp-json\/wp\/v2\/categories?post=544"},{"taxonomy":"post_tag","embeddable":true,"href":"https:\/\/www.ufsm.br\/cursos\/pos-graduacao\/santa-maria\/ppgcont\/wp-json\/wp\/v2\/tags?post=544"}],"curies":[{"name":"wp","href":"https:\/\/api.w.org\/{rel}","templated":true}]}}