{"id":247,"date":"2019-02-04T10:38:00","date_gmt":"2019-02-04T12:38:00","guid":{"rendered":"https:\/\/www.ufsm.br\/cursos\/pos-graduacao\/santa-maria\/ppgcs\/?page_id=247"},"modified":"2024-05-16T09:44:19","modified_gmt":"2024-05-16T12:44:19","slug":"demais-documentos","status":"publish","type":"page","link":"https:\/\/www.ufsm.br\/cursos\/pos-graduacao\/santa-maria\/ppgcs\/demais-documentos","title":{"rendered":"Outros"},"content":{"rendered":"<p>\n\n\n<p>\u00a0<\/p>\n<ul>\n<li><a href=\"https:\/\/www.ufsm.br\/cursos\/pos-graduacao\/santa-maria\/ppgcs\/wp-content\/uploads\/sites\/524\/2019\/02\/CALENDARIO-PARA-ENTREGA-DE-DOCUMENTOS-1.doc\" target=\"_blank\" rel=\"noopener\">Prazos para entrega de documentos de alunos junto ao PPGCS<\/a><\/li>\n<li><a href=\"https:\/\/www.ufsm.br\/cursos\/pos-graduacao\/santa-maria\/ppgcs\/wp-content\/uploads\/sites\/524\/2019\/02\/Termo-de-Compromisso-do-PROEX.pdf\" target=\"_blank\" rel=\"noopener\">Termo de compromisso para bolsistas<\/a><\/li>\n<li><a href=\"https:\/\/www.ufsm.br\/cursos\/pos-graduacao\/santa-maria\/ppgcs\/wp-content\/uploads\/sites\/524\/2019\/02\/FormularioCadastro-1.xls\" target=\"_blank\" rel=\"noopener\">Formul\u00e1rio de cadastro discente para bolsistas<\/a><\/li>\n<li><a href=\"https:\/\/www.ufsm.br\/cursos\/pos-graduacao\/santa-maria\/ppgcs\/wp-content\/uploads\/sites\/524\/2019\/02\/Modelo-Disciplina-de-Estudos-Especiais-1.doc\" target=\"_blank\" rel=\"noopener\">Modelo do plano da disciplina de estudos especiais em solos<\/a><\/li>\n<li>&#8212;&#8212;&#8212;&#8212;&#8212;&#8212;&#8212;&#8212;&#8212;&#8212;&#8212;&#8212;&#8212;&#8212;&#8212;&#8212;&#8212;&#8212;&#8212;&#8212;&#8212;&#8212;&#8212;-<\/li>\n<li><a href=\"https:\/\/www.ufsm.br\/cursos\/pos-graduacao\/santa-maria\/ppgcs\/wp-content\/uploads\/sites\/524\/2019\/02\/TERMO-DE-CONFIDENCIALIDADE-E-SIGILO-APROVADO.doc\" target=\"_blank\" rel=\"noopener\">Termo de confidencialidade e sigilo<\/a><\/li>\n<li><a href=\"https:\/\/www.ufsm.br\/cursos\/pos-graduacao\/santa-maria\/ppgcs\/wp-content\/uploads\/sites\/524\/2019\/02\/Resolucao-Passagem-Mestrado-Doutorado-Julho-05.doc\" target=\"_blank\" rel=\"noopener\">Crit\u00e9rios para passagem direta do mestrado para o doutorado\u00a0+++\u00a0ver arquivo com altera\u00e7\u00e3o em 01\/2010<\/a><\/li>\n<li><a href=\"https:\/\/www.ufsm.br\/cursos\/pos-graduacao\/santa-maria\/ppgcs\/wp-content\/uploads\/sites\/524\/2019\/08\/REQUERIMENTO_DE_MATR\u00cdUCLA_EXTRACURRICULAR.doc\" target=\"_blank\" rel=\"noopener\">Solicita\u00e7\u00e3o de matr\u00edcula extracurricular<\/a><\/li>\n<\/ul>\n<p><strong>Aten\u00e7\u00e3o<\/strong><\/p>\n<p>&#8211; Os alunos devem realizar o teste de profici\u00eancia em l\u00edngua estrangeira no 1\u00ba semestre do curso e, caso n\u00e3o aprovado, submeter-se novamente nos semestres subsequentes at\u00e9 a aprova\u00e7\u00e3o.<\/p>\n<p>\u00a0<\/p>\n\n\n","protected":false},"excerpt":{"rendered":"<p>\u00a0 Prazos para entrega de documentos de alunos junto ao PPGCS Termo de compromisso para bolsistas Formul\u00e1rio de cadastro discente para bolsistas Modelo do plano da disciplina de estudos especiais em solos &#8212;&#8212;&#8212;&#8212;&#8212;&#8212;&#8212;&#8212;&#8212;&#8212;&#8212;&#8212;&#8212;&#8212;&#8212;&#8212;&#8212;&#8212;&#8212;&#8212;&#8212;&#8212;&#8212;- Termo de confidencialidade e sigilo Crit\u00e9rios para passagem direta do mestrado para o doutorado\u00a0+++\u00a0ver arquivo com altera\u00e7\u00e3o em 01\/2010 Solicita\u00e7\u00e3o de matr\u00edcula [&hellip;]<\/p>\n","protected":false},"author":118,"featured_media":0,"parent":0,"menu_order":0,"comment_status":"closed","ping_status":"closed","template":"","meta":{"footnotes":""},"categories":[],"tags":[],"class_list":["post-247","page","type-page","status-publish","hentry"],"acf":[],"_links":{"self":[{"href":"https:\/\/www.ufsm.br\/cursos\/pos-graduacao\/santa-maria\/ppgcs\/wp-json\/wp\/v2\/pages\/247","targetHints":{"allow":["GET"]}}],"collection":[{"href":"https:\/\/www.ufsm.br\/cursos\/pos-graduacao\/santa-maria\/ppgcs\/wp-json\/wp\/v2\/pages"}],"about":[{"href":"https:\/\/www.ufsm.br\/cursos\/pos-graduacao\/santa-maria\/ppgcs\/wp-json\/wp\/v2\/types\/page"}],"author":[{"embeddable":true,"href":"https:\/\/www.ufsm.br\/cursos\/pos-graduacao\/santa-maria\/ppgcs\/wp-json\/wp\/v2\/users\/118"}],"replies":[{"embeddable":true,"href":"https:\/\/www.ufsm.br\/cursos\/pos-graduacao\/santa-maria\/ppgcs\/wp-json\/wp\/v2\/comments?post=247"}],"version-history":[{"count":0,"href":"https:\/\/www.ufsm.br\/cursos\/pos-graduacao\/santa-maria\/ppgcs\/wp-json\/wp\/v2\/pages\/247\/revisions"}],"wp:attachment":[{"href":"https:\/\/www.ufsm.br\/cursos\/pos-graduacao\/santa-maria\/ppgcs\/wp-json\/wp\/v2\/media?parent=247"}],"wp:term":[{"taxonomy":"category","embeddable":true,"href":"https:\/\/www.ufsm.br\/cursos\/pos-graduacao\/santa-maria\/ppgcs\/wp-json\/wp\/v2\/categories?post=247"},{"taxonomy":"post_tag","embeddable":true,"href":"https:\/\/www.ufsm.br\/cursos\/pos-graduacao\/santa-maria\/ppgcs\/wp-json\/wp\/v2\/tags?post=247"}],"curies":[{"name":"wp","href":"https:\/\/api.w.org\/{rel}","templated":true}]}}