{"id":202,"date":"2019-03-11T17:49:26","date_gmt":"2019-03-11T20:49:26","guid":{"rendered":"https:\/\/www.ufsm.br\/cursos\/pos-graduacao\/santa-maria\/ppgcsociais\/?page_id=202"},"modified":"2023-10-12T15:23:27","modified_gmt":"2023-10-12T18:23:27","slug":"instituicoes-poder-e-sociedade","status":"publish","type":"page","link":"https:\/\/www.ufsm.br\/cursos\/pos-graduacao\/santa-maria\/ppgcsociais\/instituicoes-poder-e-sociedade","title":{"rendered":"Institui\u00e7\u00f5es, Poder e Sociedade"},"content":{"rendered":"\t\t<div data-elementor-type=\"wp-page\" data-elementor-id=\"202\" class=\"elementor elementor-202\">\n\t\t\t\t\t\t<section class=\"elementor-section elementor-top-section elementor-element elementor-element-484b111f elementor-section-boxed elementor-section-height-default elementor-section-height-default\" data-id=\"484b111f\" data-element_type=\"section\">\n\t\t\t\t\t\t<div class=\"elementor-container elementor-column-gap-default\">\n\t\t\t\t\t<div class=\"elementor-column elementor-col-100 elementor-top-column elementor-element elementor-element-31bbbe1e\" data-id=\"31bbbe1e\" data-element_type=\"column\">\n\t\t\t<div class=\"elementor-widget-wrap elementor-element-populated\">\n\t\t\t\t\t\t<div class=\"elementor-element elementor-element-19b052b2 elementor-widget elementor-widget-text-editor\" data-id=\"19b052b2\" data-element_type=\"widget\" data-widget_type=\"text-editor.default\">\n\t\t\t\t<div class=\"elementor-widget-container\">\n\t\t\t\t\t\t\t<p><!-- wp:tadv\/classic-paragraph --><\/p>\n<p><strong>T<\/strong><b>em\u00e1tica geral da linha: <\/b>A linha de pesquisa articula-se em tr\u00eas eixos anal\u00edticos: institui\u00e7\u00f5es, poder e sociedade, abrangendo estudos comparados e de casos, reflex\u00f5es te\u00f3ricas e pesquisas emp\u00edricas. S\u00e3o contempladas, entre outras, as tem\u00e1ticas: Estado, governo, partidos, religi\u00e3o, democracia, participa\u00e7\u00e3o, capital social, racionaliza\u00e7\u00e3o, comportamento pol\u00edtico, pensamento pol\u00edtico e economia.<\/p>\n<p>\u00a0<\/p>\n<p><strong>Docente: Prof. Dr. Dejalma Cremonese<\/strong><\/p>\n<p><strong>1<\/strong><b style=\"font-size: inherit\">. <\/b><span style=\"font-size: inherit\">Aspectos relacionais entre o bem-estar subjetivo e o\u00a0<\/span><span style=\"font-size: inherit\">tema da Felicidade nas Ci\u00eancias Sociais<\/span><\/p>\n<div>\n<p><b>2.<\/b><b>\u00a0<\/b>A\u00a0percep\u00e7\u00e3o da felicidade e a rela\u00e7\u00e3o com os processos democr\u00e1ticos de participa\u00e7\u00e3o: estudos no Brasil e na Am\u00e9rica Latina<b><\/b><\/p>\n<p><b>3. <\/b>A rela\u00e7\u00e3o entre Capital Social, Desenvolvimento Regional e Felicidade:\u00a0estudo em comunidades locais<\/p>\n<\/div>\n<p><strong><span style=\"color: #888888\">\u00a0<\/span><\/strong><\/p>\n<p><strong>Docente: Prof. Dr. Eduardo Lopes Cabral Maia<\/strong><\/p>\n<p style=\"text-align: justify\">\u00a0<strong>1. Representa\u00e7\u00e3o e comportamento pol\u00edtico:<\/strong>\u00a0an\u00e1lise dos diversos n\u00edveis do comportamento pol\u00edtico dos representantes na esfera p\u00fablica e das quest\u00f5es referentes ao processo de representa\u00e7\u00e3o pol\u00edtica.<\/p>\n<p style=\"text-align: justify\"><strong>2. Rela\u00e7\u00e3o entre religi\u00e3o e esfera p\u00fablica:<\/strong>\u00a0estudo da atua\u00e7\u00e3o religiosa na esfera p\u00fablica e suas respectivas implica\u00e7\u00f5es para a laicidade do Estado.<\/p>\n<p style=\"text-align: justify\"><strong>3. Racionalidade e institui\u00e7\u00f5es sociais:<\/strong>\u00a0analise dos processos de racionaliza\u00e7\u00e3o social e suas consequ\u00eancias no estabelecimento de institui\u00e7\u00f5es aut\u00f4nomas.<\/p>\n<p style=\"text-align: justify\"><strong>4. Religi\u00e3o e modernidade:<\/strong>\u00a0estudos voltados para o fen\u00f4meno religioso na modernidade e suas rela\u00e7\u00f5es com as diferentes esferas sociais (mercado, pol\u00edtica, cultura, Estado etc.).<\/p>\n<p style=\"text-align: justify\">\u00a0<\/p>\n<div><strong>Docente: Prof. Dr. Felipe Corral de Freitas<\/strong><\/div>\n<div>\u00a0<\/div>\n<div><strong>1. Pol\u00edtica, M\u00eddia e Elei\u00e7\u00f5es:<\/strong> Estudo e pesquiso a rela\u00e7\u00e3o entre m\u00eddia e pol\u00edtica, tendo como foco as elei\u00e7\u00f5es brasileiras.\u00a0<\/div>\n<div>\u00a0<\/div>\n<div><strong>2. Democracia e Conflito Pol\u00edtico:<\/strong> Estudo as Teorias da Democracia e seus debates centrais, como as teorias da\u00a0 representa\u00e7\u00e3o, enfatizando a representa\u00e7\u00e3o pol\u00edtica democr\u00e1tica, a partir do conceito de antagonismo desenvolvido por Ernesto Laclau.\u00a0<\/div>\n<div>\u00a0<\/div>\n<div><strong>3. Teoria e An\u00e1lise de Discurso:<\/strong> Estudo os aspectos ontol\u00f3gicos, epistemol\u00f3gicos, te\u00f3ricos e metodol\u00f3gicos da Teoria do Discurso desenvolvida por Ernesto Laclau e Chantal Mouffe, visando seus debates e sua aplicabilidade em estudos emp\u00edricos.\u00a0<\/div>\n<p style=\"text-align: justify\">\u00a0<\/p>\n<p><strong>Docente: Prof. Dr. Jos\u00e9 Carlos Martines Belieiro J\u00fanior<\/strong><\/p>\n<p style=\"text-align: justify\"><strong>1. Pol\u00edtica brasileira contempor\u00e2nea:<\/strong>\u00a0Estudo dos processos pol\u00edticos no Brasil, do final do regime militar ate o governo Lula, considerando essencialmente a rela\u00e7\u00e3o entre Estado democr\u00e1tico e crise econ\u00f4mica.<\/p>\n<p style=\"text-align: justify\"><strong>2. Processos de estabiliza\u00e7\u00e3o e reforma econ\u00f4mica no Brasil:<\/strong>\u00a0Estudo pol\u00edtico dos processos de estabiliza\u00e7\u00e3o, a dimens\u00e3o pol\u00edtica dos planos de estabiliza\u00e7\u00e3o nos anos 1986-1994, bem como as pol\u00edticas de reforma liberal implementadas a partir dos anos 1990.<\/p>\n<p style=\"text-align: justify\"><strong>3. Ideologias econ\u00f4micas:<\/strong>\u00a0Estudo das ideologias econ\u00f4micas no Brasil a partir de 1930, como o liberalismo e suas variantes e o desenvolvimentismo e suas variantes.<\/p>\n<p style=\"text-align: justify\"><strong>4. Rela\u00e7\u00e3o Estado e economia no per\u00edodo recente:<\/strong>\u00a0Estudo da rela\u00e7\u00e3o Estado e economia no capitalismo brasileiro das d\u00e9cadas de 1980, 90 e 2000, levando m considera\u00e7\u00e3o as reformas e mudan\u00e7as operadas nesse contexto.<\/p>\n<p style=\"text-align: justify\"><strong>5. Pol\u00edtica econ\u00f4mica e democracia:<\/strong>\u00a0Estudo da rela\u00e7\u00e3o entre pol\u00edtica econ\u00f4mica e democracia. A dimens\u00e3o pol\u00edtica da pol\u00edtica econ\u00f4mica e o papel da pol\u00edtica econ\u00f4mica na estabiliza\u00e7\u00e3o pol\u00edtico-institucional no Brasil contempor\u00e2neo.<\/p>\n<p style=\"text-align: justify\">\u00a0<\/p>\n<p style=\"text-align: justify\">\u00a0<\/p>\n<p><strong>Docente: Profa. Dra. Rosana Soares Campos<\/strong><\/p>\n<p style=\"text-align: justify\"><strong>1. Democracia e desigualdades:<\/strong>\u00a0estudo dos processos democr\u00e1ticos e de desmocratiza\u00e7\u00e3o na Am\u00e9rica Latina. Tamb\u00e9m, estudos\u00a0<span style=\"font-weight: var( --e-global-typography-text-font-weight )\">\u00a0sobre as desigualdades sociais e econ\u00f4micas relacionadas aos processos pol\u00edticos.<\/span><\/p>\n<p style=\"text-align: justify\"><strong>2. G\u00eanero e pol\u00edtica:<\/strong> estudo sobre as desigualdades de g\u00eanero na pol\u00edtica e suas interfaces.<\/p>\n<p style=\"text-align: justify\"><strong>3. Estado e pol\u00edticas p\u00fablicas:\u00a0<\/strong>estudos sobre o Estado em suas vertentes desenvolvimentista, neoliberal, novo-desenvolvimentista e as pol\u00edticas p\u00fablicas promovidas por estes tipos de Estado. Compreender os ciclos de pol\u00edticas p\u00fablicas, desde a entrada do problema na agenda governamental at\u00e9 a avalia\u00e7\u00e3o do processo.<\/p>\n<p style=\"text-align: justify\">\u00a0<\/p>\n<p style=\"text-align: justify\"><strong>Docente: Reginaldo Teixeira Perez<\/strong><\/p>\n<p style=\"text-align: justify\"><strong>1. Pensamento pol\u00edtico e social brasileiro:\u00a0<\/strong>Abarca toda a tradi\u00e7\u00e3o reflexiva brasileira &#8211; em especial, a produzida a partir da Rep\u00fablica. Especial \u00eanfase recai sobre pensadores advindos das \u00e1reas econ\u00f4mica e jur\u00eddica.<\/p>\n<p style=\"text-align: justify\"><strong>2. Teoria do Estado:\u00a0<\/strong>Destacando-se o Estado brasileiro, esse t\u00f3pico examina o processo de racionaliza\u00e7\u00e3o experimentado pelo poder p\u00fablico brasileiro &#8211; notadamente a partir dos anos 1930 do s\u00e9culo XX.<\/p>\n<p style=\"text-align: justify\"><strong>3. Mercado Versus Pol\u00edtica:\u00a0<\/strong>Este ponto versa sobre as rela\u00e7\u00f5es entre Economia e Pol\u00edtica no Brasil &#8211; especialmente a que diz respeito \u00e0s representa\u00e7\u00f5es dos economistas a respeito da vida sociopol\u00edtica brasileira.<\/p>\n<p><!-- \/wp:tadv\/classic-paragraph --><\/p>\t\t\t\t\t\t<\/div>\n\t\t\t\t<\/div>\n\t\t\t\t\t<\/div>\n\t\t<\/div>\n\t\t\t\t\t<\/div>\n\t\t<\/section>\n\t\t\t\t<\/div>\n\t\t","protected":false},"excerpt":{"rendered":"<p>Tem\u00e1tica geral da linha: A linha de pesquisa articula-se em tr\u00eas eixos anal\u00edticos: institui\u00e7\u00f5es, poder e sociedade, abrangendo estudos comparados e de casos, reflex\u00f5es te\u00f3ricas e pesquisas emp\u00edricas. S\u00e3o contempladas, entre outras, as tem\u00e1ticas: Estado, governo, partidos, religi\u00e3o, democracia, participa\u00e7\u00e3o, capital social, racionaliza\u00e7\u00e3o, comportamento pol\u00edtico, pensamento pol\u00edtico e economia. \u00a0 Docente: Prof. Dr. Dejalma Cremonese [&hellip;]<\/p>\n","protected":false},"author":118,"featured_media":0,"parent":0,"menu_order":0,"comment_status":"closed","ping_status":"closed","template":"","meta":{"footnotes":""},"categories":[],"tags":[],"class_list":["post-202","page","type-page","status-publish","hentry"],"acf":[],"_links":{"self":[{"href":"https:\/\/www.ufsm.br\/cursos\/pos-graduacao\/santa-maria\/ppgcsociais\/wp-json\/wp\/v2\/pages\/202","targetHints":{"allow":["GET"]}}],"collection":[{"href":"https:\/\/www.ufsm.br\/cursos\/pos-graduacao\/santa-maria\/ppgcsociais\/wp-json\/wp\/v2\/pages"}],"about":[{"href":"https:\/\/www.ufsm.br\/cursos\/pos-graduacao\/santa-maria\/ppgcsociais\/wp-json\/wp\/v2\/types\/page"}],"author":[{"embeddable":true,"href":"https:\/\/www.ufsm.br\/cursos\/pos-graduacao\/santa-maria\/ppgcsociais\/wp-json\/wp\/v2\/users\/118"}],"replies":[{"embeddable":true,"href":"https:\/\/www.ufsm.br\/cursos\/pos-graduacao\/santa-maria\/ppgcsociais\/wp-json\/wp\/v2\/comments?post=202"}],"version-history":[{"count":0,"href":"https:\/\/www.ufsm.br\/cursos\/pos-graduacao\/santa-maria\/ppgcsociais\/wp-json\/wp\/v2\/pages\/202\/revisions"}],"wp:attachment":[{"href":"https:\/\/www.ufsm.br\/cursos\/pos-graduacao\/santa-maria\/ppgcsociais\/wp-json\/wp\/v2\/media?parent=202"}],"wp:term":[{"taxonomy":"category","embeddable":true,"href":"https:\/\/www.ufsm.br\/cursos\/pos-graduacao\/santa-maria\/ppgcsociais\/wp-json\/wp\/v2\/categories?post=202"},{"taxonomy":"post_tag","embeddable":true,"href":"https:\/\/www.ufsm.br\/cursos\/pos-graduacao\/santa-maria\/ppgcsociais\/wp-json\/wp\/v2\/tags?post=202"}],"curies":[{"name":"wp","href":"https:\/\/api.w.org\/{rel}","templated":true}]}}