{"id":2667,"date":"2024-10-11T15:39:58","date_gmt":"2024-10-11T18:39:58","guid":{"rendered":"https:\/\/www.ufsm.br\/cursos\/pos-graduacao\/santa-maria\/ppgcsociais\/?page_id=2667"},"modified":"2025-11-03T12:07:31","modified_gmt":"2025-11-03T15:07:31","slug":"processo-seletivo","status":"publish","type":"page","link":"https:\/\/www.ufsm.br\/cursos\/pos-graduacao\/santa-maria\/ppgcsociais\/processo-seletivo","title":{"rendered":"Processo Seletivo"},"content":{"rendered":"\t\t<div data-elementor-type=\"wp-page\" data-elementor-id=\"2667\" class=\"elementor elementor-2667\">\n\t\t\t\t\t\t<section class=\"elementor-section elementor-top-section elementor-element elementor-element-6adcf07 elementor-section-boxed elementor-section-height-default elementor-section-height-default\" data-id=\"6adcf07\" data-element_type=\"section\">\n\t\t\t\t\t\t<div class=\"elementor-container elementor-column-gap-default\">\n\t\t\t\t\t<div class=\"elementor-column elementor-col-100 elementor-top-column elementor-element elementor-element-0f62694\" data-id=\"0f62694\" data-element_type=\"column\">\n\t\t\t<div class=\"elementor-widget-wrap elementor-element-populated\">\n\t\t\t\t\t\t<div class=\"elementor-element elementor-element-921b812 elementor-widget elementor-widget-heading\" data-id=\"921b812\" data-element_type=\"widget\" data-widget_type=\"heading.default\">\n\t\t\t\t<div class=\"elementor-widget-container\">\n\t\t\t<h2 class=\"elementor-heading-title elementor-size-default\">Edital n.\u00ba 30\/2025 \u2013 Edital Processo Seletivo do PPG em Ci\u00eancias Sociais, Mestrado e Doutorado, para ingresso em 2026\/1<\/h2>\t\t<\/div>\n\t\t\t\t<\/div>\n\t\t\t\t\t<\/div>\n\t\t<\/div>\n\t\t\t\t\t<\/div>\n\t\t<\/section>\n\t\t\t\t<section class=\"elementor-section elementor-top-section elementor-element elementor-element-af9c99f elementor-section-boxed elementor-section-height-default elementor-section-height-default\" data-id=\"af9c99f\" data-element_type=\"section\">\n\t\t\t\t\t\t<div class=\"elementor-container elementor-column-gap-default\">\n\t\t\t\t\t<div class=\"elementor-column elementor-col-100 elementor-top-column elementor-element elementor-element-9a09090\" data-id=\"9a09090\" data-element_type=\"column\">\n\t\t\t<div class=\"elementor-widget-wrap elementor-element-populated\">\n\t\t\t\t\t\t<div class=\"elementor-element elementor-element-a55cf48 elementor-widget elementor-widget-text-editor\" data-id=\"a55cf48\" data-element_type=\"widget\" data-widget_type=\"text-editor.default\">\n\t\t\t\t<div class=\"elementor-widget-container\">\n\t\t\t\t\t\t\t<table class=\"table table-striped arquivos\" style=\"width: 594px\"><thead><tr><th style=\"width: 418px\">T\u00edtulo<\/th><th style=\"width: 83px\">Tipo<\/th><th style=\"width: 93px\">Data<\/th><\/tr><\/thead><tbody><tr class=\"edital-tr-link hide-link\"><td style=\"width: 418px\"><span class=\"badge bg-danger\">NOVO<\/span>\u00a0<a href=\"https:\/\/www.ufsm.br\/pro-reitorias\/prpgp\/editais\/030-2025\" target=\"\">Edital geral &#8211; PRPGP 2025\/2 ingresso 2026\/1<\/a><\/td><td style=\"width: 83px\"><a class=\"tipo-link small\" title=\"Filtrar apenas arquivos com o tipo Link\" href=\"https:\/\/www.ufsm.br\/cursos\/pos-graduacao\/santa-maria\/ppgcsociais\/editais\/030-2025?tipo=link\">Link<\/a><\/td><td class=\"data-edital\" style=\"width: 93px\"><span class=\"data-publicacao-widget small\">29\/09\/2025<br \/>17:21<\/span><\/td><\/tr><tr class=\"edital-tr-abertura hide-abertura\"><td style=\"width: 418px\"><span class=\"badge bg-danger\">NOVO<\/span>\u00a0<a href=\"https:\/\/www.ufsm.br\/app\/uploads\/sites\/532\/2025\/09\/MEST_DOUT_CIESOC_030_2025.pdf\" target=\"_self\">Edital de Processo Seletivo Espec\u00edfico do Programa de P\u00f3s-Gradua\u00e7\u00e3o em Ci\u00eancias Sociais, vinculado ao Edital Geral PRPGP\/UFSM N. 030\/2025\u00a0<span class=\"small\">(pdf &#8211; 2 MB)<\/span><\/a><\/td><td style=\"width: 83px\"><a class=\"tipo-link small\" title=\"Filtrar apenas arquivos com o tipo Abertura\" href=\"https:\/\/www.ufsm.br\/cursos\/pos-graduacao\/santa-maria\/ppgcsociais\/editais\/030-2025?tipo=abertura\">Abertura<\/a><\/td><td class=\"data-edital\" style=\"width: 93px\"><span class=\"data-publicacao-widget small\">29\/09\/2025<br \/>17:21<\/span><\/td><\/tr><tr class=\"edital-tr-divulgacao hide-divulgacao\"><td style=\"width: 418px\"><span class=\"badge bg-danger\">NOVO<\/span>\u00a0<a href=\"https:\/\/www.ufsm.br\/app\/uploads\/sites\/532\/2025\/09\/Edital-Geral-PRPGP-30-2025.pdf\" target=\"_self\">Edital Geral 30\/2025 PRPGP\u00a0<span class=\"small\">(pdf &#8211; 1 MB)<\/span><\/a><\/td><td style=\"width: 83px\"><a class=\"tipo-link small\" title=\"Filtrar apenas arquivos com o tipo Divulga\u00e7\u00e3o\" href=\"https:\/\/www.ufsm.br\/cursos\/pos-graduacao\/santa-maria\/ppgcsociais\/editais\/030-2025?tipo=divulgacao\">Divulga\u00e7\u00e3o<\/a><\/td><td class=\"data-edital\" style=\"width: 93px\"><span class=\"data-publicacao-widget small\">30\/09\/2025<br \/>08:00<\/span><\/td><\/tr><tr class=\"edital-tr-link hide-link\"><td style=\"width: 418px\"><span class=\"badge bg-danger\">NOVO<\/span>\u00a0<a href=\"https:\/\/portal.ufsm.br\/concursos\/inscricao\/opcoes.html?edicao=5126\" target=\"_blank\" rel=\"noopener\">Inscri\u00e7\u00e3o<\/a><\/td><td style=\"width: 83px\"><a class=\"tipo-link small\" title=\"Filtrar apenas arquivos com o tipo Link\" href=\"https:\/\/www.ufsm.br\/cursos\/pos-graduacao\/santa-maria\/ppgcsociais\/editais\/030-2025?tipo=link\">Link<\/a><\/td><td class=\"data-edital\" style=\"width: 93px\"><span class=\"data-publicacao-widget small\">30\/09\/2025<br \/>08:00<\/span><\/td><\/tr><tr class=\"edital-tr-divulgacao hide-divulgacao\"><td style=\"width: 418px\"><span class=\"badge bg-danger\">NOVO<\/span>\u00a0<a href=\"https:\/\/www.ufsm.br\/app\/uploads\/sites\/532\/2025\/09\/1JAN_CIESOC_30_2025.pdf\" target=\"_self\">Vagas e Cronograma\u00a0<span class=\"small\">(pdf &#8211; 215 KB)<\/span><\/a><\/td><td style=\"width: 83px\"><a class=\"tipo-link small\" title=\"Filtrar apenas arquivos com o tipo Divulga\u00e7\u00e3o\" href=\"https:\/\/www.ufsm.br\/cursos\/pos-graduacao\/santa-maria\/ppgcsociais\/editais\/030-2025?tipo=divulgacao\">Divulga\u00e7\u00e3o<\/a><\/td><td class=\"data-edital\" style=\"width: 93px\"><span class=\"data-publicacao-widget small\">30\/09\/2025<br \/>08:00<\/span><\/td><\/tr><tr class=\"edital-tr-link hide-link\"><td style=\"width: 418px\"><span class=\"badge bg-danger\">NOVO<\/span>\u00a0<a href=\"https:\/\/www.ufsm.br\/app\/uploads\/sites\/345\/2025\/09\/RELAC_PREV_INSCRI_2025_030.pdf\" target=\"\">Rela\u00e7\u00e3o pr\u00e9via de inscritos site da PRPGP<\/a><\/td><td style=\"width: 83px\"><a class=\"tipo-link small\" title=\"Filtrar apenas arquivos com o tipo Link\" href=\"https:\/\/www.ufsm.br\/cursos\/pos-graduacao\/santa-maria\/ppgcsociais\/editais\/030-2025?tipo=link\">Link<\/a><\/td><td class=\"data-edital\" style=\"width: 93px\"><span class=\"data-publicacao-widget small\">31\/10\/2025<br \/>09:30<\/span><\/td><\/tr><tr class=\"edital-tr-link hide-link\"><td style=\"width: 418px\"><span class=\"badge bg-danger\">NOVO<\/span>\u00a0<a href=\"https:\/\/www.ufsm.br\/app\/uploads\/sites\/345\/2025\/09\/RELAC_FINAL_INSCRI_2025_030.pdf\" target=\"\">Rela\u00e7\u00e3o Final Inscritos Site PRPGP<\/a><\/td><td style=\"width: 83px\"><a class=\"tipo-link small\" title=\"Filtrar apenas arquivos com o tipo Link\" href=\"https:\/\/www.ufsm.br\/cursos\/pos-graduacao\/santa-maria\/ppgcsociais\/editais\/030-2025?tipo=link\">Link<\/a><\/td><td class=\"data-edital\" style=\"width: 93px\"><span class=\"data-publicacao-widget small\">01\/11\/2025<br \/>12:30<\/span><\/td><\/tr><\/tbody><\/table>\t\t\t\t\t\t<\/div>\n\t\t\t\t<\/div>\n\t\t\t\t\t<\/div>\n\t\t<\/div>\n\t\t\t\t\t<\/div>\n\t\t<\/section>\n\t\t\t\t<section class=\"elementor-section elementor-top-section elementor-element elementor-element-f360f91 elementor-section-boxed elementor-section-height-default elementor-section-height-default\" data-id=\"f360f91\" data-element_type=\"section\">\n\t\t\t\t\t\t<div class=\"elementor-container elementor-column-gap-default\">\n\t\t\t\t\t<div class=\"elementor-column elementor-col-100 elementor-top-column elementor-element elementor-element-1c79767\" data-id=\"1c79767\" data-element_type=\"column\">\n\t\t\t<div class=\"elementor-widget-wrap elementor-element-populated\">\n\t\t\t\t\t\t<div class=\"elementor-element elementor-element-45f199c elementor-widget elementor-widget-toggle\" data-id=\"45f199c\" data-element_type=\"widget\" data-widget_type=\"toggle.default\">\n\t\t\t\t<div class=\"elementor-widget-container\">\n\t\t\t\t\t<div class=\"elementor-toggle\">\n\t\t\t\t\t\t\t<div class=\"elementor-toggle-item\">\n\t\t\t\t\t<div id=\"elementor-tab-title-7331\" class=\"elementor-tab-title\" data-tab=\"1\" role=\"button\" aria-controls=\"elementor-tab-content-7331\" aria-expanded=\"false\">\n\t\t\t\t\t\t\t\t\t\t\t\t<span class=\"elementor-toggle-icon elementor-toggle-icon-left\" aria-hidden=\"true\">\n\t\t\t\t\t\t\t\t\t\t\t\t\t\t\t<span class=\"elementor-toggle-icon-closed\"><i class=\"fas fa-caret-right\"><\/i><\/span>\n\t\t\t\t\t\t\t\t<span class=\"elementor-toggle-icon-opened\"><i class=\"elementor-toggle-icon-opened fas fa-caret-up\"><\/i><\/span>\n\t\t\t\t\t\t\t\t\t\t\t\t\t<\/span>\n\t\t\t\t\t\t\t\t\t\t\t\t<a class=\"elementor-toggle-title\" tabindex=\"0\">Sele\u00e7\u00e3o Mestrado para 2025<\/a>\n\t\t\t\t\t<\/div>\n\n\t\t\t\t\t<div id=\"elementor-tab-content-7331\" class=\"elementor-tab-content elementor-clearfix\" data-tab=\"1\" role=\"region\" aria-labelledby=\"elementor-tab-title-7331\"><p>Edital 030\/2025:\u00a0 <a href=\"https:\/\/www.ufsm.br\/cursos\/pos-graduacao\/santa-maria\/ppgcsociais\/editais\/065-2024-2\">https:\/\/www.ufsm.br\/cursos\/pos-graduacao\/santa-maria\/ppgcsociais\/editais\/065-2024-2\u00a0<\/a><\/p><\/div>\n\t\t\t\t<\/div>\n\t\t\t\t\t\t\t<div class=\"elementor-toggle-item\">\n\t\t\t\t\t<div id=\"elementor-tab-title-7332\" class=\"elementor-tab-title\" data-tab=\"2\" role=\"button\" aria-controls=\"elementor-tab-content-7332\" aria-expanded=\"false\">\n\t\t\t\t\t\t\t\t\t\t\t\t<span class=\"elementor-toggle-icon elementor-toggle-icon-left\" aria-hidden=\"true\">\n\t\t\t\t\t\t\t\t\t\t\t\t\t\t\t<span class=\"elementor-toggle-icon-closed\"><i class=\"fas fa-caret-right\"><\/i><\/span>\n\t\t\t\t\t\t\t\t<span class=\"elementor-toggle-icon-opened\"><i class=\"elementor-toggle-icon-opened fas fa-caret-up\"><\/i><\/span>\n\t\t\t\t\t\t\t\t\t\t\t\t\t<\/span>\n\t\t\t\t\t\t\t\t\t\t\t\t<a class=\"elementor-toggle-title\" tabindex=\"0\">Sele\u00e7\u00e3o Doutorado para 2025<\/a>\n\t\t\t\t\t<\/div>\n\n\t\t\t\t\t<div id=\"elementor-tab-content-7332\" class=\"elementor-tab-content elementor-clearfix\" data-tab=\"2\" role=\"region\" aria-labelledby=\"elementor-tab-title-7332\"><p>Edital 065\/2024:\u00a0 <a href=\"https:\/\/www.ufsm.br\/cursos\/pos-graduacao\/santa-maria\/ppgcsociais\/editais\/065-2024\">https:\/\/www.ufsm.br\/cursos\/pos-graduacao\/santa-maria\/ppgcsociais\/editais\/065-2024<\/a><\/p><\/div>\n\t\t\t\t<\/div>\n\t\t\t\t\t\t\t\t<\/div>\n\t\t\t\t<\/div>\n\t\t\t\t<\/div>\n\t\t\t\t\t<\/div>\n\t\t<\/div>\n\t\t\t\t\t<\/div>\n\t\t<\/section>\n\t\t\t\t<\/div>\n\t\t","protected":false},"excerpt":{"rendered":"<p>Edital n.\u00ba 30\/2025 \u2013 Edital Processo Seletivo do PPG em Ci\u00eancias Sociais, Mestrado e Doutorado, para ingresso em 2026\/1 T\u00edtulo Tipo Data NOVO\u00a0Edital geral &#8211; PRPGP 2025\/2 ingresso 2026\/1 Link 29\/09\/202517:21 NOVO\u00a0Edital de Processo Seletivo Espec\u00edfico do Programa de P\u00f3s-Gradua\u00e7\u00e3o em Ci\u00eancias Sociais, vinculado ao Edital Geral PRPGP\/UFSM N. 030\/2025\u00a0(pdf &#8211; 2 MB) Abertura 29\/09\/202517:21 [&hellip;]<\/p>\n","protected":false},"author":8190,"featured_media":0,"parent":0,"menu_order":0,"comment_status":"closed","ping_status":"closed","template":"","meta":{"footnotes":""},"categories":[],"tags":[],"class_list":["post-2667","page","type-page","status-publish","hentry"],"acf":[],"_links":{"self":[{"href":"https:\/\/www.ufsm.br\/cursos\/pos-graduacao\/santa-maria\/ppgcsociais\/wp-json\/wp\/v2\/pages\/2667","targetHints":{"allow":["GET"]}}],"collection":[{"href":"https:\/\/www.ufsm.br\/cursos\/pos-graduacao\/santa-maria\/ppgcsociais\/wp-json\/wp\/v2\/pages"}],"about":[{"href":"https:\/\/www.ufsm.br\/cursos\/pos-graduacao\/santa-maria\/ppgcsociais\/wp-json\/wp\/v2\/types\/page"}],"author":[{"embeddable":true,"href":"https:\/\/www.ufsm.br\/cursos\/pos-graduacao\/santa-maria\/ppgcsociais\/wp-json\/wp\/v2\/users\/8190"}],"replies":[{"embeddable":true,"href":"https:\/\/www.ufsm.br\/cursos\/pos-graduacao\/santa-maria\/ppgcsociais\/wp-json\/wp\/v2\/comments?post=2667"}],"version-history":[{"count":0,"href":"https:\/\/www.ufsm.br\/cursos\/pos-graduacao\/santa-maria\/ppgcsociais\/wp-json\/wp\/v2\/pages\/2667\/revisions"}],"wp:attachment":[{"href":"https:\/\/www.ufsm.br\/cursos\/pos-graduacao\/santa-maria\/ppgcsociais\/wp-json\/wp\/v2\/media?parent=2667"}],"wp:term":[{"taxonomy":"category","embeddable":true,"href":"https:\/\/www.ufsm.br\/cursos\/pos-graduacao\/santa-maria\/ppgcsociais\/wp-json\/wp\/v2\/categories?post=2667"},{"taxonomy":"post_tag","embeddable":true,"href":"https:\/\/www.ufsm.br\/cursos\/pos-graduacao\/santa-maria\/ppgcsociais\/wp-json\/wp\/v2\/tags?post=2667"}],"curies":[{"name":"wp","href":"https:\/\/api.w.org\/{rel}","templated":true}]}}