{"id":184,"date":"2019-02-05T09:58:45","date_gmt":"2019-02-05T11:58:45","guid":{"rendered":"https:\/\/www.ufsm.br\/cursos\/pos-graduacao\/santa-maria\/ppgcta\/?page_id=184"},"modified":"2019-02-05T09:58:47","modified_gmt":"2019-02-05T11:58:47","slug":"ultrafreezer-thermo-scientific","status":"publish","type":"page","link":"https:\/\/www.ufsm.br\/cursos\/pos-graduacao\/santa-maria\/ppgcta\/ultrafreezer-thermo-scientific","title":{"rendered":"Ultrafreezer &#8211; Thermo Scientific"},"content":{"rendered":"\n<ul>\n<li>Configura\u00e7\u00e3o:\u00a0Congelamento -80<sup>o<\/sup>C<\/li>\n<li>Local:\u00a0Corredor\u00a0do NIDAL\u00a0<\/li>\n<li>Respons\u00e1vel:\u00a0Prof. Jos\u00e9 Laerte Nornberg, ramal 8547, e-mail:\u00a0<span id=\"cloak82321\"><a href=\"mailto:jlnornberg@gmail.com\">jlnornberg@gmail.com<\/a><\/span><\/li>\n<\/ul>\n<p>\u00a0<\/p>\n<p>Instru\u00e7\u00e3o\/requisitos para agendamento\/uso:\u00a0<\/p>\n<p>1- Este tipo de\u00a0freezer\u00a0atinge -80<sup>o<\/sup>C e \u00e9 destinado ao acondicionamento de\u00a0<strong>amostras sens\u00edveis a decomposi\u00e7\u00e3o<\/strong>\u00a0durante a armazenagem em\u00a0freezer convencional (-20<sup>o<\/sup>C).<\/p>\n<p>2- O\u00a0ultrafreezer\u00a0fica chaveado e ser\u00e1\u00a0<strong>aberto no m\u00e1ximo uma vez ao dia, no hor\u00e1rio das 11h<\/strong>, para retirada ou coloca\u00e7\u00e3o de amostras.<\/p>\n<p>3- Os interessados em colocar ou retirar amostras devem fazer\u00a0<strong>contato antes o Prof. Laerte\u00a0<\/strong>para agendar a coloca\u00e7\u00e3o ou retirada de amostra.<\/p>\n<p>4-O freezer cont\u00e9m dois espa\u00e7os (A e B) com gavetas contendo caixas para tubos pequenos (vials ou eppendorfs) e dois espa\u00e7os grandes (C e D) para guardar amostras mais volumosas.\u00a0 As amostras devem estar adequadamente embaladas e identificadas por dentro e por fora da embalagem.<\/p>\n<p>5- Toda a abertura do ultra-freezer deve ser\u00a0<strong>anotada na caderno preto<\/strong>\u00a0de abertura.<\/p>\n<p>6- A descri\u00e7\u00e3o da entrada ou sa\u00edda de amostras deve ser\u00a0<strong>anotada nas planilhas de localiza\u00e7\u00e3o na pasta de registro de\u00a0uso\u00a0do\u00a0freezer<\/strong>, que fica na classe ao lado\u00a0do\u00a0freezer, indicando as informa\u00e7\u00f5es solicitadas.<\/p>\n<p>\u00a0<\/p>\n<p align=\"center\"><strong>TODOS OS TRABALHOS RESULTANTES DO USO DESTE EQUIPAMENTO (TESES, DISSERTA\u00c7\u00d5ES, TRABALHOS EM EVENTOS, ARTIGOS OU PATENTES) DEVER\u00c3O INCLUIR O SEGUINTE AGRADECIMENTO:<br \/>\u00a0\u201cApoio Edital Capes no 27\/2010 &#8211; Pr\u00f3-Equipamentos\u201d<\/strong><\/p>\n","protected":false},"excerpt":{"rendered":"<p>Configura\u00e7\u00e3o:\u00a0Congelamento -80oC Local:\u00a0Corredor\u00a0do NIDAL\u00a0 Respons\u00e1vel:\u00a0Prof. Jos\u00e9 Laerte Nornberg, ramal 8547, e-mail:\u00a0jlnornberg@gmail.com \u00a0 Instru\u00e7\u00e3o\/requisitos para agendamento\/uso:\u00a0 1- Este tipo de\u00a0freezer\u00a0atinge -80oC e \u00e9 destinado ao acondicionamento de\u00a0amostras sens\u00edveis a decomposi\u00e7\u00e3o\u00a0durante a armazenagem em\u00a0freezer convencional (-20oC). 2- O\u00a0ultrafreezer\u00a0fica chaveado e ser\u00e1\u00a0aberto no m\u00e1ximo uma vez ao dia, no hor\u00e1rio das 11h, para retirada ou coloca\u00e7\u00e3o de amostras. [&hellip;]<\/p>\n","protected":false},"author":118,"featured_media":0,"parent":0,"menu_order":0,"comment_status":"closed","ping_status":"closed","template":"","meta":{"footnotes":""},"categories":[],"tags":[],"class_list":["post-184","page","type-page","status-publish","hentry"],"acf":[],"_links":{"self":[{"href":"https:\/\/www.ufsm.br\/cursos\/pos-graduacao\/santa-maria\/ppgcta\/wp-json\/wp\/v2\/pages\/184","targetHints":{"allow":["GET"]}}],"collection":[{"href":"https:\/\/www.ufsm.br\/cursos\/pos-graduacao\/santa-maria\/ppgcta\/wp-json\/wp\/v2\/pages"}],"about":[{"href":"https:\/\/www.ufsm.br\/cursos\/pos-graduacao\/santa-maria\/ppgcta\/wp-json\/wp\/v2\/types\/page"}],"author":[{"embeddable":true,"href":"https:\/\/www.ufsm.br\/cursos\/pos-graduacao\/santa-maria\/ppgcta\/wp-json\/wp\/v2\/users\/118"}],"replies":[{"embeddable":true,"href":"https:\/\/www.ufsm.br\/cursos\/pos-graduacao\/santa-maria\/ppgcta\/wp-json\/wp\/v2\/comments?post=184"}],"version-history":[{"count":0,"href":"https:\/\/www.ufsm.br\/cursos\/pos-graduacao\/santa-maria\/ppgcta\/wp-json\/wp\/v2\/pages\/184\/revisions"}],"wp:attachment":[{"href":"https:\/\/www.ufsm.br\/cursos\/pos-graduacao\/santa-maria\/ppgcta\/wp-json\/wp\/v2\/media?parent=184"}],"wp:term":[{"taxonomy":"category","embeddable":true,"href":"https:\/\/www.ufsm.br\/cursos\/pos-graduacao\/santa-maria\/ppgcta\/wp-json\/wp\/v2\/categories?post=184"},{"taxonomy":"post_tag","embeddable":true,"href":"https:\/\/www.ufsm.br\/cursos\/pos-graduacao\/santa-maria\/ppgcta\/wp-json\/wp\/v2\/tags?post=184"}],"curies":[{"name":"wp","href":"https:\/\/api.w.org\/{rel}","templated":true}]}}