{"id":189,"date":"2019-02-05T10:01:07","date_gmt":"2019-02-05T12:01:07","guid":{"rendered":"https:\/\/www.ufsm.br\/cursos\/pos-graduacao\/santa-maria\/ppgcta\/?page_id=189"},"modified":"2019-02-05T10:01:09","modified_gmt":"2019-02-05T12:01:09","slug":"cg-fid-npd","status":"publish","type":"page","link":"https:\/\/www.ufsm.br\/cursos\/pos-graduacao\/santa-maria\/ppgcta\/cg-fid-npd","title":{"rendered":"CG-FID-NPD"},"content":{"rendered":"\n<ul>\n<li>Configura\u00e7\u00e3o:\u00a0Cromat\u00f3grafo a g\u00e1s Agilent 6890N, com detectores de ioniza\u00e7\u00e3o em chama e\u00a0de nitrog\u00eanio \u2013f\u00f3sforo, injetor autom\u00e1tico<\/li>\n<li>Local:\u00a0Lab. 102B\u00a0do NIDAL\u00a0<\/li>\n<li>Respons\u00e1vel:\u00a0Prof. Jos\u00e9 Laerte Nornberg, ramal 8547, e-mail:\u00a0<span id=\"cloak8904\"><a href=\"mailto:jlnornberg@gmail.com\">jlnornberg@gmail.com<\/a><\/span><\/li>\n<\/ul>\n<p>\u00a0<\/p>\n<p>Instru\u00e7\u00e3o\/requisitos para agendamento\/uso:\u00a0<\/p>\n<p>1- O equipamento est\u00e1 utilizando nitrog\u00eanio como g\u00e1s de arraste.<\/p>\n<p>2- O usu\u00e1rio dever\u00e1 escolher o m\u00e9todo que ser\u00e1 utilizado, o que contempla: coluna, velocidade do fluxo do g\u00e1s, temperatura do injetor, forno e detector.<\/p>\n<p>3- O usu\u00e1rio \u00e9 respons\u00e1vel por providenciar gases, padr\u00f5es, coluna, septos, ferrolhos, vials, inserts, e caso necess\u00e1rio substituir os que est\u00e3o em uso tamb\u00e9m liner e seringa para inje\u00e7\u00e3o e preparar a amostra.<\/p>\n<p>4- O equipamento e operado pelo funcion\u00e1rio Carlos Rubini Jr. que proceder\u00e1 a an\u00e1lise seguindo as orienta\u00e7\u00f5es de configura\u00e7\u00e3o fornecidas pelo usu\u00e1rio.<\/p>\n<p>5- Dever\u00e1 ser realizado agendamento pr\u00e9vio do uso do equipamento com o Prof. Jos\u00e9 Laerte.<\/p>\n<p>6- O\u00a0<strong>registro de\u00a0uso \u00e9 feito pelo funcion\u00e1rio.<\/strong><\/p>\n","protected":false},"excerpt":{"rendered":"<p>Configura\u00e7\u00e3o:\u00a0Cromat\u00f3grafo a g\u00e1s Agilent 6890N, com detectores de ioniza\u00e7\u00e3o em chama e\u00a0de nitrog\u00eanio \u2013f\u00f3sforo, injetor autom\u00e1tico Local:\u00a0Lab. 102B\u00a0do NIDAL\u00a0 Respons\u00e1vel:\u00a0Prof. Jos\u00e9 Laerte Nornberg, ramal 8547, e-mail:\u00a0jlnornberg@gmail.com \u00a0 Instru\u00e7\u00e3o\/requisitos para agendamento\/uso:\u00a0 1- O equipamento est\u00e1 utilizando nitrog\u00eanio como g\u00e1s de arraste. 2- O usu\u00e1rio dever\u00e1 escolher o m\u00e9todo que ser\u00e1 utilizado, o que contempla: coluna, velocidade [&hellip;]<\/p>\n","protected":false},"author":118,"featured_media":0,"parent":0,"menu_order":0,"comment_status":"closed","ping_status":"closed","template":"","meta":{"footnotes":""},"categories":[],"tags":[],"class_list":["post-189","page","type-page","status-publish","hentry"],"acf":[],"_links":{"self":[{"href":"https:\/\/www.ufsm.br\/cursos\/pos-graduacao\/santa-maria\/ppgcta\/wp-json\/wp\/v2\/pages\/189","targetHints":{"allow":["GET"]}}],"collection":[{"href":"https:\/\/www.ufsm.br\/cursos\/pos-graduacao\/santa-maria\/ppgcta\/wp-json\/wp\/v2\/pages"}],"about":[{"href":"https:\/\/www.ufsm.br\/cursos\/pos-graduacao\/santa-maria\/ppgcta\/wp-json\/wp\/v2\/types\/page"}],"author":[{"embeddable":true,"href":"https:\/\/www.ufsm.br\/cursos\/pos-graduacao\/santa-maria\/ppgcta\/wp-json\/wp\/v2\/users\/118"}],"replies":[{"embeddable":true,"href":"https:\/\/www.ufsm.br\/cursos\/pos-graduacao\/santa-maria\/ppgcta\/wp-json\/wp\/v2\/comments?post=189"}],"version-history":[{"count":0,"href":"https:\/\/www.ufsm.br\/cursos\/pos-graduacao\/santa-maria\/ppgcta\/wp-json\/wp\/v2\/pages\/189\/revisions"}],"wp:attachment":[{"href":"https:\/\/www.ufsm.br\/cursos\/pos-graduacao\/santa-maria\/ppgcta\/wp-json\/wp\/v2\/media?parent=189"}],"wp:term":[{"taxonomy":"category","embeddable":true,"href":"https:\/\/www.ufsm.br\/cursos\/pos-graduacao\/santa-maria\/ppgcta\/wp-json\/wp\/v2\/categories?post=189"},{"taxonomy":"post_tag","embeddable":true,"href":"https:\/\/www.ufsm.br\/cursos\/pos-graduacao\/santa-maria\/ppgcta\/wp-json\/wp\/v2\/tags?post=189"}],"curies":[{"name":"wp","href":"https:\/\/api.w.org\/{rel}","templated":true}]}}