{"id":3245,"date":"2020-01-09T19:21:31","date_gmt":"2020-01-09T22:21:31","guid":{"rendered":"https:\/\/www.ufsm.br\/cursos\/pos-graduacao\/santa-maria\/ppgd\/?page_id=3245"},"modified":"2020-01-09T19:21:34","modified_gmt":"2020-01-09T22:21:34","slug":"direito-dos-animais-e-a-democracia-representativa-o-desenvolvimento-de-partidos-animalistas-e-a-contribuicao-das-tics","status":"publish","type":"page","link":"https:\/\/www.ufsm.br\/cursos\/pos-graduacao\/santa-maria\/ppgd\/direito-dos-animais-e-a-democracia-representativa-o-desenvolvimento-de-partidos-animalistas-e-a-contribuicao-das-tics","title":{"rendered":"DIREITO DOS ANIMAIS E A DEMOCRACIA REPRESENTATIVA: O DESENVOLVIMENTO DE PARTIDOS ANIMALISTAS E A CONTRIBUI\u00c7\u00c3O DAS TICS"},"content":{"rendered":"\n<p style=\"text-align: center\"><a href=\"godinhokamila@gmail.com\"><strong>Autora: Kamila Godinho Finamor<\/strong><\/a><\/p>\n<p style=\"text-align: center\">Orientadora: Prof\u00aa Dr\u00aa Nina Tr\u00edcia Disconzi Rodrigues Pigato<\/p>\n<p>Se a sociedade est\u00e1 em constante evolu\u00e7\u00e3o, o direito, como regulador das rela\u00e7\u00f5es entre os indiv\u00edduos da sociedade, tamb\u00e9m est\u00e1, e necessita de revis\u00f5es em seu ordenamento jur\u00eddico no que tange a prote\u00e7\u00e3o e relev\u00e2ncia animal. A provoca\u00e7\u00e3o desta mudan\u00e7a legislativa pode ser feita tanto pela mobiliza\u00e7\u00e3o popular, quanto por representantes pol\u00edticos engajados na causa animal.<\/p>\n<p>Assim, o trabalho tem como tema o estudo do surgimento de partidos animalistas como mecanismo para amplia\u00e7\u00e3o da prote\u00e7\u00e3o animal, onde os animais poderiam ter representantes engajados na causa animal em um espa\u00e7o de atua\u00e7\u00e3o pol\u00edtica, e a utiliza\u00e7\u00e3o do ambiente virtual como perspectiva de aux\u00edlio para o crescimento e organiza\u00e7\u00e3o desses partidos. Motivou-se o estudo em face da mudan\u00e7a de compreens\u00e3o da sociedade atual com rela\u00e7\u00e3o ao n\u00e3o-humano, pois este alcan\u00e7ou um novo patamar em face da aproxima\u00e7\u00e3o e depend\u00eancia do ser humano. A forma\u00e7\u00e3o de partidos animalistas no mundo surge para corroborar essa premissa.<\/p>\n<p>Nesse sentido, o problema de pesquisa busca analisar em que medida o desenvolvimento de partidos animalistas \u00e9 suficiente para o aumento da prote\u00e7\u00e3o animal e de que forma a utiliza\u00e7\u00e3o das tecnologias em rede, em especial a Internet, podem contribuir para uma maior visibilidade e crescimento dos partidos animalistas e inser\u00e7\u00e3o destes na democracia atual. Delimitou-se a an\u00e1lise dos partidos animalistas dos pa\u00edses de Portugal, Espanha, Alemanha, It\u00e1lia e Brasil. Assim, em um primeiro momento, investigou-se as legisla\u00e7\u00f5es brasileiras e estrangeiras cotejando-as com intuito de apresentar a prote\u00e7\u00e3o animal com suas falhas.<\/p>\n<p>Em um segundo momento, apresentou-se o estudo da democracia representativa com \u00eanfase nos partidos pol\u00edticos animalistas e a conex\u00e3o com as Tecnologias de Informa\u00e7\u00e3o e Comunica\u00e7\u00e3o (TICs), principalmente a Internet, como potencializadora para o avan\u00e7o das associa\u00e7\u00f5es pol\u00edticas animalistas e da defesa animal. Para responder o problema de pesquisa, optou-se pelo m\u00e9todo de abordagem dedutivo partindo-se de uma an\u00e1lise mais ampla a respeito do direito dos animais e o surgimento da democracia representativa, para uma an\u00e1lise mais precisa sobre o desenvolvimento dos partidos animalistas e quest\u00e3o do meio virtual. Quanto ao m\u00e9todo de procedimento, foram utilizados a combina\u00e7\u00e3o dos m\u00e9todos hist\u00f3rico e comparativo. Em conjunto com o m\u00e9todo de procedimento, utilizou-se as t\u00e9cnicas de pesquisa de documenta\u00e7\u00e3o indireta, pesquisa bibliogr\u00e1fica e an\u00e1lise documental, e a direta, pela observa\u00e7\u00e3o direta extensiva. Esta \u00faltima foi realizada atrav\u00e9s de um question\u00e1rio enviado aos partidos animalistas com des\u00edgnio de analisar a realidade e desafios enfrentados por esses.<\/p>\n<p>A disserta\u00e7\u00e3o foi dividida em dois cap\u00edtulos. Com a an\u00e1lise, constatou-se que com a eclos\u00e3o dos partidos animalistas, o direito animal e a import\u00e2ncia de uma prote\u00e7\u00e3o eficaz ao n\u00e3o-humano se mant\u00e9m em destaque e com maior probabilidade de benef\u00edcios, inclusive legislativos. Ao averiguar a Internet como instrumento de inclus\u00e3o dos partidos animalistas na democracia atual, concluiu-se que h\u00e1 resultados parciais satisfat\u00f3rios, mas que somente o tempo e a postura da sociedade determinar\u00e3o resultados mais concretos.<\/p>\n<p>\u00a0<\/p>\n","protected":false},"excerpt":{"rendered":"<p>Autora: Kamila Godinho Finamor Orientadora: Prof\u00aa Dr\u00aa Nina Tr\u00edcia Disconzi Rodrigues Pigato Se a sociedade est\u00e1 em constante evolu\u00e7\u00e3o, o direito, como regulador das rela\u00e7\u00f5es entre os indiv\u00edduos da sociedade, tamb\u00e9m est\u00e1, e necessita de revis\u00f5es em seu ordenamento jur\u00eddico no que tange a prote\u00e7\u00e3o e relev\u00e2ncia animal. A provoca\u00e7\u00e3o desta mudan\u00e7a legislativa pode ser [&hellip;]<\/p>\n","protected":false},"author":536,"featured_media":0,"parent":0,"menu_order":0,"comment_status":"closed","ping_status":"closed","template":"","meta":{"footnotes":""},"categories":[],"tags":[],"class_list":["post-3245","page","type-page","status-publish","hentry"],"acf":[],"_links":{"self":[{"href":"https:\/\/www.ufsm.br\/cursos\/pos-graduacao\/santa-maria\/ppgd\/wp-json\/wp\/v2\/pages\/3245","targetHints":{"allow":["GET"]}}],"collection":[{"href":"https:\/\/www.ufsm.br\/cursos\/pos-graduacao\/santa-maria\/ppgd\/wp-json\/wp\/v2\/pages"}],"about":[{"href":"https:\/\/www.ufsm.br\/cursos\/pos-graduacao\/santa-maria\/ppgd\/wp-json\/wp\/v2\/types\/page"}],"author":[{"embeddable":true,"href":"https:\/\/www.ufsm.br\/cursos\/pos-graduacao\/santa-maria\/ppgd\/wp-json\/wp\/v2\/users\/536"}],"replies":[{"embeddable":true,"href":"https:\/\/www.ufsm.br\/cursos\/pos-graduacao\/santa-maria\/ppgd\/wp-json\/wp\/v2\/comments?post=3245"}],"version-history":[{"count":0,"href":"https:\/\/www.ufsm.br\/cursos\/pos-graduacao\/santa-maria\/ppgd\/wp-json\/wp\/v2\/pages\/3245\/revisions"}],"wp:attachment":[{"href":"https:\/\/www.ufsm.br\/cursos\/pos-graduacao\/santa-maria\/ppgd\/wp-json\/wp\/v2\/media?parent=3245"}],"wp:term":[{"taxonomy":"category","embeddable":true,"href":"https:\/\/www.ufsm.br\/cursos\/pos-graduacao\/santa-maria\/ppgd\/wp-json\/wp\/v2\/categories?post=3245"},{"taxonomy":"post_tag","embeddable":true,"href":"https:\/\/www.ufsm.br\/cursos\/pos-graduacao\/santa-maria\/ppgd\/wp-json\/wp\/v2\/tags?post=3245"}],"curies":[{"name":"wp","href":"https:\/\/api.w.org\/{rel}","templated":true}]}}