{"id":3979,"date":"2021-06-24T14:32:30","date_gmt":"2021-06-24T17:32:30","guid":{"rendered":"https:\/\/www.ufsm.br\/cursos\/pos-graduacao\/santa-maria\/ppgd\/?page_id=3979"},"modified":"2021-06-24T14:32:31","modified_gmt":"2021-06-24T17:32:31","slug":"o-direito-a-cidade-sustentavel-construindo-o-bem-viver-urbano-a-partir-da-justica-socioambiental-e-da-cidadania-ecologica","status":"publish","type":"page","link":"https:\/\/www.ufsm.br\/cursos\/pos-graduacao\/santa-maria\/ppgd\/o-direito-a-cidade-sustentavel-construindo-o-bem-viver-urbano-a-partir-da-justica-socioambiental-e-da-cidadania-ecologica","title":{"rendered":"O DIREITO \u00c0 CIDADE SUSTENT\u00c1VEL: CONSTRUINDO O \u201cBEM VIVER\u201d URBANO A PARTIR DA JUSTI\u00c7A SOCIOAMBIENTAL E DA CIDADANIA ECOL\u00d3GICA"},"content":{"rendered":"\n<p style=\"text-align: center\">AUTORA: Daniela Favaretto Mattos &#8211; danielafmattos@hotmail.com<br \/>ORIENTADOR: Jer\u00f4nimo Siqueira Tybusch<\/p>\n<p>As vulnerabilidades socioambientais que assolam as cidades brasileiras, especialmente nas \u00e1reas de periferia e pobreza, denunciam o grave quadro de injusti\u00e7a social e ambiental existente no espa\u00e7o urbano brasileiro. As principais mazelas enfrentadas pelos cidad\u00e3os s\u00e3o o desemprego, condi\u00e7\u00f5es prec\u00e1rias de sa\u00fade e saneamento b\u00e1sico, transporte p\u00fablico e seguran\u00e7a insuficientes, baixo n\u00edvel de escolaridade e destrui\u00e7\u00e3o do meio ambiente, desvelando, assim, a insustentabilidade urbana. Assim, a constru\u00e7\u00e3o de cidades sustent\u00e1veis \u00e9 um dos grandes desafios a serem enfrentados na atualidade, a fim de garantir a todos o direito \u00e0 cidade sustent\u00e1vel, ou seja, o direito que todos possuem de viver de forma digna e com as mesmas oportunidades para se desenvolverem em um espa\u00e7o ambientalmente equilibrado.<br \/>A supera\u00e7\u00e3o desses problemas e a forma\u00e7\u00e3o de cidades sustent\u00e1veis, no entanto, est\u00e3o intrinsecamente relacionados a outros dois fatores imprescind\u00edveis para a sua concretiza\u00e7\u00e3o: a justi\u00e7a socioambiental e a cidadania ecol\u00f3gica. O desenvolvimento da justi\u00e7a socioambiental, por meio de pol\u00edticas p\u00fablicas, consiste no primeiro passo a ser trilhado para a redu\u00e7\u00e3o dessas desigualdades e promo\u00e7\u00e3o de um tratamento mais ison\u00f4mico entre todos os habitantes das cidades. Da mesma forma, assegurar a participa\u00e7\u00e3o popular dos cidad\u00e3os complementa a etapa anterior para a constru\u00e7\u00e3o de um novo espa\u00e7o urbano, por meio do qual o cidad\u00e3o ecologicamente emancipado possa atuar ativa e colaborativamente na solu\u00e7\u00e3o dos problemas por eles enfrentados. <br \/>Nesse sentido, a partir da justi\u00e7a socioambiental e da cidadania ecol\u00f3gica, seria poss\u00edvel a constru\u00e7\u00e3o do \u201cBem Viver\u201d urbano, com a forma\u00e7\u00e3o de cidades mais inclusivas e igualit\u00e1rias, que coloquem em evid\u00eancia o bem-estar de seus cidad\u00e3os, assegurando, outrossim, os direitos humanos fundamentais e, por consequ\u00eancia, o direito \u00e0 cidade sustent\u00e1vel. A efetiva\u00e7\u00e3o desse direito, no entanto, embora apresente possibilidades, tamb\u00e9m enfrenta limites, motivo pelo qual a pesquisa realizada na disserta\u00e7\u00e3o busca responder ao seguinte questionamento: Quais os limites e as possibilidades para efetiva\u00e7\u00e3o do direito \u00e0 cidade sustent\u00e1vel caracterizado pelo \u201cBem Viver\u201d urbano a partir de elementos garantidores de justi\u00e7a socioambiental e cidadania ecol\u00f3gica no Brasil? <\/p>\n","protected":false},"excerpt":{"rendered":"<p>AUTORA: Daniela Favaretto Mattos &#8211; danielafmattos@hotmail.comORIENTADOR: Jer\u00f4nimo Siqueira Tybusch As vulnerabilidades socioambientais que assolam as cidades brasileiras, especialmente nas \u00e1reas de periferia e pobreza, denunciam o grave quadro de injusti\u00e7a social e ambiental existente no espa\u00e7o urbano brasileiro. As principais mazelas enfrentadas pelos cidad\u00e3os s\u00e3o o desemprego, condi\u00e7\u00f5es prec\u00e1rias de sa\u00fade e saneamento b\u00e1sico, transporte [&hellip;]<\/p>\n","protected":false},"author":536,"featured_media":0,"parent":0,"menu_order":0,"comment_status":"closed","ping_status":"closed","template":"","meta":{"footnotes":""},"categories":[],"tags":[],"class_list":["post-3979","page","type-page","status-publish","hentry"],"acf":[],"_links":{"self":[{"href":"https:\/\/www.ufsm.br\/cursos\/pos-graduacao\/santa-maria\/ppgd\/wp-json\/wp\/v2\/pages\/3979","targetHints":{"allow":["GET"]}}],"collection":[{"href":"https:\/\/www.ufsm.br\/cursos\/pos-graduacao\/santa-maria\/ppgd\/wp-json\/wp\/v2\/pages"}],"about":[{"href":"https:\/\/www.ufsm.br\/cursos\/pos-graduacao\/santa-maria\/ppgd\/wp-json\/wp\/v2\/types\/page"}],"author":[{"embeddable":true,"href":"https:\/\/www.ufsm.br\/cursos\/pos-graduacao\/santa-maria\/ppgd\/wp-json\/wp\/v2\/users\/536"}],"replies":[{"embeddable":true,"href":"https:\/\/www.ufsm.br\/cursos\/pos-graduacao\/santa-maria\/ppgd\/wp-json\/wp\/v2\/comments?post=3979"}],"version-history":[{"count":0,"href":"https:\/\/www.ufsm.br\/cursos\/pos-graduacao\/santa-maria\/ppgd\/wp-json\/wp\/v2\/pages\/3979\/revisions"}],"wp:attachment":[{"href":"https:\/\/www.ufsm.br\/cursos\/pos-graduacao\/santa-maria\/ppgd\/wp-json\/wp\/v2\/media?parent=3979"}],"wp:term":[{"taxonomy":"category","embeddable":true,"href":"https:\/\/www.ufsm.br\/cursos\/pos-graduacao\/santa-maria\/ppgd\/wp-json\/wp\/v2\/categories?post=3979"},{"taxonomy":"post_tag","embeddable":true,"href":"https:\/\/www.ufsm.br\/cursos\/pos-graduacao\/santa-maria\/ppgd\/wp-json\/wp\/v2\/tags?post=3979"}],"curies":[{"name":"wp","href":"https:\/\/api.w.org\/{rel}","templated":true}]}}