{"id":3982,"date":"2021-06-24T15:02:23","date_gmt":"2021-06-24T18:02:23","guid":{"rendered":"https:\/\/www.ufsm.br\/cursos\/pos-graduacao\/santa-maria\/ppgd\/?page_id=3982"},"modified":"2021-06-24T15:02:24","modified_gmt":"2021-06-24T18:02:24","slug":"migracoes-forcadas-na-america-latina-um-dialogo-a-partir-da-teoria-critica-de-direitos-humanos-e-a-atuacao-da-corte-idh","status":"publish","type":"page","link":"https:\/\/www.ufsm.br\/cursos\/pos-graduacao\/santa-maria\/ppgd\/migracoes-forcadas-na-america-latina-um-dialogo-a-partir-da-teoria-critica-de-direitos-humanos-e-a-atuacao-da-corte-idh","title":{"rendered":"Migra\u00e7\u00f5es for\u00e7adas na Am\u00e9rica Latina: Um di\u00e1logo a partir da teoria cr\u00edtica de Direitos Humanos e a atua\u00e7\u00e3o da Corte IDH"},"content":{"rendered":"\n<p>AUTORA: Raquel Ceolin &#8211; raquelfceolin@gmail.com<\/p>\n<p>A disserta\u00e7\u00e3o, intitulada \u201cMigra\u00e7\u00f5es for\u00e7adas na Am\u00e9rica Latina: Um di\u00e1logo a partir da teoria cr\u00edtica de Direitos Humanos e a atua\u00e7\u00e3o da Corte IDH\u201d, trabalhou com a tem\u00e1tica dos direitos humanos no contexto das migra\u00e7\u00f5es for\u00e7adas a partir das lentes da teoria cr\u00edtica de direitos humanos \u2013 em especial a partir das obras de Joaqu\u00edn Herrera Flores \u2013, de modo a identificar os limites e perspectivas existentes no \u00e2mbito da Corte IDH a respeito dos direitos humanos dos imigrantes. Isso foi poss\u00edvel atrav\u00e9s da sele\u00e7\u00e3o de casos contenciosos e opini\u00f5es consultivas da Corte que envolvem imigrantes, cujo ponto de reflex\u00e3o se deu por meio de elementos selecionados da figura do \u201cdiamante \u00e9tico\u201d de Herrera Flores. Com isso, o estudo possibilitou uma reflex\u00e3o cr\u00edtica em torno dos direitos humanos de milh\u00f5es de imigrantes pelos quais nenhum Estado efetivamente se responsabiliza, os quais enfrentam diversas dificuldades desde a sa\u00edda do Estado de origem, durante a trajet\u00f3ria e ap\u00f3s a chegada ao Estado receptor.&#8221;<\/p>\n","protected":false},"excerpt":{"rendered":"<p>AUTORA: Raquel Ceolin &#8211; raquelfceolin@gmail.com A disserta\u00e7\u00e3o, intitulada \u201cMigra\u00e7\u00f5es for\u00e7adas na Am\u00e9rica Latina: Um di\u00e1logo a partir da teoria cr\u00edtica de Direitos Humanos e a atua\u00e7\u00e3o da Corte IDH\u201d, trabalhou com a tem\u00e1tica dos direitos humanos no contexto das migra\u00e7\u00f5es for\u00e7adas a partir das lentes da teoria cr\u00edtica de direitos humanos \u2013 em especial a [&hellip;]<\/p>\n","protected":false},"author":536,"featured_media":0,"parent":0,"menu_order":0,"comment_status":"closed","ping_status":"closed","template":"","meta":{"footnotes":""},"categories":[],"tags":[],"class_list":["post-3982","page","type-page","status-publish","hentry"],"acf":[],"_links":{"self":[{"href":"https:\/\/www.ufsm.br\/cursos\/pos-graduacao\/santa-maria\/ppgd\/wp-json\/wp\/v2\/pages\/3982","targetHints":{"allow":["GET"]}}],"collection":[{"href":"https:\/\/www.ufsm.br\/cursos\/pos-graduacao\/santa-maria\/ppgd\/wp-json\/wp\/v2\/pages"}],"about":[{"href":"https:\/\/www.ufsm.br\/cursos\/pos-graduacao\/santa-maria\/ppgd\/wp-json\/wp\/v2\/types\/page"}],"author":[{"embeddable":true,"href":"https:\/\/www.ufsm.br\/cursos\/pos-graduacao\/santa-maria\/ppgd\/wp-json\/wp\/v2\/users\/536"}],"replies":[{"embeddable":true,"href":"https:\/\/www.ufsm.br\/cursos\/pos-graduacao\/santa-maria\/ppgd\/wp-json\/wp\/v2\/comments?post=3982"}],"version-history":[{"count":0,"href":"https:\/\/www.ufsm.br\/cursos\/pos-graduacao\/santa-maria\/ppgd\/wp-json\/wp\/v2\/pages\/3982\/revisions"}],"wp:attachment":[{"href":"https:\/\/www.ufsm.br\/cursos\/pos-graduacao\/santa-maria\/ppgd\/wp-json\/wp\/v2\/media?parent=3982"}],"wp:term":[{"taxonomy":"category","embeddable":true,"href":"https:\/\/www.ufsm.br\/cursos\/pos-graduacao\/santa-maria\/ppgd\/wp-json\/wp\/v2\/categories?post=3982"},{"taxonomy":"post_tag","embeddable":true,"href":"https:\/\/www.ufsm.br\/cursos\/pos-graduacao\/santa-maria\/ppgd\/wp-json\/wp\/v2\/tags?post=3982"}],"curies":[{"name":"wp","href":"https:\/\/api.w.org\/{rel}","templated":true}]}}