{"id":5382,"date":"2024-07-24T09:01:22","date_gmt":"2024-07-24T12:01:22","guid":{"rendered":"https:\/\/www.ufsm.br\/cursos\/pos-graduacao\/santa-maria\/ppgd\/?page_id=5382"},"modified":"2024-07-24T09:01:23","modified_gmt":"2024-07-24T12:01:23","slug":"responsabilidade-socioambiental-na-industria-textil-um-estudo-sobre-a-logistica-reversa-na-empresa-ca","status":"publish","type":"page","link":"https:\/\/www.ufsm.br\/cursos\/pos-graduacao\/santa-maria\/ppgd\/responsabilidade-socioambiental-na-industria-textil-um-estudo-sobre-a-logistica-reversa-na-empresa-ca","title":{"rendered":"RESPONSABILIDADE SOCIOAMBIENTAL NA IND\u00daSTRIA T\u00caXTIL: UM ESTUDO SOBRE A LOG\u00cdSTICA REVERSA NA EMPRESA C&amp;A"},"content":{"rendered":"\n<p style=\"text-align: center\">AUTORA: Antonella Mazzine Pichinin<br \/>ORIENTADOR: Ronaldo Busnello<\/p>\n<p>A hist\u00f3ria da ind\u00fastria t\u00eaxtil possui rela\u00e7\u00e3o mundial com os meios de produ\u00e7\u00e3o e a economia. Muito embora a evolu\u00e7\u00e3o tecnol\u00f3gica tenha possibilitado o aumento da capacidade produtiva, com a troca da produ\u00e7\u00e3o manual pela utiliza\u00e7\u00e3o das m\u00e1quinas, em contrapartida houve um est\u00edmulo para a explora\u00e7\u00e3o dos recursos naturais, e o surgimento de muitos res\u00edduos, como resultado do processo produtivo, impactando o meio ambiente de diversas formas. Desse modo, foi de extrema import\u00e2ncia a cria\u00e7\u00e3o de legisla\u00e7\u00f5es nesse sentido, possibilitando o surgimento de diversas boas pr\u00e1ticas, como, por exemplo, a log\u00edstica reversa.<\/p>\n<p>Nessa linha, o trabalho pretende fazer uma an\u00e1lise do processo de log\u00edstica reversa na empresa C&amp;A, no Brasil em 2021, frente \u00e0 Pol\u00edtica Nacional de Res\u00edduos S\u00f3lidos como possibilidade de solu\u00e7\u00e3o para a minimiza\u00e7\u00e3o dos impactos socioambientais da ind\u00fastria t\u00eaxtil. O trabalho busca responder, assim, o seguinte questionamento: Quais os limites e possibilidades da implementa\u00e7\u00e3o do processo de log\u00edstica reversa a partir da aplica\u00e7\u00e3o da Pol\u00edtica Nacional de Res\u00edduos S\u00f3lidos, no ano de 2021, configurar-se como um fator minimizante dos impactos socioambientais da ind\u00fastria t\u00eaxtil, notadamente na empresa C&amp;A no Brasil?<\/p>\n<p>Para responder esse questionamento, a metodologia e estrat\u00e9gia de a\u00e7\u00e3o para viabilizar esta pesquisa obedecem ao quadrin\u00f4mio Teoria de Base, Abordagem, Procedimento e T\u00e9cnica. No que tange \u00e0 teoria de base, adotar-se-\u00e1 a sist\u00eamico-complexa, por meio da abordagem dedutiva, a qual, partindo das teorias e leis em uma premissa ampla, prenuncia a realiza\u00e7\u00e3o de fen\u00f4menos particulares em uma premissa espec\u00edfica, realizando uma conex\u00e3o descendente. No que se refere ao m\u00e9todo de procedimento, a an\u00e1lise a ser realizada ter\u00e1 como procedimentos a pesquisa bibliogr\u00e1fica, a an\u00e1lise documental e o estudo de caso. A t\u00e9cnica utilizada para o procedimento de pesquisa bibliogr\u00e1fica ser\u00e1 a produ\u00e7\u00e3o de fichamentos e resumos estendidos; para a an\u00e1lise documental, a t\u00e9cnica utilizada ser\u00e1 a confec\u00e7\u00e3o de tabelas e gr\u00e1ficos; e, por fim, para o estudo de caso ser\u00e1 utilizada a an\u00e1lise da hist\u00f3ria da empresa, seu crescimento no mercado, bem como seu envolvimento para a cria\u00e7\u00e3o do projeto e para a implementa\u00e7\u00e3o do processo de log\u00edstica reversa, verificando dificuldades e benef\u00edcios.<\/p>\n<p>A presente disserta\u00e7\u00e3o foi dividida em tr\u00eas cap\u00edtulos, sendo o primeiro respons\u00e1vel por apresentar a evolu\u00e7\u00e3o hist\u00f3rica da ind\u00fastria t\u00eaxtil mundial e brasileira. O segundo cap\u00edtulo, por sua vez, aborda o processo de institucionaliza\u00e7\u00e3o da Pol\u00edtica Nacional de Res\u00edduos S\u00f3lidos no Brasil. E por fim, o terceiro cap\u00edtulo verificar os limites e as possibilidades dos projetos socioambientais da C&amp;A, no ano de 2021, em especial os que envolvem a log\u00edstica reversa, com \u00eanfase na observa\u00e7\u00e3o dos benef\u00edcios proporcionados e das dificuldades da implementa\u00e7\u00e3o dessa pr\u00e1tica para a minimiza\u00e7\u00e3o dos impactos da ind\u00fastria t\u00eaxtil no meio ambiente. Nessa perspectiva, a resposta para a quest\u00e3o apresentada \u00e9 a de que a log\u00edstica reversa, \u00e9 uma excelente ferramenta para a minimiza\u00e7\u00e3o dos impactos ambientais, em especial na C&amp;A, atrav\u00e9s do relat\u00f3rio anual de sustentabilidade apresentado com os resultados de 2021.<\/p>\n","protected":false},"excerpt":{"rendered":"<p>AUTORA: Antonella Mazzine PichininORIENTADOR: Ronaldo Busnello A hist\u00f3ria da ind\u00fastria t\u00eaxtil possui rela\u00e7\u00e3o mundial com os meios de produ\u00e7\u00e3o e a economia. Muito embora a evolu\u00e7\u00e3o tecnol\u00f3gica tenha possibilitado o aumento da capacidade produtiva, com a troca da produ\u00e7\u00e3o manual pela utiliza\u00e7\u00e3o das m\u00e1quinas, em contrapartida houve um est\u00edmulo para a explora\u00e7\u00e3o dos recursos naturais, [&hellip;]<\/p>\n","protected":false},"author":536,"featured_media":0,"parent":0,"menu_order":0,"comment_status":"closed","ping_status":"closed","template":"","meta":{"footnotes":""},"categories":[],"tags":[],"class_list":["post-5382","page","type-page","status-publish","hentry"],"acf":[],"_links":{"self":[{"href":"https:\/\/www.ufsm.br\/cursos\/pos-graduacao\/santa-maria\/ppgd\/wp-json\/wp\/v2\/pages\/5382","targetHints":{"allow":["GET"]}}],"collection":[{"href":"https:\/\/www.ufsm.br\/cursos\/pos-graduacao\/santa-maria\/ppgd\/wp-json\/wp\/v2\/pages"}],"about":[{"href":"https:\/\/www.ufsm.br\/cursos\/pos-graduacao\/santa-maria\/ppgd\/wp-json\/wp\/v2\/types\/page"}],"author":[{"embeddable":true,"href":"https:\/\/www.ufsm.br\/cursos\/pos-graduacao\/santa-maria\/ppgd\/wp-json\/wp\/v2\/users\/536"}],"replies":[{"embeddable":true,"href":"https:\/\/www.ufsm.br\/cursos\/pos-graduacao\/santa-maria\/ppgd\/wp-json\/wp\/v2\/comments?post=5382"}],"version-history":[{"count":0,"href":"https:\/\/www.ufsm.br\/cursos\/pos-graduacao\/santa-maria\/ppgd\/wp-json\/wp\/v2\/pages\/5382\/revisions"}],"wp:attachment":[{"href":"https:\/\/www.ufsm.br\/cursos\/pos-graduacao\/santa-maria\/ppgd\/wp-json\/wp\/v2\/media?parent=5382"}],"wp:term":[{"taxonomy":"category","embeddable":true,"href":"https:\/\/www.ufsm.br\/cursos\/pos-graduacao\/santa-maria\/ppgd\/wp-json\/wp\/v2\/categories?post=5382"},{"taxonomy":"post_tag","embeddable":true,"href":"https:\/\/www.ufsm.br\/cursos\/pos-graduacao\/santa-maria\/ppgd\/wp-json\/wp\/v2\/tags?post=5382"}],"curies":[{"name":"wp","href":"https:\/\/api.w.org\/{rel}","templated":true}]}}