{"id":5385,"date":"2024-07-24T09:10:42","date_gmt":"2024-07-24T12:10:42","guid":{"rendered":"https:\/\/www.ufsm.br\/cursos\/pos-graduacao\/santa-maria\/ppgd\/?page_id=5385"},"modified":"2024-07-24T09:10:44","modified_gmt":"2024-07-24T12:10:44","slug":"o-acesso-a-educacao-pelas-criancas-e-adolescentes-brasileiros-com-deficiencia-durante-a-pandemia-da-covid-19","status":"publish","type":"page","link":"https:\/\/www.ufsm.br\/cursos\/pos-graduacao\/santa-maria\/ppgd\/o-acesso-a-educacao-pelas-criancas-e-adolescentes-brasileiros-com-deficiencia-durante-a-pandemia-da-covid-19","title":{"rendered":"O ACESSO \u00c0 EDUCA\u00c7\u00c3O PELAS CRIAN\u00c7AS E ADOLESCENTES BRASILEIROS COM DEFICI\u00caNCIA DURANTE A PANDEMIA DA COVID-19"},"content":{"rendered":"\n<p style=\"text-align: center\">Ingra Etchepare Vieira &#8211; ingraetchepare@hotmail.com<\/p>\n<p style=\"text-align: center\">Orientadora: Profa. Dra. Rosane Leal da Silva<\/p>\n<p><strong>\u00a0<\/strong>O trabalho analisou temas como os direitos das pessoas com defici\u00eancia, notadamente o direito \u00e0 acessibilidade; os direitos das crian\u00e7as e dos adolescentes brasileiros com defici\u00eancia e o acesso \u00e0 educa\u00e7\u00e3o desse grupo durante a pandemia da Covid-19, envolvendo tamb\u00e9m os atores encarregados da prote\u00e7\u00e3o integral das crian\u00e7as e dos adolescentes, especialmente a sociedade, incluindo a comunidade cient\u00edfica, as ag\u00eancias internacionais e as organiza\u00e7\u00f5es n\u00e3o-governamentais brasileiras, e o Estado brasileiro. Al\u00e9m disso, o marco te\u00f3rico do estudo foi composto pelos autores Josiane Rose Petry Veronese e Axel Honneth. \u00c9 relevante destacar tamb\u00e9m que o m\u00e9todo de abordagem utilizado foi o dedutivo, enquanto o m\u00e9todo de procedimento foi o monogr\u00e1fico. J\u00e1 os procedimentos empregados foram a an\u00e1lise bibliogr\u00e1fica e documental, aliados \u00e0s t\u00e9cnicas de pesquisa de fichamentos; resumos; tabelas e pesquisa bibliom\u00e9trica da comunidade cient\u00edfica jur\u00eddica sobre a tem\u00e1tica, a qual foi realizada no site da Plataforma Sucupira, mais especificamente na ferramenta \u201cQualis Peri\u00f3dicos\u201d.<\/p>\n<p>\u00a0<\/p>\n","protected":false},"excerpt":{"rendered":"<p>Ingra Etchepare Vieira &#8211; ingraetchepare@hotmail.com Orientadora: Profa. Dra. Rosane Leal da Silva \u00a0O trabalho analisou temas como os direitos das pessoas com defici\u00eancia, notadamente o direito \u00e0 acessibilidade; os direitos das crian\u00e7as e dos adolescentes brasileiros com defici\u00eancia e o acesso \u00e0 educa\u00e7\u00e3o desse grupo durante a pandemia da Covid-19, envolvendo tamb\u00e9m os atores encarregados [&hellip;]<\/p>\n","protected":false},"author":536,"featured_media":0,"parent":0,"menu_order":0,"comment_status":"closed","ping_status":"closed","template":"","meta":{"footnotes":""},"categories":[],"tags":[],"class_list":["post-5385","page","type-page","status-publish","hentry"],"acf":[],"_links":{"self":[{"href":"https:\/\/www.ufsm.br\/cursos\/pos-graduacao\/santa-maria\/ppgd\/wp-json\/wp\/v2\/pages\/5385","targetHints":{"allow":["GET"]}}],"collection":[{"href":"https:\/\/www.ufsm.br\/cursos\/pos-graduacao\/santa-maria\/ppgd\/wp-json\/wp\/v2\/pages"}],"about":[{"href":"https:\/\/www.ufsm.br\/cursos\/pos-graduacao\/santa-maria\/ppgd\/wp-json\/wp\/v2\/types\/page"}],"author":[{"embeddable":true,"href":"https:\/\/www.ufsm.br\/cursos\/pos-graduacao\/santa-maria\/ppgd\/wp-json\/wp\/v2\/users\/536"}],"replies":[{"embeddable":true,"href":"https:\/\/www.ufsm.br\/cursos\/pos-graduacao\/santa-maria\/ppgd\/wp-json\/wp\/v2\/comments?post=5385"}],"version-history":[{"count":0,"href":"https:\/\/www.ufsm.br\/cursos\/pos-graduacao\/santa-maria\/ppgd\/wp-json\/wp\/v2\/pages\/5385\/revisions"}],"wp:attachment":[{"href":"https:\/\/www.ufsm.br\/cursos\/pos-graduacao\/santa-maria\/ppgd\/wp-json\/wp\/v2\/media?parent=5385"}],"wp:term":[{"taxonomy":"category","embeddable":true,"href":"https:\/\/www.ufsm.br\/cursos\/pos-graduacao\/santa-maria\/ppgd\/wp-json\/wp\/v2\/categories?post=5385"},{"taxonomy":"post_tag","embeddable":true,"href":"https:\/\/www.ufsm.br\/cursos\/pos-graduacao\/santa-maria\/ppgd\/wp-json\/wp\/v2\/tags?post=5385"}],"curies":[{"name":"wp","href":"https:\/\/api.w.org\/{rel}","templated":true}]}}