{"id":5388,"date":"2024-07-24T09:23:53","date_gmt":"2024-07-24T12:23:53","guid":{"rendered":"https:\/\/www.ufsm.br\/cursos\/pos-graduacao\/santa-maria\/ppgd\/?page_id=5388"},"modified":"2024-07-24T09:23:54","modified_gmt":"2024-07-24T12:23:54","slug":"diversidade-cultural-e-justica-global-estudo-acerca-do-direito-internacional-do-reconhecimento-na-corte-interamericana-de-direitos-humanos-2","status":"publish","type":"page","link":"https:\/\/www.ufsm.br\/cursos\/pos-graduacao\/santa-maria\/ppgd\/diversidade-cultural-e-justica-global-estudo-acerca-do-direito-internacional-do-reconhecimento-na-corte-interamericana-de-direitos-humanos-2","title":{"rendered":"DIVERSIDADE CULTURAL E JUSTI\u00c7A GLOBAL: ESTUDO ACERCA DO DIREITO INTERNACIONAL DO RECONHECIMENTO NA CORTE INTERAMERICANA DE DIREITOS HUMANOS"},"content":{"rendered":"\n<p style=\"text-align: center\">Autora: Daniela Roveda \u2013 <a href=\"mailto:danielaroveda.adv@gmail.com\">danielaroveda.adv@gmail.com<\/a><\/p>\n<p style=\"text-align: center\">Orientador: Ademar Pozzatti Junior<\/p>\n<p>\u00a0<\/p>\n<p>O direito internacional, al\u00e9m de promover o desenvolvimento socioecon\u00f4mico dos Estados do Norte global, serviu como instrumento propulsor e legitimador de diversas injusti\u00e7as, especialmente aquelas relacionadas \u00e0 opress\u00e3o da diversidade cultural e de identidades, as quais guardam forte rela\u00e7\u00e3o com a coloniza\u00e7\u00e3o. Nesse cen\u00e1rio, diversas leituras cr\u00edticas e institui\u00e7\u00f5es do direito internacional contempor\u00e2neo, recentemente agrupadas como um regime do direito internacional do reconhecimento (DIR), t\u00eam proposto estrat\u00e9gias para tentar amenizar essas injusti\u00e7as hist\u00f3ricas, as quais foram e s\u00e3o cometidas contra os povos ind\u00edgenas da Am\u00e9rica Latina.<\/p>\n<p>\u00a0<\/p>\n<p>Nesse contexto, a leitura cr\u00edtica seminal de Emmanuelle Jouannet, que sistematiza o DIR, prop\u00f5e entend\u00ea-lo a partir de seus tr\u00eas enfoques: a tutela jur\u00eddica da diferen\u00e7a, a positiva\u00e7\u00e3o de direitos espec\u00edficos para popula\u00e7\u00f5es espec\u00edficas e a repara\u00e7\u00e3o de danos hist\u00f3ricos. Assim, a presente pesquisa investiga o papel da Corte Interamericana de Direitos Humanos (CIDH) em aplicar o direito internacional do reconhecimento nas senten\u00e7as referentes a opress\u00e3o da diversidade cultural e de identidades dos povos ind\u00edgenas da Am\u00e9rica Latina. A delimita\u00e7\u00e3o do campo de pesquisa considerou o crit\u00e9rio temporal, para selecionar as senten\u00e7as condenat\u00f3rias proferidas no per\u00edodo de 2005 a abril de 2020, j\u00e1 que em 2005 foi publicada a Conven\u00e7\u00e3o para Prote\u00e7\u00e3o da Diversidade Cultural da UNESCO, documento internacional que organizou o regime jur\u00eddico internacional protetivo a diversidade cultural e de identidades.<\/p>\n<p>\u00a0<\/p>\n<p>Este trabalho responde ao seguinte problema de pesquisa: como o direito internacional do reconhecimento, a partir dos enfoques propostos por Emmanuelle Jouannet, aparece na fundamenta\u00e7\u00e3o das senten\u00e7as da CIDH sobre direitos de povos ind\u00edgenas?\u00a0 Para tanto, o trabalho envolve a investiga\u00e7\u00e3o emp\u00edrica das senten\u00e7as da CIDH, tendo como m\u00e9todo de pesquisa a abordagem dial\u00e9tica e, como t\u00e9cnica, a revis\u00e3o bibliogr\u00e1fica e documental, al\u00e9m das an\u00e1lises quantitativas e qualitativas das senten\u00e7as condenat\u00f3rias selecionadas.<\/p>\n<p>\u00a0<\/p>\n<p>Como resultado, foram selecionadas 18 (dezoito) senten\u00e7as em que Estados foram condenados a medidas de repara\u00e7\u00e3o relacionadas tanto ao reconhecimento da diversidade cultural e identit\u00e1ria dos povos ind\u00edgenas mas tamb\u00e9m para a preserva\u00e7\u00e3o da mem\u00f3ria para as presentes e futuras gera\u00e7\u00f5es, dando concretude, na realidade da Am\u00e9rica Latina, as frentes de atua\u00e7\u00e3o do DIR, tal como proposto por Jouannet, consolidando 12 (doze) descobertas. Este trabalho evidencia e discute as descobertas acerca das contribui\u00e7\u00f5es da atua\u00e7\u00e3o da CIDH para fortalecer o DIR. Percebe-se que a jurisprud\u00eancia da CIDH desempenha papel crucial na efetiva\u00e7\u00e3o da preserva\u00e7\u00e3o da diversidade cultural e de identidades das popula\u00e7\u00f5es ind\u00edgenas, em harmonia com a concep\u00e7\u00e3o do DIR.<\/p>\n<p>\u00a0<\/p>\n","protected":false},"excerpt":{"rendered":"<p>Autora: Daniela Roveda \u2013 danielaroveda.adv@gmail.com Orientador: Ademar Pozzatti Junior \u00a0 O direito internacional, al\u00e9m de promover o desenvolvimento socioecon\u00f4mico dos Estados do Norte global, serviu como instrumento propulsor e legitimador de diversas injusti\u00e7as, especialmente aquelas relacionadas \u00e0 opress\u00e3o da diversidade cultural e de identidades, as quais guardam forte rela\u00e7\u00e3o com a coloniza\u00e7\u00e3o. Nesse cen\u00e1rio, diversas [&hellip;]<\/p>\n","protected":false},"author":536,"featured_media":0,"parent":0,"menu_order":0,"comment_status":"closed","ping_status":"closed","template":"","meta":{"footnotes":""},"categories":[],"tags":[],"class_list":["post-5388","page","type-page","status-publish","hentry"],"acf":[],"_links":{"self":[{"href":"https:\/\/www.ufsm.br\/cursos\/pos-graduacao\/santa-maria\/ppgd\/wp-json\/wp\/v2\/pages\/5388","targetHints":{"allow":["GET"]}}],"collection":[{"href":"https:\/\/www.ufsm.br\/cursos\/pos-graduacao\/santa-maria\/ppgd\/wp-json\/wp\/v2\/pages"}],"about":[{"href":"https:\/\/www.ufsm.br\/cursos\/pos-graduacao\/santa-maria\/ppgd\/wp-json\/wp\/v2\/types\/page"}],"author":[{"embeddable":true,"href":"https:\/\/www.ufsm.br\/cursos\/pos-graduacao\/santa-maria\/ppgd\/wp-json\/wp\/v2\/users\/536"}],"replies":[{"embeddable":true,"href":"https:\/\/www.ufsm.br\/cursos\/pos-graduacao\/santa-maria\/ppgd\/wp-json\/wp\/v2\/comments?post=5388"}],"version-history":[{"count":0,"href":"https:\/\/www.ufsm.br\/cursos\/pos-graduacao\/santa-maria\/ppgd\/wp-json\/wp\/v2\/pages\/5388\/revisions"}],"wp:attachment":[{"href":"https:\/\/www.ufsm.br\/cursos\/pos-graduacao\/santa-maria\/ppgd\/wp-json\/wp\/v2\/media?parent=5388"}],"wp:term":[{"taxonomy":"category","embeddable":true,"href":"https:\/\/www.ufsm.br\/cursos\/pos-graduacao\/santa-maria\/ppgd\/wp-json\/wp\/v2\/categories?post=5388"},{"taxonomy":"post_tag","embeddable":true,"href":"https:\/\/www.ufsm.br\/cursos\/pos-graduacao\/santa-maria\/ppgd\/wp-json\/wp\/v2\/tags?post=5388"}],"curies":[{"name":"wp","href":"https:\/\/api.w.org\/{rel}","templated":true}]}}