{"id":7006,"date":"2026-07-01T15:34:26","date_gmt":"2026-07-01T18:34:26","guid":{"rendered":"https:\/\/www.ufsm.br\/cursos\/pos-graduacao\/santa-maria\/ppgd\/?page_id=7006"},"modified":"2026-07-01T15:34:28","modified_gmt":"2026-07-01T18:34:28","slug":"o-direito-achado-nos-pampas-o-que-os-conflitos-socioambientais-atuais-em-torno-da-mineracao-no-bioma-brasileiro-tem-a-dizer-sob-a-otica-da-sociobiodiversidade","status":"publish","type":"page","link":"https:\/\/www.ufsm.br\/cursos\/pos-graduacao\/santa-maria\/ppgd\/o-direito-achado-nos-pampas-o-que-os-conflitos-socioambientais-atuais-em-torno-da-mineracao-no-bioma-brasileiro-tem-a-dizer-sob-a-otica-da-sociobiodiversidade","title":{"rendered":"O DIREITO ACHADO NOS PAMPAS: O QUE OS CONFLITOS SOCIOAMBIENTAIS ATUAIS EM TORNO DA MINERA\u00c7\u00c3O NO BIOMA BRASILEIRO T\u00caM A DIZER SOB A \u00d3TICA DA SOCIOBIODIVERSIDADE"},"content":{"rendered":"\n<p class=\"has-text-align-center wp-block-paragraph\">Isabel Foletto Curvello <a href=\"mailto:isabelfoletto@gmail.com\">isabelfoletto@gmail.com<\/a><\/p>\n\n\n\n<p class=\"has-text-align-center wp-block-paragraph\">Orientador: Prof. Dr. Jer\u00f4nimo Siqueira Tybusch<\/p>\n\n\n\n<p>Na disserta\u00e7\u00e3o intitulada \u201cO Direito Achado Nos Pampas: O que os conflitos socioambientais atuais em torno da Minera\u00e7\u00e3o no bioma brasileiro t\u00eam a dizer sob a \u00f3tica da Sociobiodiversidade\u201d, \u00e9 realizada uma an\u00e1lise acerca dos conflitos socioambientais que est\u00e3o ocorrendo nos \u00faltimos anos em uma regi\u00e3o do bioma Pampa. Nesse sentido, a<br \/>regi\u00e3o analisada \u00e9 a regi\u00e3o do Alto Camaqu\u00e3, onde dois projetos de mineradoras passaram a ser discutidos na \u00faltima d\u00e9cada. O objetivo do trabalho, portanto, \u00e9 entender, quais s\u00e3o os conflitos socioambientais que est\u00e3o acontecendo e tamb\u00e9m o sentido da sociobiodiversidade que se manifesta na resist\u00eancia aos projetos mineradores, com a finalidade de responder ao questionamento que consiste no problema de pesquisa: quais s\u00e3o os limites e possibilidades para a minera\u00e7\u00e3o no Pampa na atualizada? Dessa forma, s\u00e3o explorados tr\u00eas conceitos principais: sociobiodiversidade e a raz\u00e3o pela qual o Pampa pode ser considerado sociobiodiverso; neoextrativismo e conflitos socioambientais, sendo a minera\u00e7\u00e3o a principal express\u00e3o do neoextrativismo aqui tratada e, por fim, a emerg\u00eancia de uma nova compreens\u00e3o acerca da produ\u00e7\u00e3o de direitos, a partir do Direito Achado na Rua e dos Territ\u00f3rios Livres de Minera\u00e7\u00e3o. Nesse contexto, foi Ao fim, a proposta do trabalho \u00e9 que o Alto Camaqu\u00e3 seja considerado um territ\u00f3rio livre de minera\u00e7\u00e3o, um conceito que surge no seio das discuss\u00f5es das comunidades, mas que pode passar a pautar as pol\u00edticas p\u00fablicas sobre minera\u00e7\u00e3o no pa\u00eds, como j\u00e1 vem ocorrendo na produ\u00e7\u00e3o de algumas leis, compondo isso que se denominou aqui de Direito Achado nos Pampas.<\/p>\n\n\n","protected":false},"excerpt":{"rendered":"<p>Isabel Foletto Curvello isabelfoletto@gmail.com Orientador: Prof. Dr. Jer\u00f4nimo Siqueira Tybusch Na disserta\u00e7\u00e3o intitulada \u201cO Direito Achado Nos Pampas: O que os conflitos socioambientais atuais em torno da Minera\u00e7\u00e3o no bioma brasileiro t\u00eam a dizer sob a \u00f3tica da Sociobiodiversidade\u201d, \u00e9 realizada uma an\u00e1lise acerca dos conflitos socioambientais que est\u00e3o ocorrendo nos \u00faltimos anos em uma [&hellip;]<\/p>\n","protected":false},"author":536,"featured_media":0,"parent":0,"menu_order":0,"comment_status":"closed","ping_status":"closed","template":"","meta":{"footnotes":""},"categories":[],"tags":[],"class_list":["post-7006","page","type-page","status-publish","hentry"],"acf":[],"_links":{"self":[{"href":"https:\/\/www.ufsm.br\/cursos\/pos-graduacao\/santa-maria\/ppgd\/wp-json\/wp\/v2\/pages\/7006","targetHints":{"allow":["GET"]}}],"collection":[{"href":"https:\/\/www.ufsm.br\/cursos\/pos-graduacao\/santa-maria\/ppgd\/wp-json\/wp\/v2\/pages"}],"about":[{"href":"https:\/\/www.ufsm.br\/cursos\/pos-graduacao\/santa-maria\/ppgd\/wp-json\/wp\/v2\/types\/page"}],"author":[{"embeddable":true,"href":"https:\/\/www.ufsm.br\/cursos\/pos-graduacao\/santa-maria\/ppgd\/wp-json\/wp\/v2\/users\/536"}],"replies":[{"embeddable":true,"href":"https:\/\/www.ufsm.br\/cursos\/pos-graduacao\/santa-maria\/ppgd\/wp-json\/wp\/v2\/comments?post=7006"}],"version-history":[{"count":0,"href":"https:\/\/www.ufsm.br\/cursos\/pos-graduacao\/santa-maria\/ppgd\/wp-json\/wp\/v2\/pages\/7006\/revisions"}],"wp:attachment":[{"href":"https:\/\/www.ufsm.br\/cursos\/pos-graduacao\/santa-maria\/ppgd\/wp-json\/wp\/v2\/media?parent=7006"}],"wp:term":[{"taxonomy":"category","embeddable":true,"href":"https:\/\/www.ufsm.br\/cursos\/pos-graduacao\/santa-maria\/ppgd\/wp-json\/wp\/v2\/categories?post=7006"},{"taxonomy":"post_tag","embeddable":true,"href":"https:\/\/www.ufsm.br\/cursos\/pos-graduacao\/santa-maria\/ppgd\/wp-json\/wp\/v2\/tags?post=7006"}],"curies":[{"name":"wp","href":"https:\/\/api.w.org\/{rel}","templated":true}]}}

O DIREITO ACHADO NOS PAMPAS: O QUE OS CONFLITOS SOCIOAMBIENTAIS ATUAIS EM TORNO DA MINERAÇÃO NO BIOMA BRASILEIRO TÊM A DIZER SOB A ÓTICA DA SOCIOBIODIVERSIDADE

<p class="has-text-align-center wp-block-paragraph">Isabel Foletto Curvello <a href="mailto:isabelfoletto@gmail.com">isabelfoletto@gmail.com</a></p>



<p class="has-text-align-center wp-block-paragraph">Orientador: Prof. Dr. Jerônimo Siqueira Tybusch</p>



<p>Na dissertação intitulada “O Direito Achado Nos Pampas: O que os conflitos socioambientais atuais em torno da Mineração no bioma brasileiro têm a dizer sob a ótica da Sociobiodiversidade”, é realizada uma análise acerca dos conflitos socioambientais que estão ocorrendo nos últimos anos em uma região do bioma Pampa. Nesse sentido, a<br />região analisada é a região do Alto Camaquã, onde dois projetos de mineradoras passaram a ser discutidos na última década. O objetivo do trabalho, portanto, é entender, quais são os conflitos socioambientais que estão acontecendo e também o sentido da sociobiodiversidade que se manifesta na resistência aos projetos mineradores, com a finalidade de responder ao questionamento que consiste no problema de pesquisa: quais são os limites e possibilidades para a mineração no Pampa na atualizada? Dessa forma, são explorados três conceitos principais: sociobiodiversidade e a razão pela qual o Pampa pode ser considerado sociobiodiverso; neoextrativismo e conflitos socioambientais, sendo a mineração a principal expressão do neoextrativismo aqui tratada e, por fim, a emergência de uma nova compreensão acerca da produção de direitos, a partir do Direito Achado na Rua e dos Territórios Livres de Mineração. Nesse contexto, foi Ao fim, a proposta do trabalho é que o Alto Camaquã seja considerado um território livre de mineração, um conceito que surge no seio das discussões das comunidades, mas que pode passar a pautar as políticas públicas sobre mineração no país, como já vem ocorrendo na produção de algumas leis, compondo isso que se denominou aqui de Direito Achado nos Pampas.</p>

<p>Isabel Foletto Curvello isabelfoletto@gmail.com Orientador: Prof. Dr. Jerônimo Siqueira Tybusch Na dissertação intitulada “O Direito Achado Nos Pampas: O que os conflitos socioambientais atuais em torno da Mineração no bioma brasileiro têm a dizer sob a ótica da Sociobiodiversidade”, é realizada uma análise acerca dos conflitos socioambientais que estão ocorrendo nos últimos anos em uma [&hellip;]</p>
