{"id":4249,"date":"2022-09-13T15:16:03","date_gmt":"2022-09-13T18:16:03","guid":{"rendered":"https:\/\/www.ufsm.br\/cursos\/pos-graduacao\/santa-maria\/ppge\/?page_id=4249"},"modified":"2022-10-20T11:12:45","modified_gmt":"2022-10-20T14:12:45","slug":"datas-importantes","status":"publish","type":"page","link":"https:\/\/www.ufsm.br\/cursos\/pos-graduacao\/santa-maria\/ppge\/xxx-seminario-internacional\/datas-importantes","title":{"rendered":"Datas Importantes"},"content":{"rendered":"\t\t<div data-elementor-type=\"wp-page\" data-elementor-id=\"4249\" class=\"elementor elementor-4249\">\n\t\t\t\t\t\t<section class=\"elementor-section elementor-top-section elementor-element elementor-element-6e84407 elementor-section-boxed elementor-section-height-default elementor-section-height-default\" data-id=\"6e84407\" data-element_type=\"section\">\n\t\t\t\t\t\t<div class=\"elementor-container elementor-column-gap-default\">\n\t\t\t\t\t<div class=\"elementor-column elementor-col-100 elementor-top-column elementor-element elementor-element-d1238a3\" data-id=\"d1238a3\" data-element_type=\"column\">\n\t\t\t<div class=\"elementor-widget-wrap elementor-element-populated\">\n\t\t\t\t\t\t<div class=\"elementor-element elementor-element-a7a5a82 elementor-widget elementor-widget-image\" data-id=\"a7a5a82\" data-element_type=\"widget\" data-widget_type=\"image.default\">\n\t\t\t\t<div class=\"elementor-widget-container\">\n\t\t\t\t\t\t\t\t\t\t\t\t\t<img fetchpriority=\"high\" decoding=\"async\" width=\"1920\" height=\"480\" src=\"https:\/\/www.ufsm.br\/app\/uploads\/sites\/547\/2022\/09\/XXX-Seminario-Internacional-Site.jpg\" class=\"attachment-2048x2048 size-2048x2048 wp-image-4230\" alt=\"\" srcset=\"https:\/\/www.ufsm.br\/app\/uploads\/sites\/547\/2022\/09\/XXX-Seminario-Internacional-Site.jpg 1920w, https:\/\/www.ufsm.br\/app\/uploads\/sites\/547\/2022\/09\/XXX-Seminario-Internacional-Site-300x75.jpg 300w, https:\/\/www.ufsm.br\/app\/uploads\/sites\/547\/2022\/09\/XXX-Seminario-Internacional-Site-1024x256.jpg 1024w, https:\/\/www.ufsm.br\/app\/uploads\/sites\/547\/2022\/09\/XXX-Seminario-Internacional-Site-768x192.jpg 768w, https:\/\/www.ufsm.br\/app\/uploads\/sites\/547\/2022\/09\/XXX-Seminario-Internacional-Site-1536x384.jpg 1536w\" sizes=\"(max-width: 1920px) 100vw, 1920px\" \/>\t\t\t\t\t\t\t\t\t\t\t\t\t<\/div>\n\t\t\t\t<\/div>\n\t\t\t\t\t<\/div>\n\t\t<\/div>\n\t\t\t\t\t<\/div>\n\t\t<\/section>\n\t\t\t\t<section class=\"elementor-section elementor-top-section elementor-element elementor-element-4225ef2 elementor-section-boxed elementor-section-height-default elementor-section-height-default\" data-id=\"4225ef2\" data-element_type=\"section\">\n\t\t\t\t\t\t<div class=\"elementor-container elementor-column-gap-default\">\n\t\t\t\t\t<div class=\"elementor-column elementor-col-100 elementor-top-column elementor-element elementor-element-e3ce7af\" data-id=\"e3ce7af\" data-element_type=\"column\">\n\t\t\t<div class=\"elementor-widget-wrap elementor-element-populated\">\n\t\t\t\t\t\t<div class=\"elementor-element elementor-element-d68ca4d elementor-widget elementor-widget-heading\" data-id=\"d68ca4d\" data-element_type=\"widget\" data-widget_type=\"heading.default\">\n\t\t\t\t<div class=\"elementor-widget-container\">\n\t\t\t<h2 class=\"elementor-heading-title elementor-size-default\">Datas Importantes<\/h2>\t\t<\/div>\n\t\t\t\t<\/div>\n\t\t\t\t\t<\/div>\n\t\t<\/div>\n\t\t\t\t\t<\/div>\n\t\t<\/section>\n\t\t\t\t<section class=\"elementor-section elementor-top-section elementor-element elementor-element-77e7547 elementor-section-boxed elementor-section-height-default elementor-section-height-default\" data-id=\"77e7547\" data-element_type=\"section\">\n\t\t\t\t\t\t<div class=\"elementor-container elementor-column-gap-default\">\n\t\t\t\t\t<div class=\"elementor-column elementor-col-100 elementor-top-column elementor-element elementor-element-df39456\" data-id=\"df39456\" data-element_type=\"column\">\n\t\t\t<div class=\"elementor-widget-wrap elementor-element-populated\">\n\t\t\t\t\t\t<div class=\"elementor-element elementor-element-d00a51c elementor-widget elementor-widget-image\" data-id=\"d00a51c\" data-element_type=\"widget\" data-widget_type=\"image.default\">\n\t\t\t\t<div class=\"elementor-widget-container\">\n\t\t\t\t\t\t\t\t\t\t\t\t\t<img decoding=\"async\" width=\"768\" height=\"794\" src=\"https:\/\/www.ufsm.br\/app\/uploads\/sites\/547\/2022\/10\/XXX-Seminario-Cronograma-atualizado-768x794.png\" class=\"attachment-medium_large size-medium_large wp-image-4387\" alt=\"\" srcset=\"https:\/\/www.ufsm.br\/app\/uploads\/sites\/547\/2022\/10\/XXX-Seminario-Cronograma-atualizado-768x794.png 768w, https:\/\/www.ufsm.br\/app\/uploads\/sites\/547\/2022\/10\/XXX-Seminario-Cronograma-atualizado-290x300.png 290w, https:\/\/www.ufsm.br\/app\/uploads\/sites\/547\/2022\/10\/XXX-Seminario-Cronograma-atualizado-990x1024.png 990w, https:\/\/www.ufsm.br\/app\/uploads\/sites\/547\/2022\/10\/XXX-Seminario-Cronograma-atualizado-1485x1536.png 1485w, https:\/\/www.ufsm.br\/app\/uploads\/sites\/547\/2022\/10\/XXX-Seminario-Cronograma-atualizado.png 1500w\" sizes=\"(max-width: 768px) 100vw, 768px\" \/>\t\t\t\t\t\t\t\t\t\t\t\t\t<\/div>\n\t\t\t\t<\/div>\n\t\t\t\t\t<\/div>\n\t\t<\/div>\n\t\t\t\t\t<\/div>\n\t\t<\/section>\n\t\t\t\t<section class=\"elementor-section elementor-top-section elementor-element elementor-element-6b1c5ea elementor-section-boxed elementor-section-height-default elementor-section-height-default\" data-id=\"6b1c5ea\" data-element_type=\"section\">\n\t\t\t\t\t\t<div class=\"elementor-container elementor-column-gap-default\">\n\t\t\t\t\t<div class=\"elementor-column elementor-col-100 elementor-top-column elementor-element elementor-element-0d0c176\" data-id=\"0d0c176\" data-element_type=\"column\">\n\t\t\t<div class=\"elementor-widget-wrap elementor-element-populated\">\n\t\t\t\t\t\t<div class=\"elementor-element elementor-element-1ddc1d6 elementor-widget elementor-widget-text-editor\" data-id=\"1ddc1d6\" data-element_type=\"widget\" data-widget_type=\"text-editor.default\">\n\t\t\t\t<div class=\"elementor-widget-container\">\n\t\t\t\t\t\t\t<p style=\"text-align: center\">Os prazos se encerram \u00e0s 23h59min (Hor\u00e1rio de Bras\u00edlia).<\/p>\t\t\t\t\t\t<\/div>\n\t\t\t\t<\/div>\n\t\t\t\t<div class=\"elementor-element elementor-element-636cd8d elementor-align-center elementor-widget elementor-widget-button\" data-id=\"636cd8d\" data-element_type=\"widget\" data-widget_type=\"button.default\">\n\t\t\t\t<div class=\"elementor-widget-container\">\n\t\t\t\t\t\t\t<div class=\"elementor-button-wrapper\">\n\t\t\t\t\t<a class=\"elementor-button elementor-button-link elementor-size-md\" href=\"https:\/\/www.ufsm.br\/cursos\/pos-graduacao\/santa-maria\/ppge\/xxx-seminario-internacional\/\">\n\t\t\t\t\t\t<span class=\"elementor-button-content-wrapper\">\n\t\t\t\t\t\t\t\t\t<span class=\"elementor-button-text\">Voltar<\/span>\n\t\t\t\t\t<\/span>\n\t\t\t\t\t<\/a>\n\t\t\t\t<\/div>\n\t\t\t\t\t\t<\/div>\n\t\t\t\t<\/div>\n\t\t\t\t\t<\/div>\n\t\t<\/div>\n\t\t\t\t\t<\/div>\n\t\t<\/section>\n\t\t\t\t<section class=\"elementor-section elementor-top-section elementor-element elementor-element-cf33789 elementor-section-boxed elementor-section-height-default elementor-section-height-default\" data-id=\"cf33789\" data-element_type=\"section\">\n\t\t\t\t\t\t<div class=\"elementor-container elementor-column-gap-default\">\n\t\t\t\t\t<div class=\"elementor-column elementor-col-100 elementor-top-column elementor-element elementor-element-ee50767\" data-id=\"ee50767\" data-element_type=\"column\">\n\t\t\t<div class=\"elementor-widget-wrap elementor-element-populated\">\n\t\t\t\t\t\t<div class=\"elementor-element elementor-element-fa45574 elementor-widget elementor-widget-image\" data-id=\"fa45574\" data-element_type=\"widget\" data-widget_type=\"image.default\">\n\t\t\t\t<div class=\"elementor-widget-container\">\n\t\t\t\t\t\t\t\t\t\t\t\t\t<img decoding=\"async\" width=\"1536\" height=\"383\" src=\"https:\/\/www.ufsm.br\/app\/uploads\/sites\/547\/2022\/09\/XXX-Seminario-Internacional-Site-2-6-1536x383.jpg\" class=\"attachment-1536x1536 size-1536x1536 wp-image-4269\" alt=\"\" srcset=\"https:\/\/www.ufsm.br\/app\/uploads\/sites\/547\/2022\/09\/XXX-Seminario-Internacional-Site-2-6-1536x383.jpg 1536w, https:\/\/www.ufsm.br\/app\/uploads\/sites\/547\/2022\/09\/XXX-Seminario-Internacional-Site-2-6-300x75.jpg 300w, https:\/\/www.ufsm.br\/app\/uploads\/sites\/547\/2022\/09\/XXX-Seminario-Internacional-Site-2-6-1024x255.jpg 1024w, https:\/\/www.ufsm.br\/app\/uploads\/sites\/547\/2022\/09\/XXX-Seminario-Internacional-Site-2-6-768x192.jpg 768w, https:\/\/www.ufsm.br\/app\/uploads\/sites\/547\/2022\/09\/XXX-Seminario-Internacional-Site-2-6.jpg 1920w\" sizes=\"(max-width: 1536px) 100vw, 1536px\" \/>\t\t\t\t\t\t\t\t\t\t\t\t\t<\/div>\n\t\t\t\t<\/div>\n\t\t\t\t\t<\/div>\n\t\t<\/div>\n\t\t\t\t\t<\/div>\n\t\t<\/section>\n\t\t\t\t<\/div>\n\t\t","protected":false},"excerpt":{"rendered":"<p>Datas Importantes Os prazos se encerram \u00e0s 23h59min (Hor\u00e1rio de Bras\u00edlia). Voltar<\/p>\n","protected":false},"author":4568,"featured_media":0,"parent":4216,"menu_order":0,"comment_status":"closed","ping_status":"closed","template":"","meta":{"footnotes":""},"categories":[],"tags":[],"class_list":["post-4249","page","type-page","status-publish","hentry"],"acf":[],"_links":{"self":[{"href":"https:\/\/www.ufsm.br\/cursos\/pos-graduacao\/santa-maria\/ppge\/wp-json\/wp\/v2\/pages\/4249","targetHints":{"allow":["GET"]}}],"collection":[{"href":"https:\/\/www.ufsm.br\/cursos\/pos-graduacao\/santa-maria\/ppge\/wp-json\/wp\/v2\/pages"}],"about":[{"href":"https:\/\/www.ufsm.br\/cursos\/pos-graduacao\/santa-maria\/ppge\/wp-json\/wp\/v2\/types\/page"}],"author":[{"embeddable":true,"href":"https:\/\/www.ufsm.br\/cursos\/pos-graduacao\/santa-maria\/ppge\/wp-json\/wp\/v2\/users\/4568"}],"replies":[{"embeddable":true,"href":"https:\/\/www.ufsm.br\/cursos\/pos-graduacao\/santa-maria\/ppge\/wp-json\/wp\/v2\/comments?post=4249"}],"version-history":[{"count":0,"href":"https:\/\/www.ufsm.br\/cursos\/pos-graduacao\/santa-maria\/ppge\/wp-json\/wp\/v2\/pages\/4249\/revisions"}],"up":[{"embeddable":true,"href":"https:\/\/www.ufsm.br\/cursos\/pos-graduacao\/santa-maria\/ppge\/wp-json\/wp\/v2\/pages\/4216"}],"wp:attachment":[{"href":"https:\/\/www.ufsm.br\/cursos\/pos-graduacao\/santa-maria\/ppge\/wp-json\/wp\/v2\/media?parent=4249"}],"wp:term":[{"taxonomy":"category","embeddable":true,"href":"https:\/\/www.ufsm.br\/cursos\/pos-graduacao\/santa-maria\/ppge\/wp-json\/wp\/v2\/categories?post=4249"},{"taxonomy":"post_tag","embeddable":true,"href":"https:\/\/www.ufsm.br\/cursos\/pos-graduacao\/santa-maria\/ppge\/wp-json\/wp\/v2\/tags?post=4249"}],"curies":[{"name":"wp","href":"https:\/\/api.w.org\/{rel}","templated":true}]}}