{"id":584,"date":"2019-11-14T15:24:12","date_gmt":"2019-11-14T18:24:12","guid":{"rendered":"https:\/\/www.ufsm.br\/cursos\/pos-graduacao\/santa-maria\/ppgea\/?page_id=584"},"modified":"2019-11-27T16:06:10","modified_gmt":"2019-11-27T19:06:10","slug":"teses-2016","status":"publish","type":"page","link":"https:\/\/www.ufsm.br\/cursos\/pos-graduacao\/santa-maria\/ppgea\/teses-2016","title":{"rendered":"Teses 2016"},"content":{"rendered":"\t\t<div data-elementor-type=\"wp-page\" data-elementor-id=\"584\" class=\"elementor elementor-584\">\n\t\t\t\t\t\t<section class=\"elementor-section elementor-top-section elementor-element elementor-element-f153f5e elementor-section-boxed elementor-section-height-default elementor-section-height-default\" data-id=\"f153f5e\" data-element_type=\"section\">\n\t\t\t\t\t\t<div class=\"elementor-container elementor-column-gap-default\">\n\t\t\t\t\t<div class=\"elementor-column elementor-col-100 elementor-top-column elementor-element elementor-element-270eed5\" data-id=\"270eed5\" data-element_type=\"column\">\n\t\t\t<div class=\"elementor-widget-wrap elementor-element-populated\">\n\t\t\t\t\t\t<div class=\"elementor-element elementor-element-3337722 elementor-widget elementor-widget-text-editor\" data-id=\"3337722\" data-element_type=\"widget\" data-widget_type=\"text-editor.default\">\n\t\t\t\t<div class=\"elementor-widget-container\">\n\t\t\t\t\t\t\t<p><strong>T\u00edtulo<\/strong>: <a href=\"https:\/\/repositorio.ufsm.br\/bitstream\/handle\/1\/11661\/Fensterseifer%2c%20C%C3%A9sar%20Augusto%20Jarutais.pdf?sequence=1&amp;isAllowed=y\" target=\"_blank\" rel=\"noopener\">Otimiza\u00e7\u00e3o dos processos de calibra\u00e7\u00e3o e valida\u00e7\u00e3o do modelo CROPGRO-soybean<\/a><\/p><p><strong>Aluno<\/strong>: Cesar Augusto Jarutais Fensterseifer<\/p><p><strong>Professor Orientador<\/strong>: Dr. Nereu Augusto Streck<\/p>\t\t\t\t\t\t<\/div>\n\t\t\t\t<\/div>\n\t\t\t\t\t<\/div>\n\t\t<\/div>\n\t\t\t\t\t<\/div>\n\t\t<\/section>\n\t\t\t\t<section class=\"elementor-section elementor-top-section elementor-element elementor-element-9be3629 elementor-section-boxed elementor-section-height-default elementor-section-height-default\" data-id=\"9be3629\" data-element_type=\"section\">\n\t\t\t\t\t\t<div class=\"elementor-container elementor-column-gap-default\">\n\t\t\t\t\t<div class=\"elementor-column elementor-col-100 elementor-top-column elementor-element elementor-element-f64dca9\" data-id=\"f64dca9\" data-element_type=\"column\">\n\t\t\t<div class=\"elementor-widget-wrap elementor-element-populated\">\n\t\t\t\t\t\t<div class=\"elementor-element elementor-element-232ef61 elementor-widget elementor-widget-text-editor\" data-id=\"232ef61\" data-element_type=\"widget\" data-widget_type=\"text-editor.default\">\n\t\t\t\t<div class=\"elementor-widget-container\">\n\t\t\t\t\t\t\t<p><strong>T\u00edtulo<\/strong>: <a href=\"https:\/\/repositorio.ufsm.br\/bitstream\/handle\/1\/18225\/TES_PPGEA_2016_HANSEL_FERNANDO.pdf?sequence=1&amp;isAllowed=y\" target=\"_blank\" rel=\"noopener\">Local de aplica\u00e7\u00e3o do f\u00f3sforo, sistema radicular e produtividade da cultura da soja em plantio direto<\/a><\/p><p><strong>Aluno<\/strong>:\u00a0Fernando Dubou Hansel<\/p><p><strong>Professor Orientador<\/strong>: Dr. Telmo Jorge Carneiro Amado<\/p>\t\t\t\t\t\t<\/div>\n\t\t\t\t<\/div>\n\t\t\t\t\t<\/div>\n\t\t<\/div>\n\t\t\t\t\t<\/div>\n\t\t<\/section>\n\t\t\t\t<section class=\"elementor-section elementor-top-section elementor-element elementor-element-9745201 elementor-section-boxed elementor-section-height-default elementor-section-height-default\" data-id=\"9745201\" data-element_type=\"section\">\n\t\t\t\t\t\t<div class=\"elementor-container elementor-column-gap-default\">\n\t\t\t\t\t<div class=\"elementor-column elementor-col-100 elementor-top-column elementor-element elementor-element-808fdf1\" data-id=\"808fdf1\" data-element_type=\"column\">\n\t\t\t<div class=\"elementor-widget-wrap elementor-element-populated\">\n\t\t\t\t\t\t<div class=\"elementor-element elementor-element-e0d1ec0 elementor-widget elementor-widget-text-editor\" data-id=\"e0d1ec0\" data-element_type=\"widget\" data-widget_type=\"text-editor.default\">\n\t\t\t\t<div class=\"elementor-widget-container\">\n\t\t\t\t\t\t\t<p><strong>T\u00edtulo<\/strong>: <a href=\"https:\/\/repositorio.ufsm.br\/bitstream\/handle\/1\/3644\/NOGUEIRA%2c%20HELENA%20MARIA%20CAMILO%20DE%20MORAES.pdf?sequence=1&amp;isAllowed=y\" target=\"_blank\" rel=\"noopener\">Viabilidade do cultivo da cana-de-a\u00e7\u00facar irrigada para a produ\u00e7\u00e3o de etanol<\/a><\/p><p><strong>Aluna<\/strong>: Helena Maria Camilo de Moraes Nogueira<\/p><p><strong>Professora Orientadora<\/strong>: Dr. Marcia Xavier Peiter<\/p>\t\t\t\t\t\t<\/div>\n\t\t\t\t<\/div>\n\t\t\t\t\t<\/div>\n\t\t<\/div>\n\t\t\t\t\t<\/div>\n\t\t<\/section>\n\t\t\t\t<section class=\"elementor-section elementor-top-section elementor-element elementor-element-ca4b20b elementor-section-boxed elementor-section-height-default elementor-section-height-default\" data-id=\"ca4b20b\" data-element_type=\"section\">\n\t\t\t\t\t\t<div class=\"elementor-container elementor-column-gap-default\">\n\t\t\t\t\t<div class=\"elementor-column elementor-col-100 elementor-top-column elementor-element elementor-element-090dc92\" data-id=\"090dc92\" data-element_type=\"column\">\n\t\t\t<div class=\"elementor-widget-wrap elementor-element-populated\">\n\t\t\t\t\t\t<div class=\"elementor-element elementor-element-dde43e8 elementor-widget elementor-widget-text-editor\" data-id=\"dde43e8\" data-element_type=\"widget\" data-widget_type=\"text-editor.default\">\n\t\t\t\t<div class=\"elementor-widget-container\">\n\t\t\t\t\t\t\t<p><strong>T\u00edtulo<\/strong>:\u00a0<a href=\"https:\/\/repositorio.ufsm.br\/bitstream\/handle\/1\/3641\/HORN%2c%20JOAO%20FRANCISCO%20CARLEXO.pdf?sequence=1&amp;isAllowed=y\" target=\"_blank\" rel=\"noopener\">Estimativa de vaz\u00e3o com dados escassos: novas hip\u00f3teses para o M\u00e9todo Silveira<\/a><\/p><p><strong>Aluno<\/strong>:\u00a0Jo\u00e3o Francisco Carlexo Horn<\/p><p><strong>Professor Orientador<\/strong>: Dr. Geraldo Lopes da Silveira<\/p>\t\t\t\t\t\t<\/div>\n\t\t\t\t<\/div>\n\t\t\t\t\t<\/div>\n\t\t<\/div>\n\t\t\t\t\t<\/div>\n\t\t<\/section>\n\t\t\t\t<section class=\"elementor-section elementor-top-section elementor-element elementor-element-904b7f7 elementor-section-boxed elementor-section-height-default elementor-section-height-default\" data-id=\"904b7f7\" data-element_type=\"section\">\n\t\t\t\t\t\t<div class=\"elementor-container elementor-column-gap-default\">\n\t\t\t\t\t<div class=\"elementor-column elementor-col-100 elementor-top-column elementor-element elementor-element-dcf4f26\" data-id=\"dcf4f26\" data-element_type=\"column\">\n\t\t\t<div class=\"elementor-widget-wrap elementor-element-populated\">\n\t\t\t\t\t\t<div class=\"elementor-element elementor-element-8d98a8a elementor-widget elementor-widget-text-editor\" data-id=\"8d98a8a\" data-element_type=\"widget\" data-widget_type=\"text-editor.default\">\n\t\t\t\t<div class=\"elementor-widget-container\">\n\t\t\t\t\t\t\t<p><strong>T\u00edtulo<\/strong>: <a href=\"https:\/\/repositorio.ufsm.br\/bitstream\/handle\/1\/3635\/CERA%2c%20JOSSANA%20CEOLIN.pdf?sequence=1&amp;isAllowed=y\" target=\"_blank\" rel=\"noopener\">Simula\u00e7\u00e3o do desenvolvimento, crescimento e produtividade de soja em condi\u00e7\u00f5es clim\u00e1ticas atuais e futuras para o Rio Grande do Sul<\/a><\/p><p><strong>Aluna<\/strong>: Jossana Ceolin Cera<\/p><p><strong>Professor Orientador<\/strong>: Dr. Nereu Augusto Streck<\/p>\t\t\t\t\t\t<\/div>\n\t\t\t\t<\/div>\n\t\t\t\t\t<\/div>\n\t\t<\/div>\n\t\t\t\t\t<\/div>\n\t\t<\/section>\n\t\t\t\t<section class=\"elementor-section elementor-top-section elementor-element elementor-element-191af19 elementor-section-boxed elementor-section-height-default elementor-section-height-default\" data-id=\"191af19\" data-element_type=\"section\">\n\t\t\t\t\t\t<div class=\"elementor-container elementor-column-gap-default\">\n\t\t\t\t\t<div class=\"elementor-column elementor-col-100 elementor-top-column elementor-element elementor-element-2bd4e27\" data-id=\"2bd4e27\" data-element_type=\"column\">\n\t\t\t<div class=\"elementor-widget-wrap elementor-element-populated\">\n\t\t\t\t\t\t<div class=\"elementor-element elementor-element-6411691 elementor-widget elementor-widget-text-editor\" data-id=\"6411691\" data-element_type=\"widget\" data-widget_type=\"text-editor.default\">\n\t\t\t\t<div class=\"elementor-widget-container\">\n\t\t\t\t\t\t\t<p><strong>T\u00edtulo<\/strong>: <a href=\"https:\/\/repositorio.ufsm.br\/bitstream\/handle\/1\/3637\/GIRARDI%2c%20LEONITA%20BEATRIZ.pdf?sequence=1&amp;isAllowed=y\" target=\"_blank\" rel=\"noopener\">Disponibilidade h\u00eddrica na produ\u00e7\u00e3o de Alstroemeria (<em>Alstroemeria x hybrida<\/em>)<\/a> em vasos<\/p><p><strong>Aluna<\/strong>: Leonita Beatriz Girardi<\/p><p><strong>Professora Orientadora<\/strong>: \u00a0Dr. Marcia Xavier Peiter<\/p>\t\t\t\t\t\t<\/div>\n\t\t\t\t<\/div>\n\t\t\t\t\t<\/div>\n\t\t<\/div>\n\t\t\t\t\t<\/div>\n\t\t<\/section>\n\t\t\t\t<section class=\"elementor-section elementor-top-section elementor-element elementor-element-f61903d elementor-section-boxed elementor-section-height-default elementor-section-height-default\" data-id=\"f61903d\" data-element_type=\"section\">\n\t\t\t\t\t\t<div class=\"elementor-container elementor-column-gap-default\">\n\t\t\t\t\t<div class=\"elementor-column elementor-col-100 elementor-top-column elementor-element elementor-element-ddffd6a\" data-id=\"ddffd6a\" data-element_type=\"column\">\n\t\t\t<div class=\"elementor-widget-wrap elementor-element-populated\">\n\t\t\t\t\t\t<div class=\"elementor-element elementor-element-428152a elementor-widget elementor-widget-text-editor\" data-id=\"428152a\" data-element_type=\"widget\" data-widget_type=\"text-editor.default\">\n\t\t\t\t<div class=\"elementor-widget-container\">\n\t\t\t\t\t\t\t<p><strong>T\u00edtulo<\/strong>: <a href=\"https:\/\/repositorio.ufsm.br\/bitstream\/handle\/1\/3636\/TIRONI%2c%20LUANA%20FERNANDES.pdf?sequence=1&amp;isAllowed=y\" target=\"_blank\" rel=\"noopener\">SIMANIHOT: Um modelo de simula\u00e7\u00e3o da cultura da mandioca e sua aplica\u00e7\u00e3o em clima futuro no Rio Grande do Sul<\/a><\/p><p><strong>Aluna<\/strong>: Luana Fernandes Tironi<\/p><p><strong>Professor Orientador<\/strong>: Dr. Nereu Augusto Streck<\/p>\t\t\t\t\t\t<\/div>\n\t\t\t\t<\/div>\n\t\t\t\t\t<\/div>\n\t\t<\/div>\n\t\t\t\t\t<\/div>\n\t\t<\/section>\n\t\t\t\t<section class=\"elementor-section elementor-top-section elementor-element elementor-element-301efb3 elementor-section-boxed elementor-section-height-default elementor-section-height-default\" data-id=\"301efb3\" data-element_type=\"section\">\n\t\t\t\t\t\t<div class=\"elementor-container elementor-column-gap-default\">\n\t\t\t\t\t<div class=\"elementor-column elementor-col-100 elementor-top-column elementor-element elementor-element-d64b77d\" data-id=\"d64b77d\" data-element_type=\"column\">\n\t\t\t<div class=\"elementor-widget-wrap elementor-element-populated\">\n\t\t\t\t\t\t<div class=\"elementor-element elementor-element-1dc4eab elementor-widget elementor-widget-text-editor\" data-id=\"1dc4eab\" data-element_type=\"widget\" data-widget_type=\"text-editor.default\">\n\t\t\t\t<div class=\"elementor-widget-container\">\n\t\t\t\t\t\t\t<p><strong>T\u00edtulo<\/strong>: <a href=\"https:\/\/repositorio.ufsm.br\/bitstream\/handle\/1\/3642\/FARIAS%2c%20MARCELO%20SILVEIRA%20DE.pdf?sequence=1&amp;isAllowed=y\" target=\"_blank\" rel=\"noopener\">Economia de combust\u00edvel de tratores agr\u00edcolas utilizando diferentes transmiss\u00f5es e estrat\u00e9gia de condu\u00e7\u00e3o<\/a><\/p><p><strong>Aluno<\/strong>: Marcelo Silveira de Farias<\/p><p><strong>Professor Orientador<\/strong>: Dr. Jos\u00e9 Fernando Schlosser<\/p>\t\t\t\t\t\t<\/div>\n\t\t\t\t<\/div>\n\t\t\t\t\t<\/div>\n\t\t<\/div>\n\t\t\t\t\t<\/div>\n\t\t<\/section>\n\t\t\t\t<section class=\"elementor-section elementor-top-section elementor-element elementor-element-f288573 elementor-section-boxed elementor-section-height-default elementor-section-height-default\" data-id=\"f288573\" data-element_type=\"section\">\n\t\t\t\t\t\t<div class=\"elementor-container elementor-column-gap-default\">\n\t\t\t\t\t<div class=\"elementor-column elementor-col-100 elementor-top-column elementor-element elementor-element-22c9e9a\" data-id=\"22c9e9a\" data-element_type=\"column\">\n\t\t\t<div class=\"elementor-widget-wrap elementor-element-populated\">\n\t\t\t\t\t\t<div class=\"elementor-element elementor-element-d792fb7 elementor-widget elementor-widget-text-editor\" data-id=\"d792fb7\" data-element_type=\"widget\" data-widget_type=\"text-editor.default\">\n\t\t\t\t<div class=\"elementor-widget-container\">\n\t\t\t\t\t\t\t<p><strong>T\u00edtulo<\/strong>: <a href=\"https:\/\/repositorio.ufsm.br\/bitstream\/handle\/1\/11391\/Rocha%2c%20Marta%20Rodrigues%20da.pdf?sequence=1&amp;isAllowed=y\" target=\"_blank\" rel=\"noopener\">Reten\u00e7\u00e3o e armazenamento da \u00e1gua da chuva na camada evaporativa do solo com e sem res\u00edduos vegetais<\/a><\/p><p><strong>Aluna<\/strong>: Marta Rodrigues da Rocha<\/p><p><strong>Professor Orientador<\/strong>: Dr. Reimar Carlesso<\/p>\t\t\t\t\t\t<\/div>\n\t\t\t\t<\/div>\n\t\t\t\t\t<\/div>\n\t\t<\/div>\n\t\t\t\t\t<\/div>\n\t\t<\/section>\n\t\t\t\t<section class=\"elementor-section elementor-top-section elementor-element elementor-element-9a81f96 elementor-section-boxed elementor-section-height-default elementor-section-height-default\" data-id=\"9a81f96\" data-element_type=\"section\">\n\t\t\t\t\t\t<div class=\"elementor-container elementor-column-gap-default\">\n\t\t\t\t\t<div class=\"elementor-column elementor-col-100 elementor-top-column elementor-element elementor-element-fcf562b\" data-id=\"fcf562b\" data-element_type=\"column\">\n\t\t\t<div class=\"elementor-widget-wrap elementor-element-populated\">\n\t\t\t\t\t\t<div class=\"elementor-element elementor-element-b371889 elementor-widget elementor-widget-text-editor\" data-id=\"b371889\" data-element_type=\"widget\" data-widget_type=\"text-editor.default\">\n\t\t\t\t<div class=\"elementor-widget-container\">\n\t\t\t\t\t\t\t<p><strong>T\u00edtulo<\/strong>: <a href=\"https:\/\/repositorio.ufsm.br\/bitstream\/handle\/1\/3640\/BELLE%2c%20MATEUS%20POTRICH.pdf?sequence=1&amp;isAllowed=y\" target=\"_blank\" rel=\"noopener\">Desenvolvimento e avalia\u00e7\u00e3o de mecanismo acondicionador de palha para descompacta\u00e7\u00e3o do solo em semeadura direta<\/a><\/p><p><strong>Alun<\/strong>o: Mateus Potrich Bell\u00e9<\/p><p><strong>Professor Orientador<\/strong>: Dr. Airton dos Santos Alon\u00e7o<\/p>\t\t\t\t\t\t<\/div>\n\t\t\t\t<\/div>\n\t\t\t\t\t<\/div>\n\t\t<\/div>\n\t\t\t\t\t<\/div>\n\t\t<\/section>\n\t\t\t\t<section class=\"elementor-section elementor-top-section elementor-element elementor-element-5f4961d elementor-section-boxed elementor-section-height-default elementor-section-height-default\" data-id=\"5f4961d\" data-element_type=\"section\">\n\t\t\t\t\t\t<div class=\"elementor-container elementor-column-gap-default\">\n\t\t\t\t\t<div class=\"elementor-column elementor-col-100 elementor-top-column elementor-element elementor-element-1b8e5a7\" data-id=\"1b8e5a7\" data-element_type=\"column\">\n\t\t\t<div class=\"elementor-widget-wrap elementor-element-populated\">\n\t\t\t\t\t\t<div class=\"elementor-element elementor-element-206fb79 elementor-widget elementor-widget-text-editor\" data-id=\"206fb79\" data-element_type=\"widget\" data-widget_type=\"text-editor.default\">\n\t\t\t\t<div class=\"elementor-widget-container\">\n\t\t\t\t\t\t\t<p><strong>T\u00edtulo<\/strong>: <a href=\"https:\/\/repositorio.ufsm.br\/bitstream\/handle\/1\/3643\/MICHEL%20JUNIOR%2c%20RAUL%20JOSE%20DOS%20SANTOS.pdf?sequence=1&amp;isAllowed=y\" target=\"_blank\" rel=\"noopener\">Viabilidade t\u00e9cnica da produ\u00e7\u00e3o de etanol a partir de farelo de arroz<\/a><\/p><p><strong>Aluno<\/strong>: Raul Jose dos Santos Michel Junior<\/p><p><strong>Professor Orientador<\/strong>: Dr. Marcio Antonio Mazutti<\/p>\t\t\t\t\t\t<\/div>\n\t\t\t\t<\/div>\n\t\t\t\t\t<\/div>\n\t\t<\/div>\n\t\t\t\t\t<\/div>\n\t\t<\/section>\n\t\t\t\t<section class=\"elementor-section elementor-top-section elementor-element elementor-element-df4bb20 elementor-section-boxed elementor-section-height-default elementor-section-height-default\" data-id=\"df4bb20\" data-element_type=\"section\">\n\t\t\t\t\t\t<div class=\"elementor-container elementor-column-gap-default\">\n\t\t\t\t\t<div class=\"elementor-column elementor-col-100 elementor-top-column elementor-element elementor-element-b577734\" data-id=\"b577734\" data-element_type=\"column\">\n\t\t\t<div class=\"elementor-widget-wrap elementor-element-populated\">\n\t\t\t\t\t\t<div class=\"elementor-element elementor-element-cf9e4f5 elementor-widget elementor-widget-text-editor\" data-id=\"cf9e4f5\" data-element_type=\"widget\" data-widget_type=\"text-editor.default\">\n\t\t\t\t<div class=\"elementor-widget-container\">\n\t\t\t\t\t\t\t<p><strong>T\u00edtulo<\/strong>: <a href=\"https:\/\/repositorio.ufsm.br\/bitstream\/handle\/1\/3639\/PADRON%2c%20RICHARD%20ALBERTO%20RODRIGUEZ.pdf?sequence=1&amp;isAllowed=y\" target=\"_blank\" rel=\"noopener\">Manejo da irriga\u00e7\u00e3o e efici\u00eancia do uso da \u00e1gua no cultivo do piment\u00e3o com e sem sombreamento<\/a><\/p><p><strong>Aluno<\/strong>: Richard Alberto Rodriguez Padr\u00f3n<\/p><p><strong>Professor Orientador<\/strong>: Dr. Alexandre Swarowsky<\/p>\t\t\t\t\t\t<\/div>\n\t\t\t\t<\/div>\n\t\t\t\t\t<\/div>\n\t\t<\/div>\n\t\t\t\t\t<\/div>\n\t\t<\/section>\n\t\t\t\t<\/div>\n\t\t","protected":false},"excerpt":{"rendered":"<p>T\u00edtulo: Otimiza\u00e7\u00e3o dos processos de calibra\u00e7\u00e3o e valida\u00e7\u00e3o do modelo CROPGRO-soybean Aluno: Cesar Augusto Jarutais Fensterseifer Professor Orientador: Dr. Nereu Augusto Streck T\u00edtulo: Local de aplica\u00e7\u00e3o do f\u00f3sforo, sistema radicular e produtividade da cultura da soja em plantio direto Aluno:\u00a0Fernando Dubou Hansel Professor Orientador: Dr. Telmo Jorge Carneiro Amado T\u00edtulo: Viabilidade do cultivo da cana-de-a\u00e7\u00facar [&hellip;]<\/p>\n","protected":false},"author":871,"featured_media":0,"parent":0,"menu_order":0,"comment_status":"closed","ping_status":"closed","template":"","meta":{"footnotes":""},"categories":[],"tags":[],"class_list":["post-584","page","type-page","status-publish","hentry"],"acf":[],"_links":{"self":[{"href":"https:\/\/www.ufsm.br\/cursos\/pos-graduacao\/santa-maria\/ppgea\/wp-json\/wp\/v2\/pages\/584","targetHints":{"allow":["GET"]}}],"collection":[{"href":"https:\/\/www.ufsm.br\/cursos\/pos-graduacao\/santa-maria\/ppgea\/wp-json\/wp\/v2\/pages"}],"about":[{"href":"https:\/\/www.ufsm.br\/cursos\/pos-graduacao\/santa-maria\/ppgea\/wp-json\/wp\/v2\/types\/page"}],"author":[{"embeddable":true,"href":"https:\/\/www.ufsm.br\/cursos\/pos-graduacao\/santa-maria\/ppgea\/wp-json\/wp\/v2\/users\/871"}],"replies":[{"embeddable":true,"href":"https:\/\/www.ufsm.br\/cursos\/pos-graduacao\/santa-maria\/ppgea\/wp-json\/wp\/v2\/comments?post=584"}],"version-history":[{"count":0,"href":"https:\/\/www.ufsm.br\/cursos\/pos-graduacao\/santa-maria\/ppgea\/wp-json\/wp\/v2\/pages\/584\/revisions"}],"wp:attachment":[{"href":"https:\/\/www.ufsm.br\/cursos\/pos-graduacao\/santa-maria\/ppgea\/wp-json\/wp\/v2\/media?parent=584"}],"wp:term":[{"taxonomy":"category","embeddable":true,"href":"https:\/\/www.ufsm.br\/cursos\/pos-graduacao\/santa-maria\/ppgea\/wp-json\/wp\/v2\/categories?post=584"},{"taxonomy":"post_tag","embeddable":true,"href":"https:\/\/www.ufsm.br\/cursos\/pos-graduacao\/santa-maria\/ppgea\/wp-json\/wp\/v2\/tags?post=584"}],"curies":[{"name":"wp","href":"https:\/\/api.w.org\/{rel}","templated":true}]}}