{"id":606,"date":"2019-11-28T13:28:39","date_gmt":"2019-11-28T16:28:39","guid":{"rendered":"https:\/\/www.ufsm.br\/cursos\/pos-graduacao\/santa-maria\/ppgea\/?page_id=606"},"modified":"2020-11-19T16:32:34","modified_gmt":"2020-11-19T19:32:34","slug":"teses-2009","status":"publish","type":"page","link":"https:\/\/www.ufsm.br\/cursos\/pos-graduacao\/santa-maria\/ppgea\/teses-2009","title":{"rendered":"Teses 2009"},"content":{"rendered":"\t\t<div data-elementor-type=\"wp-page\" data-elementor-id=\"606\" class=\"elementor elementor-606\">\n\t\t\t\t\t\t<section class=\"elementor-section elementor-top-section elementor-element elementor-element-80b2549 elementor-section-boxed elementor-section-height-default elementor-section-height-default\" data-id=\"80b2549\" data-element_type=\"section\">\n\t\t\t\t\t\t<div class=\"elementor-container elementor-column-gap-default\">\n\t\t\t\t\t<div class=\"elementor-column elementor-col-100 elementor-top-column elementor-element elementor-element-ac1a5d1\" data-id=\"ac1a5d1\" data-element_type=\"column\">\n\t\t\t<div class=\"elementor-widget-wrap elementor-element-populated\">\n\t\t\t\t\t\t<div class=\"elementor-element elementor-element-ec34098 elementor-widget elementor-widget-text-editor\" data-id=\"ec34098\" data-element_type=\"widget\" data-widget_type=\"text-editor.default\">\n\t\t\t\t<div class=\"elementor-widget-container\">\n\t\t\t\t\t\t\t<p><strong>T\u00edtulo<\/strong>: <a href=\"https:\/\/repositorio.ufsm.br\/bitstream\/handle\/1\/3573\/BRANDT%2c%20ANDRE%20ANIBAL.pdf?sequence=1&amp;isAllowed=y\" target=\"_blank\" rel=\"noopener\">Carregamento est\u00e1tico e din\u00e2mico e sua rela\u00e7\u00e3o com tens\u00e3o, deforma\u00e7\u00e3o e fluxos no solo<\/a><\/p><p><strong>Aluno<\/strong>: Andr\u00e9 Anibal Brandt<\/p><p><strong>Professor Orientador<\/strong>: Dr. Jos\u00e9 Miguel Reichert<\/p>\t\t\t\t\t\t<\/div>\n\t\t\t\t<\/div>\n\t\t\t\t\t<\/div>\n\t\t<\/div>\n\t\t\t\t\t<\/div>\n\t\t<\/section>\n\t\t\t\t<section class=\"elementor-section elementor-top-section elementor-element elementor-element-5291bc4 elementor-section-boxed elementor-section-height-default elementor-section-height-default\" data-id=\"5291bc4\" data-element_type=\"section\">\n\t\t\t\t\t\t<div class=\"elementor-container elementor-column-gap-default\">\n\t\t\t\t\t<div class=\"elementor-column elementor-col-100 elementor-top-column elementor-element elementor-element-8c3bc08\" data-id=\"8c3bc08\" data-element_type=\"column\">\n\t\t\t<div class=\"elementor-widget-wrap elementor-element-populated\">\n\t\t\t\t\t\t<div class=\"elementor-element elementor-element-69d4b16 elementor-widget elementor-widget-text-editor\" data-id=\"69d4b16\" data-element_type=\"widget\" data-widget_type=\"text-editor.default\">\n\t\t\t\t<div class=\"elementor-widget-container\">\n\t\t\t\t\t\t\t<p><strong>T\u00edtulo<\/strong>: <a href=\"https:\/\/repositorio.ufsm.br\/bitstream\/handle\/1\/3576\/ROSA%2c%20DAVID%20PERES%20DA.pdf?sequence=1&amp;isAllowed=y\" target=\"_blank\" rel=\"noopener\">Rela\u00e7\u00e3o solo-m\u00e1quina-planta num argissolo cultivado e sob campo nativo<\/a><\/p><p><strong>Aluno<\/strong>: David Peres da Rosa<\/p><p><strong>Professor Orientador<\/strong>: Dr. Jos\u00e9 Miguel Reichert<\/p>\t\t\t\t\t\t<\/div>\n\t\t\t\t<\/div>\n\t\t\t\t\t<\/div>\n\t\t<\/div>\n\t\t\t\t\t<\/div>\n\t\t<\/section>\n\t\t\t\t<section class=\"elementor-section elementor-top-section elementor-element elementor-element-a3b9520 elementor-section-boxed elementor-section-height-default elementor-section-height-default\" data-id=\"a3b9520\" data-element_type=\"section\">\n\t\t\t\t\t\t<div class=\"elementor-container elementor-column-gap-default\">\n\t\t\t\t\t<div class=\"elementor-column elementor-col-100 elementor-top-column elementor-element elementor-element-5df4f3f\" data-id=\"5df4f3f\" data-element_type=\"column\">\n\t\t\t<div class=\"elementor-widget-wrap elementor-element-populated\">\n\t\t\t\t\t\t<div class=\"elementor-element elementor-element-c5de927 elementor-widget elementor-widget-text-editor\" data-id=\"c5de927\" data-element_type=\"widget\" data-widget_type=\"text-editor.default\">\n\t\t\t\t<div class=\"elementor-widget-container\">\n\t\t\t\t\t\t\t<p><strong>T\u00edtulo<\/strong>: <a href=\"https:\/\/repositorio.ufsm.br\/bitstream\/handle\/1\/3579\/FEY%2c%20EMERSON.pdf?sequence=1&amp;isAllowed=y\" target=\"_blank\" rel=\"noopener\">Aperfei\u00e7oamento de um mecanismo sulcador para plantio direto de mandioca<\/a><\/p><p><strong>Aluno<\/strong>: Emerson Fey<\/p><p><strong>Professor Orientador<\/strong>: Dr. Arno Udo Dallmeyer<\/p>\t\t\t\t\t\t<\/div>\n\t\t\t\t<\/div>\n\t\t\t\t\t<\/div>\n\t\t<\/div>\n\t\t\t\t\t<\/div>\n\t\t<\/section>\n\t\t\t\t<section class=\"elementor-section elementor-top-section elementor-element elementor-element-b18b95b elementor-section-boxed elementor-section-height-default elementor-section-height-default\" data-id=\"b18b95b\" data-element_type=\"section\">\n\t\t\t\t\t\t<div class=\"elementor-container elementor-column-gap-default\">\n\t\t\t\t\t<div class=\"elementor-column elementor-col-100 elementor-top-column elementor-element elementor-element-858f02e\" data-id=\"858f02e\" data-element_type=\"column\">\n\t\t\t<div class=\"elementor-widget-wrap elementor-element-populated\">\n\t\t\t\t\t\t<div class=\"elementor-element elementor-element-b198f30 elementor-widget elementor-widget-text-editor\" data-id=\"b198f30\" data-element_type=\"widget\" data-widget_type=\"text-editor.default\">\n\t\t\t\t<div class=\"elementor-widget-container\">\n\t\t\t\t\t\t\t<p><strong>T\u00edtulo<\/strong>: <a href=\"https:\/\/repositorio.ufsm.br\/bitstream\/handle\/1\/3577\/LANZANOVA%2c%20MASTRANGELLO%20ENIVAR.pdf?sequence=1&amp;isAllowed=y\" target=\"_blank\" rel=\"noopener\">Sistemas de culturas em plantio direto adaptados a pequena propriedade relacionados com a eros\u00e3o e atributos de um argissolo vermelho<\/a><\/p><p><strong>Aluno<\/strong>: Mastr\u00e2ngello En\u00edvar Lanzanova<\/p><p><strong>Professor Orientador<\/strong>: Dr. Fl\u00e1vio Luiz Foletto Eltz<\/p>\t\t\t\t\t\t<\/div>\n\t\t\t\t<\/div>\n\t\t\t\t\t<\/div>\n\t\t<\/div>\n\t\t\t\t\t<\/div>\n\t\t<\/section>\n\t\t\t\t<section class=\"elementor-section elementor-top-section elementor-element elementor-element-ef7c4be elementor-section-boxed elementor-section-height-default elementor-section-height-default\" data-id=\"ef7c4be\" data-element_type=\"section\">\n\t\t\t\t\t\t<div class=\"elementor-container elementor-column-gap-default\">\n\t\t\t\t\t<div class=\"elementor-column elementor-col-100 elementor-top-column elementor-element elementor-element-80a02cf\" data-id=\"80a02cf\" data-element_type=\"column\">\n\t\t\t<div class=\"elementor-widget-wrap elementor-element-populated\">\n\t\t\t\t\t\t<div class=\"elementor-element elementor-element-f1e4ed3 elementor-widget elementor-widget-text-editor\" data-id=\"f1e4ed3\" data-element_type=\"widget\" data-widget_type=\"text-editor.default\">\n\t\t\t\t<div class=\"elementor-widget-container\">\n\t\t\t\t\t\t\t<p><strong>T\u00edtulo<\/strong>: Evapor\u00edmetro automatizado para manejo da irriga\u00e7\u00e3o: aquisi\u00e7\u00e3o de dados e transmiss\u00e3o em tempo real<\/p><p><strong>Aluno<\/strong>: Paulo Roberto da Costa<\/p><p><strong>Professor Orientador<\/strong>: Dr. Adroaldo Dias Robaina<\/p>\t\t\t\t\t\t<\/div>\n\t\t\t\t<\/div>\n\t\t\t\t\t<\/div>\n\t\t<\/div>\n\t\t\t\t\t<\/div>\n\t\t<\/section>\n\t\t\t\t<section class=\"elementor-section elementor-top-section elementor-element elementor-element-1798f58 elementor-section-boxed elementor-section-height-default elementor-section-height-default\" data-id=\"1798f58\" data-element_type=\"section\">\n\t\t\t\t\t\t<div class=\"elementor-container elementor-column-gap-default\">\n\t\t\t\t\t<div class=\"elementor-column elementor-col-100 elementor-top-column elementor-element elementor-element-1d5f34d\" data-id=\"1d5f34d\" data-element_type=\"column\">\n\t\t\t<div class=\"elementor-widget-wrap elementor-element-populated\">\n\t\t\t\t\t\t<div class=\"elementor-element elementor-element-0c90620 elementor-widget elementor-widget-text-editor\" data-id=\"0c90620\" data-element_type=\"widget\" data-widget_type=\"text-editor.default\">\n\t\t\t\t<div class=\"elementor-widget-container\">\n\t\t\t\t\t\t\t<p><strong>T\u00edtulo<\/strong>: <a href=\"https:\/\/repositorio.ufsm.br\/bitstream\/handle\/1\/3574\/NICOLOSO%2c%20RODRIGO%20DA%20SILVEIRA.pdf?sequence=1&amp;isAllowed=y\" target=\"_blank\" rel=\"noopener\">Estoques e mecanismos de estabiliza\u00e7\u00e3o do carbono org\u00e2nico do solo em agroecossistemas de clima temperado e sub-tropical<\/a><\/p><p><strong>Aluno<\/strong>: Rodrigo da Silveira Nicoloso<\/p><p><strong>Professor Orientador<\/strong>: Dr. Telmo Jorge Carneiro Amado<\/p>\t\t\t\t\t\t<\/div>\n\t\t\t\t<\/div>\n\t\t\t\t\t<\/div>\n\t\t<\/div>\n\t\t\t\t\t<\/div>\n\t\t<\/section>\n\t\t\t\t<\/div>\n\t\t","protected":false},"excerpt":{"rendered":"<p>T\u00edtulo: Carregamento est\u00e1tico e din\u00e2mico e sua rela\u00e7\u00e3o com tens\u00e3o, deforma\u00e7\u00e3o e fluxos no solo Aluno: Andr\u00e9 Anibal Brandt Professor Orientador: Dr. Jos\u00e9 Miguel Reichert T\u00edtulo: Rela\u00e7\u00e3o solo-m\u00e1quina-planta num argissolo cultivado e sob campo nativo Aluno: David Peres da Rosa Professor Orientador: Dr. Jos\u00e9 Miguel Reichert T\u00edtulo: Aperfei\u00e7oamento de um mecanismo sulcador para plantio direto [&hellip;]<\/p>\n","protected":false},"author":871,"featured_media":0,"parent":0,"menu_order":0,"comment_status":"closed","ping_status":"closed","template":"","meta":{"footnotes":""},"categories":[],"tags":[],"class_list":["post-606","page","type-page","status-publish","hentry"],"acf":[],"_links":{"self":[{"href":"https:\/\/www.ufsm.br\/cursos\/pos-graduacao\/santa-maria\/ppgea\/wp-json\/wp\/v2\/pages\/606","targetHints":{"allow":["GET"]}}],"collection":[{"href":"https:\/\/www.ufsm.br\/cursos\/pos-graduacao\/santa-maria\/ppgea\/wp-json\/wp\/v2\/pages"}],"about":[{"href":"https:\/\/www.ufsm.br\/cursos\/pos-graduacao\/santa-maria\/ppgea\/wp-json\/wp\/v2\/types\/page"}],"author":[{"embeddable":true,"href":"https:\/\/www.ufsm.br\/cursos\/pos-graduacao\/santa-maria\/ppgea\/wp-json\/wp\/v2\/users\/871"}],"replies":[{"embeddable":true,"href":"https:\/\/www.ufsm.br\/cursos\/pos-graduacao\/santa-maria\/ppgea\/wp-json\/wp\/v2\/comments?post=606"}],"version-history":[{"count":0,"href":"https:\/\/www.ufsm.br\/cursos\/pos-graduacao\/santa-maria\/ppgea\/wp-json\/wp\/v2\/pages\/606\/revisions"}],"wp:attachment":[{"href":"https:\/\/www.ufsm.br\/cursos\/pos-graduacao\/santa-maria\/ppgea\/wp-json\/wp\/v2\/media?parent=606"}],"wp:term":[{"taxonomy":"category","embeddable":true,"href":"https:\/\/www.ufsm.br\/cursos\/pos-graduacao\/santa-maria\/ppgea\/wp-json\/wp\/v2\/categories?post=606"},{"taxonomy":"post_tag","embeddable":true,"href":"https:\/\/www.ufsm.br\/cursos\/pos-graduacao\/santa-maria\/ppgea\/wp-json\/wp\/v2\/tags?post=606"}],"curies":[{"name":"wp","href":"https:\/\/api.w.org\/{rel}","templated":true}]}}