{"id":733,"date":"2020-11-20T13:46:27","date_gmt":"2020-11-20T16:46:27","guid":{"rendered":"https:\/\/www.ufsm.br\/cursos\/pos-graduacao\/santa-maria\/ppgea\/?page_id=733"},"modified":"2020-11-25T14:40:27","modified_gmt":"2020-11-25T17:40:27","slug":"dissertacoes-2016","status":"publish","type":"page","link":"https:\/\/www.ufsm.br\/cursos\/pos-graduacao\/santa-maria\/ppgea\/dissertacoes-2016","title":{"rendered":"Disserta\u00e7\u00f5es 2016"},"content":{"rendered":"\t\t<div data-elementor-type=\"wp-page\" data-elementor-id=\"733\" class=\"elementor elementor-733\">\n\t\t\t\t\t\t<section class=\"elementor-section elementor-top-section elementor-element elementor-element-07604ca elementor-section-boxed elementor-section-height-default elementor-section-height-default\" data-id=\"07604ca\" data-element_type=\"section\">\n\t\t\t\t\t\t<div class=\"elementor-container elementor-column-gap-default\">\n\t\t\t\t\t<div class=\"elementor-column elementor-col-100 elementor-top-column elementor-element elementor-element-77ea3ad\" data-id=\"77ea3ad\" data-element_type=\"column\">\n\t\t\t<div class=\"elementor-widget-wrap elementor-element-populated\">\n\t\t\t\t\t\t<div class=\"elementor-element elementor-element-a68ca5a elementor-widget elementor-widget-text-editor\" data-id=\"a68ca5a\" data-element_type=\"widget\" data-widget_type=\"text-editor.default\">\n\t\t\t\t<div class=\"elementor-widget-container\">\n\t\t\t\t\t\t\t<p><strong>T\u00edtulo<\/strong>: <a href=\"https:\/\/repositorio.ufsm.br\/bitstream\/handle\/1\/7628\/PANZIERA%2c%20ANDRE%20GONCALVES.pdf?sequence=1&amp;isAllowed=y\" target=\"_blank\" rel=\"noopener\"><span style=\"color: #000000;font-family: georgia, palatino, serif;font-size: 12pt\">Influ\u00eancia do relevo e de diferentes usos sob atributos f\u00edsico-h\u00eddricos em latossolo<\/span><\/a><\/p><p><strong>Aluno<\/strong>: <span style=\"font-family: Georgia, serif\"><span style=\"font-size: medium\"><span style=\"color: #000000\">Andr\u00e9 Gon\u00e7alves Panziera<\/span> <\/span><\/span><\/p><p><strong>Professor Orientador<\/strong>: Dr. Alexandre Swarowsky<\/p>\t\t\t\t\t\t<\/div>\n\t\t\t\t<\/div>\n\t\t\t\t\t<\/div>\n\t\t<\/div>\n\t\t\t\t\t<\/div>\n\t\t<\/section>\n\t\t\t\t<section class=\"elementor-section elementor-top-section elementor-element elementor-element-6a96f1c elementor-section-boxed elementor-section-height-default elementor-section-height-default\" data-id=\"6a96f1c\" data-element_type=\"section\">\n\t\t\t\t\t\t<div class=\"elementor-container elementor-column-gap-default\">\n\t\t\t\t\t<div class=\"elementor-column elementor-col-100 elementor-top-column elementor-element elementor-element-8943f91\" data-id=\"8943f91\" data-element_type=\"column\">\n\t\t\t<div class=\"elementor-widget-wrap elementor-element-populated\">\n\t\t\t\t\t\t<div class=\"elementor-element elementor-element-1ef8f9f elementor-widget elementor-widget-text-editor\" data-id=\"1ef8f9f\" data-element_type=\"widget\" data-widget_type=\"text-editor.default\">\n\t\t\t\t<div class=\"elementor-widget-container\">\n\t\t\t\t\t\t\t<p><strong>T\u00edtulo<\/strong>: <a href=\"https:\/\/repositorio.ufsm.br\/bitstream\/handle\/1\/18036\/DIS_PPGEA_2016_BASTOS%20BRUNA.pdf?sequence=1&amp;isAllowed=y\" target=\"_blank\" rel=\"noopener\"><span style=\"font-family: georgia, palatino, serif;font-size: 12pt\"><span style=\"color: #000000\">Produ\u00e7\u00e3o e formula\u00e7\u00e3o de herbicida por fermenta\u00e7\u00e3o em estado s\u00f3lido utilizando o fungo Diaporthe sp.<\/span> <\/span><\/a><\/p><p><strong>Aluna<\/strong>: <span style=\"font-family: georgia, palatino, serif;font-size: 12pt\"><span style=\"color: #000000\">Bruna <\/span><span style=\"color: #000000\">d<\/span><span style=\"color: #000000\">e Oliveira Bastos<\/span> <\/span><\/p><p><strong>Professor Orientador<\/strong>: Dr. Marcio Antonio Mazutti<\/p>\t\t\t\t\t\t<\/div>\n\t\t\t\t<\/div>\n\t\t\t\t\t<\/div>\n\t\t<\/div>\n\t\t\t\t\t<\/div>\n\t\t<\/section>\n\t\t\t\t<section class=\"elementor-section elementor-top-section elementor-element elementor-element-9bb7dc1 elementor-section-boxed elementor-section-height-default elementor-section-height-default\" data-id=\"9bb7dc1\" data-element_type=\"section\">\n\t\t\t\t\t\t<div class=\"elementor-container elementor-column-gap-default\">\n\t\t\t\t\t<div class=\"elementor-column elementor-col-100 elementor-top-column elementor-element elementor-element-f3c96e1\" data-id=\"f3c96e1\" data-element_type=\"column\">\n\t\t\t<div class=\"elementor-widget-wrap elementor-element-populated\">\n\t\t\t\t\t\t<div class=\"elementor-element elementor-element-167b70f elementor-widget elementor-widget-text-editor\" data-id=\"167b70f\" data-element_type=\"widget\" data-widget_type=\"text-editor.default\">\n\t\t\t\t<div class=\"elementor-widget-container\">\n\t\t\t\t\t\t\t<p><strong>T\u00edtulo<\/strong>: <a href=\"https:\/\/repositorio.ufsm.br\/bitstream\/handle\/1\/11371\/Concei%c3%a7%c3%a3o%2c%20Chaiane%20Guerra%20da.pdf?sequence=1&amp;isAllowed=y\" target=\"_blank\" rel=\"noopener\"><span style=\"font-family: Georgia, serif\"><span style=\"font-size: medium\"><span style=\"color: #000000\">An\u00e1lise do crescimento e produtividade econ\u00f4mica do feijoeiro irrigado na <\/span><span style=\"color: #000000\">R<\/span><span style=\"color: #000000\">egi\u00e3o de Alegrete, RS<\/span> <\/span><\/span><\/a><\/p><p><strong>Aluna<\/strong>: <span style=\"font-family: Georgia, serif\"><span style=\"font-size: medium\"><span style=\"color: #000000\">Chaiane Guerra <\/span><span style=\"color: #000000\">d<\/span><span style=\"color: #000000\">a Concei<\/span><span style=\"color: #000000\">\u00e7\u00e3<\/span><span style=\"color: #000000\">o<\/span> <\/span><\/span><\/p><p><strong>Professor Orientador<\/strong>: Dr. Adroaldo Dias Robaina<\/p>\t\t\t\t\t\t<\/div>\n\t\t\t\t<\/div>\n\t\t\t\t\t<\/div>\n\t\t<\/div>\n\t\t\t\t\t<\/div>\n\t\t<\/section>\n\t\t\t\t<section class=\"elementor-section elementor-top-section elementor-element elementor-element-77de08e elementor-section-boxed elementor-section-height-default elementor-section-height-default\" data-id=\"77de08e\" data-element_type=\"section\">\n\t\t\t\t\t\t<div class=\"elementor-container elementor-column-gap-default\">\n\t\t\t\t\t<div class=\"elementor-column elementor-col-100 elementor-top-column elementor-element elementor-element-29e383a\" data-id=\"29e383a\" data-element_type=\"column\">\n\t\t\t<div class=\"elementor-widget-wrap elementor-element-populated\">\n\t\t\t\t\t\t<div class=\"elementor-element elementor-element-87273db elementor-widget elementor-widget-text-editor\" data-id=\"87273db\" data-element_type=\"widget\" data-widget_type=\"text-editor.default\">\n\t\t\t\t<div class=\"elementor-widget-container\">\n\t\t\t\t\t\t\t<p><strong>T\u00edtulo<\/strong>: <a href=\"https:\/\/repositorio.ufsm.br\/bitstream\/handle\/1\/7624\/GOLLO%2c%20ELISA%20DE%20ALMEIDA.pdf?sequence=1&amp;isAllowed=y\" target=\"_blank\" rel=\"noopener\"><span style=\"font-family: Georgia, serif\"><span style=\"font-size: medium\"><span style=\"color: #000000\">Sistemas de implanta\u00e7\u00e3o e irriga\u00e7\u00e3o por superf\u00edcie para o cultivo de milho em \u00e1reas de arroz irrigad<\/span><span style=\"color: #000000\">o<\/span> <\/span><\/span><\/a><\/p><p><strong>Aluna<\/strong>: <span style=\"font-family: Georgia, serif\"><span style=\"font-size: medium\"><span style=\"color: #000000\">Elisa <\/span><span style=\"color: #000000\">d<\/span><span style=\"color: #000000\">e Almeida Gollo<\/span> <\/span><\/span><\/p><p><strong>Professor Orientador<\/strong>: Dr. Adroaldo Dias Robaina<\/p>\t\t\t\t\t\t<\/div>\n\t\t\t\t<\/div>\n\t\t\t\t\t<\/div>\n\t\t<\/div>\n\t\t\t\t\t<\/div>\n\t\t<\/section>\n\t\t\t\t<section class=\"elementor-section elementor-top-section elementor-element elementor-element-a497014 elementor-section-boxed elementor-section-height-default elementor-section-height-default\" data-id=\"a497014\" data-element_type=\"section\">\n\t\t\t\t\t\t<div class=\"elementor-container elementor-column-gap-default\">\n\t\t\t\t\t<div class=\"elementor-column elementor-col-100 elementor-top-column elementor-element elementor-element-9da6fbd\" data-id=\"9da6fbd\" data-element_type=\"column\">\n\t\t\t<div class=\"elementor-widget-wrap elementor-element-populated\">\n\t\t\t\t\t\t<div class=\"elementor-element elementor-element-32dfec1 elementor-widget elementor-widget-text-editor\" data-id=\"32dfec1\" data-element_type=\"widget\" data-widget_type=\"text-editor.default\">\n\t\t\t\t<div class=\"elementor-widget-container\">\n\t\t\t\t\t\t\t<p><strong>T\u00edtulo<\/strong>: <a href=\"https:\/\/repositorio.ufsm.br\/bitstream\/handle\/1\/7623\/RIBAS%2c%20GIOVANA%20GHISLENI.pdf?sequence=1&amp;isAllowed=y\" target=\"_blank\" rel=\"noopener\"><span style=\"font-family: Georgia, serif\"><span style=\"font-size: medium\"><span style=\"color: #000000\">Melhora na simula\u00e7\u00e3o da produtividade de arroz no Rio Grande <\/span><span style=\"color: #000000\">d<\/span><span style=\"color: #000000\">o Sul pela introdu\u00e7\u00e3o de arroz h\u00edbrido no modelo Simularroz<\/span><\/span><\/span><\/a><\/p><p><strong>Aluna<\/strong>: <span style=\"font-family: Georgia, serif\"><span style=\"font-size: medium\"><span style=\"color: #000000\">Giovana Ghisleni Ribas<\/span> <\/span><\/span><\/p><p><strong>Professor Orientador<\/strong>: Dr. Nereu Augusto Streck<\/p>\t\t\t\t\t\t<\/div>\n\t\t\t\t<\/div>\n\t\t\t\t\t<\/div>\n\t\t<\/div>\n\t\t\t\t\t<\/div>\n\t\t<\/section>\n\t\t\t\t<section class=\"elementor-section elementor-top-section elementor-element elementor-element-965dabd elementor-section-boxed elementor-section-height-default elementor-section-height-default\" data-id=\"965dabd\" data-element_type=\"section\">\n\t\t\t\t\t\t<div class=\"elementor-container elementor-column-gap-default\">\n\t\t\t\t\t<div class=\"elementor-column elementor-col-100 elementor-top-column elementor-element elementor-element-8a638bb\" data-id=\"8a638bb\" data-element_type=\"column\">\n\t\t\t<div class=\"elementor-widget-wrap elementor-element-populated\">\n\t\t\t\t\t\t<div class=\"elementor-element elementor-element-8bbac52 elementor-widget elementor-widget-text-editor\" data-id=\"8bbac52\" data-element_type=\"widget\" data-widget_type=\"text-editor.default\">\n\t\t\t\t<div class=\"elementor-widget-container\">\n\t\t\t\t\t\t\t<p><strong>T\u00edtulo<\/strong>: <a href=\"https:\/\/repositorio.ufsm.br\/bitstream\/handle\/1\/17369\/DIS_PPGEA_2016_DAUALA_GONCALVES.pdf?sequence=1&amp;isAllowed=y\" target=\"_blank\" rel=\"noopener\"><span style=\"font-family: Georgia, serif\"><span style=\"font-size: medium\"><span style=\"color: #000000\">L\u00e2minas de irriga\u00e7\u00e3o no desenvolvimento e produ\u00e7\u00e3o do feij\u00e3o-caupi na Regi\u00e3o Central <\/span><span style=\"color: #000000\">d<\/span><span style=\"color: #000000\">o Rio Grande <\/span><span style=\"color: #000000\">d<\/span><span style=\"color: #000000\">o Sul, Brasil<\/span><\/span><\/span><\/a><\/p><p><strong>Aluno<\/strong>: <span style=\"font-family: Georgia, serif\"><span style=\"font-size: medium\"><span style=\"color: #000000\">Gon<\/span><span style=\"color: #000000\">\u00e7<\/span><span style=\"color: #000000\">alves Albino Dauala<\/span><\/span><\/span><\/p><p><strong>Professor Orientador<\/strong>: Dr. Alexandre Swarowsky<\/p>\t\t\t\t\t\t<\/div>\n\t\t\t\t<\/div>\n\t\t\t\t\t<\/div>\n\t\t<\/div>\n\t\t\t\t\t<\/div>\n\t\t<\/section>\n\t\t\t\t<section class=\"elementor-section elementor-top-section elementor-element elementor-element-bc15e62 elementor-section-boxed elementor-section-height-default elementor-section-height-default\" data-id=\"bc15e62\" data-element_type=\"section\">\n\t\t\t\t\t\t<div class=\"elementor-container elementor-column-gap-default\">\n\t\t\t\t\t<div class=\"elementor-column elementor-col-100 elementor-top-column elementor-element elementor-element-d7cfc6a\" data-id=\"d7cfc6a\" data-element_type=\"column\">\n\t\t\t<div class=\"elementor-widget-wrap elementor-element-populated\">\n\t\t\t\t\t\t<div class=\"elementor-element elementor-element-4e9f7c4 elementor-widget elementor-widget-text-editor\" data-id=\"4e9f7c4\" data-element_type=\"widget\" data-widget_type=\"text-editor.default\">\n\t\t\t\t<div class=\"elementor-widget-container\">\n\t\t\t\t\t\t\t<p><strong>T\u00edtulo<\/strong>: <a href=\"https:\/\/repositorio.ufsm.br\/bitstream\/handle\/1\/7616\/KIRCHNER%2c%20JARDEL%20HENRIQUE.pdf?sequence=1&amp;isAllowed=y\" target=\"_blank\" rel=\"noopener\"><span style=\"font-family: Georgia, serif\"><span style=\"font-size: medium\"><span style=\"color: #000000\">Influ\u00eancia de diferentes l\u00e2minas de irriga\u00e7\u00e3o na produ\u00e7\u00e3o de sorgo forrageiro<\/span><\/span><\/span><\/a><\/p><p><strong>Aluno<\/strong>: <span style=\"font-family: Georgia, serif\"><span style=\"font-size: medium\"><span style=\"color: #000000\">Jardel Henrique Kirchner<\/span><\/span><\/span><\/p><p><strong>Professor Orientador<\/strong>: Dr. Adroaldo Dias Robaina<\/p>\t\t\t\t\t\t<\/div>\n\t\t\t\t<\/div>\n\t\t\t\t\t<\/div>\n\t\t<\/div>\n\t\t\t\t\t<\/div>\n\t\t<\/section>\n\t\t\t\t<section class=\"elementor-section elementor-top-section elementor-element elementor-element-bc74aaf elementor-section-boxed elementor-section-height-default elementor-section-height-default\" data-id=\"bc74aaf\" data-element_type=\"section\">\n\t\t\t\t\t\t<div class=\"elementor-container elementor-column-gap-default\">\n\t\t\t\t\t<div class=\"elementor-column elementor-col-100 elementor-top-column elementor-element elementor-element-54d1b03\" data-id=\"54d1b03\" data-element_type=\"column\">\n\t\t\t<div class=\"elementor-widget-wrap elementor-element-populated\">\n\t\t\t\t\t\t<div class=\"elementor-element elementor-element-65ab3f1 elementor-widget elementor-widget-text-editor\" data-id=\"65ab3f1\" data-element_type=\"widget\" data-widget_type=\"text-editor.default\">\n\t\t\t\t<div class=\"elementor-widget-container\">\n\t\t\t\t\t\t\t<p><strong>T\u00edtulo<\/strong>: <a href=\"https:\/\/repositorio.ufsm.br\/bitstream\/handle\/1\/7625\/DAHMER%2c%20JONES.pdf?sequence=1&amp;isAllowed=y\" target=\"_blank\" rel=\"noopener\"><span style=\"font-family: Georgia, serif\"><span style=\"font-size: medium\"><span style=\"color: #000000\">Influ\u00eancia da densidade e espa\u00e7amento em duas cultivares de soja no manejo de Phakopsora pachyrhizi<\/span> <\/span><\/span><\/a><\/p><p><strong>Aluno<\/strong>: <span style=\"font-family: Georgia, serif\"><span style=\"font-size: medium\"><span style=\"color: #000000\">Jonas Dahmer<\/span><\/span><\/span><\/p><p><strong>Professor Orientador<\/strong>: Dr. Ricardo Silveiro Balardin<\/p>\t\t\t\t\t\t<\/div>\n\t\t\t\t<\/div>\n\t\t\t\t\t<\/div>\n\t\t<\/div>\n\t\t\t\t\t<\/div>\n\t\t<\/section>\n\t\t\t\t<section class=\"elementor-section elementor-top-section elementor-element elementor-element-43b137f elementor-section-boxed elementor-section-height-default elementor-section-height-default\" data-id=\"43b137f\" data-element_type=\"section\">\n\t\t\t\t\t\t<div class=\"elementor-container elementor-column-gap-default\">\n\t\t\t\t\t<div class=\"elementor-column elementor-col-100 elementor-top-column elementor-element elementor-element-bcc59ff\" data-id=\"bcc59ff\" data-element_type=\"column\">\n\t\t\t<div class=\"elementor-widget-wrap elementor-element-populated\">\n\t\t\t\t\t\t<div class=\"elementor-element elementor-element-8a22dee elementor-widget elementor-widget-text-editor\" data-id=\"8a22dee\" data-element_type=\"widget\" data-widget_type=\"text-editor.default\">\n\t\t\t\t<div class=\"elementor-widget-container\">\n\t\t\t\t\t\t\t<p><strong>T\u00edtulo<\/strong>: <a href=\"https:\/\/repositorio.ufsm.br\/bitstream\/handle\/1\/17616\/DIS_PPGEA_2016_CURIOLETTI_LUIS.pdf?sequence=1&amp;isAllowed=y\" target=\"_blank\" rel=\"noopener\"><span style=\"font-family: Georgia, serif\"><span style=\"font-size: medium\"><span style=\"color: #000000\">O<\/span><span style=\"color: #000000\">corr\u00eancia, distribui\u00e7\u00e3o espacial e m\u00e9todos de controle de Melanagromyza sojae, em soja<\/span><\/span><\/span><\/a><\/p><p><strong>Aluno<\/strong>: <span style=\"font-family: Georgia, serif\"><span style=\"font-size: medium\"><span style=\"color: #000000\">Luis Eduardo Curioletti<\/span><\/span><\/span><\/p><p><strong>Professor Orientador<\/strong>: Dr. Jerson V. Car\u00fas Guedes<\/p>\t\t\t\t\t\t<\/div>\n\t\t\t\t<\/div>\n\t\t\t\t\t<\/div>\n\t\t<\/div>\n\t\t\t\t\t<\/div>\n\t\t<\/section>\n\t\t\t\t<section class=\"elementor-section elementor-top-section elementor-element elementor-element-76b9bd1 elementor-section-boxed elementor-section-height-default elementor-section-height-default\" data-id=\"76b9bd1\" data-element_type=\"section\">\n\t\t\t\t\t\t<div class=\"elementor-container elementor-column-gap-default\">\n\t\t\t\t\t<div class=\"elementor-column elementor-col-100 elementor-top-column elementor-element elementor-element-6781ffa\" data-id=\"6781ffa\" data-element_type=\"column\">\n\t\t\t<div class=\"elementor-widget-wrap elementor-element-populated\">\n\t\t\t\t\t\t<div class=\"elementor-element elementor-element-7978b0d elementor-widget elementor-widget-text-editor\" data-id=\"7978b0d\" data-element_type=\"widget\" data-widget_type=\"text-editor.default\">\n\t\t\t\t<div class=\"elementor-widget-container\">\n\t\t\t\t\t\t\t<p><strong>T\u00edtulo<\/strong>: <a href=\"https:\/\/repositorio.ufsm.br\/bitstream\/handle\/1\/18175\/DIS_PPGEA_2016_STEFANELLO_MAUREEN.pdf?sequence=1&amp;isAllowed=y\" target=\"_blank\" rel=\"noopener\"><span style=\"font-family: Georgia, serif\"><span style=\"font-size: medium\"><span style=\"color: #000000\">Influ\u00eancia da pecu\u00e1ria bovina nos mecanismos de regenera\u00e7\u00e3o da Floresta Estacional Decidual, Rio Grande do Sul, Brasil<\/span> <\/span><\/span><\/a><\/p><p><strong>Aluna<\/strong>: <span style=\"font-family: Georgia, serif\"><span style=\"font-size: medium\"><span style=\"color: #000000\">Maureen <\/span><span style=\"color: #000000\">d<\/span><span style=\"color: #000000\">e Moraes Stefanello<\/span><\/span><\/span><\/p><p><strong>Professora Orientadora<\/strong>: Dr.\u00aa Ana Paula Moreira Rovedder<\/p>\t\t\t\t\t\t<\/div>\n\t\t\t\t<\/div>\n\t\t\t\t\t<\/div>\n\t\t<\/div>\n\t\t\t\t\t<\/div>\n\t\t<\/section>\n\t\t\t\t<section class=\"elementor-section elementor-top-section elementor-element elementor-element-7bb8c35 elementor-section-boxed elementor-section-height-default elementor-section-height-default\" data-id=\"7bb8c35\" data-element_type=\"section\">\n\t\t\t\t\t\t<div class=\"elementor-container elementor-column-gap-default\">\n\t\t\t\t\t<div class=\"elementor-column elementor-col-100 elementor-top-column elementor-element elementor-element-fceaf39\" data-id=\"fceaf39\" data-element_type=\"column\">\n\t\t\t<div class=\"elementor-widget-wrap elementor-element-populated\">\n\t\t\t\t\t\t<div class=\"elementor-element elementor-element-23fb314 elementor-widget elementor-widget-text-editor\" data-id=\"23fb314\" data-element_type=\"widget\" data-widget_type=\"text-editor.default\">\n\t\t\t\t<div class=\"elementor-widget-container\">\n\t\t\t\t\t\t\t<p><strong>T\u00edtulo<\/strong>: <a href=\"https:\/\/repositorio.ufsm.br\/bitstream\/handle\/1\/7627\/SCHWALBERT%2c%20RAI%20AUGUSTO.pdf?sequence=1&amp;isAllowed=y\" target=\"_blank\" rel=\"noopener\"><span style=\"font-family: Georgia, serif\"><span style=\"font-size: medium\"><span style=\"color: #000000\">Fertiliza\u00e7\u00e3o \u00e0 taxa vari\u00e1vel de nitrog\u00eanio em trigo integrando sensoriamento de cultura e zonas de manejo na regi\u00e3o sul do Brasil<\/span> <\/span><\/span><\/a><\/p><p><strong>Aluno<\/strong>: <span style=\"font-family: Georgia, serif\"><span style=\"font-size: medium\"><span style=\"color: #000000\">Rai Augusto Schwalbert<\/span> <\/span><\/span><\/p><p><strong>Professor Orientador<\/strong>: Dr. Telmo Jorge Carneiro Amado<\/p>\t\t\t\t\t\t<\/div>\n\t\t\t\t<\/div>\n\t\t\t\t\t<\/div>\n\t\t<\/div>\n\t\t\t\t\t<\/div>\n\t\t<\/section>\n\t\t\t\t<section class=\"elementor-section elementor-top-section elementor-element elementor-element-e85a640 elementor-section-boxed elementor-section-height-default elementor-section-height-default\" data-id=\"e85a640\" data-element_type=\"section\">\n\t\t\t\t\t\t<div class=\"elementor-container elementor-column-gap-default\">\n\t\t\t\t\t<div class=\"elementor-column elementor-col-100 elementor-top-column elementor-element elementor-element-7139d3d\" data-id=\"7139d3d\" data-element_type=\"column\">\n\t\t\t<div class=\"elementor-widget-wrap elementor-element-populated\">\n\t\t\t\t\t\t<div class=\"elementor-element elementor-element-456e7fb elementor-widget elementor-widget-text-editor\" data-id=\"456e7fb\" data-element_type=\"widget\" data-widget_type=\"text-editor.default\">\n\t\t\t\t<div class=\"elementor-widget-container\">\n\t\t\t\t\t\t\t<p><strong>T\u00edtulo<\/strong>: <a href=\"https:\/\/repositorio.ufsm.br\/bitstream\/handle\/1\/7626\/ROCHA%2c%20THIAGO%20SCHMITZ%20MARQUES%20DA.pdf?sequence=1&amp;isAllowed=y\" target=\"_blank\" rel=\"noopener\"><span style=\"font-family: Georgia, serif\"><span style=\"font-size: medium\"><span style=\"color: #000000\">Desempenho da soja cultivada em solo hidrom\u00f3rfico e n\u00e3o hidrom\u00f3rfico com e sem irriga\u00e7\u00e3o sup<\/span><span style=\"color: #000000\">l<\/span><span style=\"color: #000000\">ementar<\/span> <\/span><\/span><\/a><\/p><p><strong>Aluno<\/strong>: <span style=\"font-family: Georgia, serif\"><span style=\"font-size: medium\"><span style=\"color: #000000\">Thiago Schmitz Marques <\/span><span style=\"color: #000000\">d<\/span><span style=\"color: #000000\">a Rocha<\/span><\/span><\/span><\/p><p><strong>Professor Orientador<\/strong>: Dr. Nereu Augusto Streck<\/p>\t\t\t\t\t\t<\/div>\n\t\t\t\t<\/div>\n\t\t\t\t\t<\/div>\n\t\t<\/div>\n\t\t\t\t\t<\/div>\n\t\t<\/section>\n\t\t\t\t<section class=\"elementor-section elementor-top-section elementor-element elementor-element-c83d992 elementor-section-boxed elementor-section-height-default elementor-section-height-default\" data-id=\"c83d992\" data-element_type=\"section\">\n\t\t\t\t\t\t<div class=\"elementor-container elementor-column-gap-default\">\n\t\t\t\t\t<div class=\"elementor-column elementor-col-100 elementor-top-column elementor-element elementor-element-3a3bdaf\" data-id=\"3a3bdaf\" data-element_type=\"column\">\n\t\t\t<div class=\"elementor-widget-wrap elementor-element-populated\">\n\t\t\t\t\t\t<div class=\"elementor-element elementor-element-6aabc73 elementor-widget elementor-widget-text-editor\" data-id=\"6aabc73\" data-element_type=\"widget\" data-widget_type=\"text-editor.default\">\n\t\t\t\t<div class=\"elementor-widget-container\">\n\t\t\t\t\t\t\t<p><strong>T\u00edtulo<\/strong>: <a href=\"https:\/\/repositorio.ufsm.br\/bitstream\/handle\/1\/7621\/BRUN%2c%20THIARLES.pdf?sequence=1&amp;isAllowed=y\" target=\"_blank\" rel=\"noopener\"><span style=\"font-family: Georgia, serif\"><span style=\"font-size: medium\"><span style=\"color: #000000\">Produ\u00e7\u00e3o de herbicida por fermenta\u00e7\u00e3o submersa a partir do fungo Phoma sp. em biorreator<\/span> <\/span><\/span><\/a><\/p><p><strong>Aluno<\/strong>: <span style=\"font-family: Georgia, serif\"><span style=\"font-size: medium\"><span style=\"color: #000000\">Thiarles Brun<\/span> <\/span><\/span><\/p><p><strong>Professor Orientador<\/strong>: Dr. Marcio Antonio Mazutti<\/p>\t\t\t\t\t\t<\/div>\n\t\t\t\t<\/div>\n\t\t\t\t\t<\/div>\n\t\t<\/div>\n\t\t\t\t\t<\/div>\n\t\t<\/section>\n\t\t\t\t<section class=\"elementor-section elementor-top-section elementor-element elementor-element-769ff15 elementor-section-boxed elementor-section-height-default elementor-section-height-default\" data-id=\"769ff15\" data-element_type=\"section\">\n\t\t\t\t\t\t<div class=\"elementor-container elementor-column-gap-default\">\n\t\t\t\t\t<div class=\"elementor-column elementor-col-100 elementor-top-column elementor-element elementor-element-54c337d\" data-id=\"54c337d\" data-element_type=\"column\">\n\t\t\t<div class=\"elementor-widget-wrap elementor-element-populated\">\n\t\t\t\t\t\t<div class=\"elementor-element elementor-element-b6f96d2 elementor-widget elementor-widget-text-editor\" data-id=\"b6f96d2\" data-element_type=\"widget\" data-widget_type=\"text-editor.default\">\n\t\t\t\t<div class=\"elementor-widget-container\">\n\t\t\t\t\t\t\t<p><strong>T\u00edtulo<\/strong>: <a href=\"https:\/\/repositorio.ufsm.br\/bitstream\/handle\/1\/7617\/AVILA%2c%20VIVIANE%20SCHONS.pdf?sequence=1&amp;isAllowed=y\" target=\"_blank\" rel=\"noopener\"><span style=\"font-family: Georgia, serif\"><span style=\"font-size: medium\"><span style=\"color: #000000\">Balan\u00e7o h\u00eddrico do solo e parti\u00e7\u00e3o da evapotranspira\u00e7\u00e3o de soja, milho e feij\u00e3o submetidos \u00e0 irriga\u00e7\u00e3o deficit\u00e1ria no Sul <\/span><span style=\"color: #000000\">d<\/span><span style=\"color: #000000\">o Brasil<\/span> <\/span><\/span><\/a><\/p><p><strong>Aluna<\/strong>: <span style=\"font-family: Georgia, serif\"><span style=\"font-size: medium\"><span style=\"color: #000000\">Viviane Schons <\/span><span style=\"color: #000000\">d<\/span><span style=\"color: #000000\">e Avila<\/span> <\/span><\/span><\/p><p><strong>Professor Orientador<\/strong>: Dr. Reimar Carlesso<\/p>\t\t\t\t\t\t<\/div>\n\t\t\t\t<\/div>\n\t\t\t\t\t<\/div>\n\t\t<\/div>\n\t\t\t\t\t<\/div>\n\t\t<\/section>\n\t\t\t\t<\/div>\n\t\t","protected":false},"excerpt":{"rendered":"<p>T\u00edtulo: Influ\u00eancia do relevo e de diferentes usos sob atributos f\u00edsico-h\u00eddricos em latossolo Aluno: Andr\u00e9 Gon\u00e7alves Panziera Professor Orientador: Dr. Alexandre Swarowsky T\u00edtulo: Produ\u00e7\u00e3o e formula\u00e7\u00e3o de herbicida por fermenta\u00e7\u00e3o em estado s\u00f3lido utilizando o fungo Diaporthe sp. Aluna: Bruna de Oliveira Bastos Professor Orientador: Dr. Marcio Antonio Mazutti T\u00edtulo: An\u00e1lise do crescimento e produtividade [&hellip;]<\/p>\n","protected":false},"author":871,"featured_media":0,"parent":0,"menu_order":0,"comment_status":"closed","ping_status":"closed","template":"","meta":{"footnotes":""},"categories":[],"tags":[],"class_list":["post-733","page","type-page","status-publish","hentry"],"acf":[],"_links":{"self":[{"href":"https:\/\/www.ufsm.br\/cursos\/pos-graduacao\/santa-maria\/ppgea\/wp-json\/wp\/v2\/pages\/733","targetHints":{"allow":["GET"]}}],"collection":[{"href":"https:\/\/www.ufsm.br\/cursos\/pos-graduacao\/santa-maria\/ppgea\/wp-json\/wp\/v2\/pages"}],"about":[{"href":"https:\/\/www.ufsm.br\/cursos\/pos-graduacao\/santa-maria\/ppgea\/wp-json\/wp\/v2\/types\/page"}],"author":[{"embeddable":true,"href":"https:\/\/www.ufsm.br\/cursos\/pos-graduacao\/santa-maria\/ppgea\/wp-json\/wp\/v2\/users\/871"}],"replies":[{"embeddable":true,"href":"https:\/\/www.ufsm.br\/cursos\/pos-graduacao\/santa-maria\/ppgea\/wp-json\/wp\/v2\/comments?post=733"}],"version-history":[{"count":0,"href":"https:\/\/www.ufsm.br\/cursos\/pos-graduacao\/santa-maria\/ppgea\/wp-json\/wp\/v2\/pages\/733\/revisions"}],"wp:attachment":[{"href":"https:\/\/www.ufsm.br\/cursos\/pos-graduacao\/santa-maria\/ppgea\/wp-json\/wp\/v2\/media?parent=733"}],"wp:term":[{"taxonomy":"category","embeddable":true,"href":"https:\/\/www.ufsm.br\/cursos\/pos-graduacao\/santa-maria\/ppgea\/wp-json\/wp\/v2\/categories?post=733"},{"taxonomy":"post_tag","embeddable":true,"href":"https:\/\/www.ufsm.br\/cursos\/pos-graduacao\/santa-maria\/ppgea\/wp-json\/wp\/v2\/tags?post=733"}],"curies":[{"name":"wp","href":"https:\/\/api.w.org\/{rel}","templated":true}]}}