{"id":735,"date":"2020-11-20T13:48:48","date_gmt":"2020-11-20T16:48:48","guid":{"rendered":"https:\/\/www.ufsm.br\/cursos\/pos-graduacao\/santa-maria\/ppgea\/?page_id=735"},"modified":"2020-11-26T11:39:03","modified_gmt":"2020-11-26T14:39:03","slug":"dissertacoes-2014","status":"publish","type":"page","link":"https:\/\/www.ufsm.br\/cursos\/pos-graduacao\/santa-maria\/ppgea\/dissertacoes-2014","title":{"rendered":"Disserta\u00e7\u00f5es 2014"},"content":{"rendered":"\t\t<div data-elementor-type=\"wp-page\" data-elementor-id=\"735\" class=\"elementor elementor-735\">\n\t\t\t\t\t\t<section class=\"elementor-section elementor-top-section elementor-element elementor-element-608c8c7 elementor-section-boxed elementor-section-height-default elementor-section-height-default\" data-id=\"608c8c7\" data-element_type=\"section\">\n\t\t\t\t\t\t<div class=\"elementor-container elementor-column-gap-default\">\n\t\t\t\t\t<div class=\"elementor-column elementor-col-100 elementor-top-column elementor-element elementor-element-4b2f11d\" data-id=\"4b2f11d\" data-element_type=\"column\">\n\t\t\t<div class=\"elementor-widget-wrap elementor-element-populated\">\n\t\t\t\t\t\t<div class=\"elementor-element elementor-element-2978c20 elementor-widget elementor-widget-text-editor\" data-id=\"2978c20\" data-element_type=\"widget\" data-widget_type=\"text-editor.default\">\n\t\t\t\t<div class=\"elementor-widget-container\">\n\t\t\t\t\t\t\t<p><strong>T\u00edtulo<\/strong>: <a href=\"https:\/\/repositorio.ufsm.br\/bitstream\/handle\/1\/7586\/JUNG%2c%20AFFONSO%20HERMETO.pdf?sequence=1&amp;isAllowed=y\" target=\"_blank\" rel=\"noopener\"><span style=\"font-family: Georgia, serif\"><span style=\"font-size: medium\"><span style=\"color: #000000\">Impacto de inseticidas aplicados em soja sobre abelhas mel\u00edferas <\/span><\/span><\/span><\/a><\/p><p><strong>Aluno<\/strong>: <span style=\"font-family: Georgia, serif\"><span style=\"font-size: medium\"><span style=\"color: #000000\">Affonso Hermeto Jung <\/span><\/span><\/span><\/p><p><strong>Professor Orientador<\/strong>: Dr. Jerson V. Car\u00fas Guedes<\/p>\t\t\t\t\t\t<\/div>\n\t\t\t\t<\/div>\n\t\t\t\t\t<\/div>\n\t\t<\/div>\n\t\t\t\t\t<\/div>\n\t\t<\/section>\n\t\t\t\t<section class=\"elementor-section elementor-top-section elementor-element elementor-element-4059b60 elementor-section-boxed elementor-section-height-default elementor-section-height-default\" data-id=\"4059b60\" data-element_type=\"section\">\n\t\t\t\t\t\t<div class=\"elementor-container elementor-column-gap-default\">\n\t\t\t\t\t<div class=\"elementor-column elementor-col-100 elementor-top-column elementor-element elementor-element-a0f6465\" data-id=\"a0f6465\" data-element_type=\"column\">\n\t\t\t<div class=\"elementor-widget-wrap elementor-element-populated\">\n\t\t\t\t\t\t<div class=\"elementor-element elementor-element-dfc3687 elementor-widget elementor-widget-text-editor\" data-id=\"dfc3687\" data-element_type=\"widget\" data-widget_type=\"text-editor.default\">\n\t\t\t\t<div class=\"elementor-widget-container\">\n\t\t\t\t\t\t\t<p><strong>T\u00edtulo<\/strong>: <a href=\"https:\/\/repositorio.ufsm.br\/bitstream\/handle\/1\/7592\/FRANCK%2c%20CRISTIAN%20JOSUE.pdf?sequence=1&amp;isAllowed=y\" target=\"_blank\" rel=\"noopener\"><span style=\"font-family: Georgia, serif\"><span style=\"font-size: medium\"><span style=\"color: #000000\">Modelagem matem\u00e1tica para dosadores de fertilizantes por delineamento composto central rotacional <\/span><\/span><\/span><\/a><\/p><p><strong>Aluno<\/strong>: <span style=\"font-family: Georgia, serif\"><span style=\"font-size: medium\"><span style=\"color: #000000\">Cristian Josue Franck<\/span><\/span><\/span><\/p><p><strong>Professor Orientador<\/strong>: Dr. Airton dos Santos Alon\u00e7o<\/p>\t\t\t\t\t\t<\/div>\n\t\t\t\t<\/div>\n\t\t\t\t\t<\/div>\n\t\t<\/div>\n\t\t\t\t\t<\/div>\n\t\t<\/section>\n\t\t\t\t<section class=\"elementor-section elementor-top-section elementor-element elementor-element-d61621e elementor-section-boxed elementor-section-height-default elementor-section-height-default\" data-id=\"d61621e\" data-element_type=\"section\">\n\t\t\t\t\t\t<div class=\"elementor-container elementor-column-gap-default\">\n\t\t\t\t\t<div class=\"elementor-column elementor-col-100 elementor-top-column elementor-element elementor-element-a2f764c\" data-id=\"a2f764c\" data-element_type=\"column\">\n\t\t\t<div class=\"elementor-widget-wrap elementor-element-populated\">\n\t\t\t\t\t\t<div class=\"elementor-element elementor-element-5b57965 elementor-widget elementor-widget-text-editor\" data-id=\"5b57965\" data-element_type=\"widget\" data-widget_type=\"text-editor.default\">\n\t\t\t\t<div class=\"elementor-widget-container\">\n\t\t\t\t\t\t\t<p><strong>T\u00edtulo<\/strong>: <a href=\"https:\/\/repositorio.ufsm.br\/bitstream\/handle\/1\/7575\/CARPES%2c%20DAUTO%20PIVETTA.pdf?sequence=1&amp;isAllowed=y\" target=\"_blank\" rel=\"noopener\"><span style=\"font-family: Georgia, serif\"><span style=\"font-size: medium\"><span style=\"color: #000000\">Distribui\u00e7\u00e3o longitudinal de sementes de milho e soja em fun\u00e7\u00e3o do tubo condutor, mecanismo dosador e densidade de semeadura<\/span><\/span><\/span><\/a><\/p><p><strong>Aluno<\/strong>: <span style=\"font-family: Georgia, serif\"><span style=\"font-size: medium\"><span style=\"color: #000000\">Dauto Pivetta Carpes<\/span><\/span><\/span><\/p><p><strong>Professor Orientador<\/strong>: Dr. Airton dos Santos Alon\u00e7o<\/p>\t\t\t\t\t\t<\/div>\n\t\t\t\t<\/div>\n\t\t\t\t\t<\/div>\n\t\t<\/div>\n\t\t\t\t\t<\/div>\n\t\t<\/section>\n\t\t\t\t<section class=\"elementor-section elementor-top-section elementor-element elementor-element-5518b8b elementor-section-boxed elementor-section-height-default elementor-section-height-default\" data-id=\"5518b8b\" data-element_type=\"section\">\n\t\t\t\t\t\t<div class=\"elementor-container elementor-column-gap-default\">\n\t\t\t\t\t<div class=\"elementor-column elementor-col-100 elementor-top-column elementor-element elementor-element-e38cbbc\" data-id=\"e38cbbc\" data-element_type=\"column\">\n\t\t\t<div class=\"elementor-widget-wrap elementor-element-populated\">\n\t\t\t\t\t\t<div class=\"elementor-element elementor-element-8a0fe47 elementor-widget elementor-widget-text-editor\" data-id=\"8a0fe47\" data-element_type=\"widget\" data-widget_type=\"text-editor.default\">\n\t\t\t\t<div class=\"elementor-widget-container\">\n\t\t\t\t\t\t\t<p><strong>T\u00edtulo<\/strong>: <a href=\"https:\/\/repositorio.ufsm.br\/bitstream\/handle\/1\/7601\/HINNAH%2c%20FERNANDO%20DILL.pdf?sequence=1&amp;isAllowed=y\" target=\"_blank\" rel=\"noopener\"><span style=\"font-family: Georgia, serif\"><span style=\"font-size: medium\"><span style=\"color: #000000\">An\u00e1lise n\u00famerica de risco de ocorr\u00eancia das manchas de altern\u00e1ria e sept\u00f3ria em girassol para diferentes datas de semeadura, em Santa Maria &#8211; RS<\/span><\/span><\/span><\/a><\/p><p><strong>Aluno<\/strong>: <span style=\"font-family: Georgia, serif\"><span style=\"font-size: medium\"><span style=\"color: #000000\">Fernando Dill Hinnah <\/span><\/span><\/span><\/p><p><strong>Professor Orientador<\/strong>: Dr. Arno Bernardo Heldwein<\/p>\t\t\t\t\t\t<\/div>\n\t\t\t\t<\/div>\n\t\t\t\t\t<\/div>\n\t\t<\/div>\n\t\t\t\t\t<\/div>\n\t\t<\/section>\n\t\t\t\t<section class=\"elementor-section elementor-top-section elementor-element elementor-element-f6b81bb elementor-section-boxed elementor-section-height-default elementor-section-height-default\" data-id=\"f6b81bb\" data-element_type=\"section\">\n\t\t\t\t\t\t<div class=\"elementor-container elementor-column-gap-default\">\n\t\t\t\t\t<div class=\"elementor-column elementor-col-100 elementor-top-column elementor-element elementor-element-433331c\" data-id=\"433331c\" data-element_type=\"column\">\n\t\t\t<div class=\"elementor-widget-wrap elementor-element-populated\">\n\t\t\t\t\t\t<div class=\"elementor-element elementor-element-8880a47 elementor-widget elementor-widget-text-editor\" data-id=\"8880a47\" data-element_type=\"widget\" data-widget_type=\"text-editor.default\">\n\t\t\t\t<div class=\"elementor-widget-container\">\n\t\t\t\t\t\t\t<p><strong>T\u00edtulo<\/strong>: <a href=\"https:\/\/repositorio.ufsm.br\/bitstream\/handle\/1\/7595\/SILVA%2c%20JUNIOR%20ROGERIO%20DA.pdf?sequence=1&amp;isAllowed=y\" target=\"_blank\" rel=\"noopener\"><span style=\"font-family: Georgia, serif\"><span style=\"font-size: medium\"><span style=\"color: #000000\">Modelagem do fluxo de informa\u00e7\u00f5es administrativo-financeiro no projeto de m\u00e1quinas agr\u00edcola<\/span><\/span><\/span><\/a><\/p><p><strong>Aluno<\/strong>: <span style=\"font-family: Georgia, serif\"><span style=\"font-size: medium\"><span style=\"color: #000000\">Junior Rog\u00e9rio <\/span><span style=\"color: #000000\">d<\/span><span style=\"color: #000000\">a Silva <\/span><\/span><\/span><\/p><p><strong>Professor Orientador<\/strong>: Dr. Leonardo Nabaes Romano<\/p>\t\t\t\t\t\t<\/div>\n\t\t\t\t<\/div>\n\t\t\t\t\t<\/div>\n\t\t<\/div>\n\t\t\t\t\t<\/div>\n\t\t<\/section>\n\t\t\t\t<section class=\"elementor-section elementor-top-section elementor-element elementor-element-f7d6ca4 elementor-section-boxed elementor-section-height-default elementor-section-height-default\" data-id=\"f7d6ca4\" data-element_type=\"section\">\n\t\t\t\t\t\t<div class=\"elementor-container elementor-column-gap-default\">\n\t\t\t\t\t<div class=\"elementor-column elementor-col-100 elementor-top-column elementor-element elementor-element-4dcfe38\" data-id=\"4dcfe38\" data-element_type=\"column\">\n\t\t\t<div class=\"elementor-widget-wrap elementor-element-populated\">\n\t\t\t\t\t\t<div class=\"elementor-element elementor-element-b2bcbe1 elementor-widget elementor-widget-text-editor\" data-id=\"b2bcbe1\" data-element_type=\"widget\" data-widget_type=\"text-editor.default\">\n\t\t\t\t<div class=\"elementor-widget-container\">\n\t\t\t\t\t\t\t<p><strong>T\u00edtulo<\/strong>: <a href=\"https:\/\/repositorio.ufsm.br\/bitstream\/handle\/1\/7585\/GEIB%2c%20LEANDRO%20RICARDO%20DE%20NADAI.pdf?sequence=1&amp;isAllowed=y\" target=\"_blank\" rel=\"noopener\"><span style=\"font-family: Georgia, serif\"><span style=\"font-size: medium\"><span style=\"color: #000000\">Fertiliza\u00e7\u00e3o nitrogenada do algodoeiro prescrita por sensor \u00f3ptico no Oeste <\/span><span style=\"color: #000000\">d<\/span><span style=\"color: #000000\">a Bahia<\/span><\/span><\/span><\/a><\/p><p><strong>Aluno<\/strong>: <span style=\"font-family: Georgia, serif\"><span style=\"font-size: medium\"><span style=\"color: #000000\">Leandro Ricardo <\/span><span style=\"color: #000000\">d<\/span><span style=\"color: #000000\">e Nadai Geib <\/span><\/span><\/span><\/p><p><strong>Professor Orientador<\/strong>: Dr. Telmo Jorge Carneiro Amado<\/p>\t\t\t\t\t\t<\/div>\n\t\t\t\t<\/div>\n\t\t\t\t\t<\/div>\n\t\t<\/div>\n\t\t\t\t\t<\/div>\n\t\t<\/section>\n\t\t\t\t<section class=\"elementor-section elementor-top-section elementor-element elementor-element-f4c060a elementor-section-boxed elementor-section-height-default elementor-section-height-default\" data-id=\"f4c060a\" data-element_type=\"section\">\n\t\t\t\t\t\t<div class=\"elementor-container elementor-column-gap-default\">\n\t\t\t\t\t<div class=\"elementor-column elementor-col-100 elementor-top-column elementor-element elementor-element-2edd38f\" data-id=\"2edd38f\" data-element_type=\"column\">\n\t\t\t<div class=\"elementor-widget-wrap elementor-element-populated\">\n\t\t\t\t\t\t<div class=\"elementor-element elementor-element-232d19f elementor-widget elementor-widget-text-editor\" data-id=\"232d19f\" data-element_type=\"widget\" data-widget_type=\"text-editor.default\">\n\t\t\t\t<div class=\"elementor-widget-container\">\n\t\t\t\t\t\t\t<p><strong>T\u00edtulo<\/strong>: <a href=\"https:\/\/repositorio.ufsm.br\/bitstream\/handle\/1\/7576\/FARIAS%2c%20MARCELO%20SILVEIRA%20DE.pdf?sequence=1&amp;isAllowed=y\" target=\"_blank\" rel=\"noopener\"><span style=\"font-family: Georgia, serif\"><span style=\"font-size: medium\"><span style=\"color: #000000\">Avalia\u00e7\u00e3o de motores de tratores agr\u00edcolas utilizando dinam\u00f4metro m\u00f3vel<\/span><\/span><\/span><\/a><\/p><p><strong>Aluno<\/strong>: <span style=\"font-family: Georgia, serif\"><span style=\"font-size: medium\"><span style=\"color: #000000\">Marcelo Silveira <\/span><span style=\"color: #000000\">d<\/span><span style=\"color: #000000\">e Farias <\/span><\/span><\/span><\/p><p><strong>Professor Orientador<\/strong>: Dr. Jos\u00e9 Fernando Schlosser<\/p>\t\t\t\t\t\t<\/div>\n\t\t\t\t<\/div>\n\t\t\t\t\t<\/div>\n\t\t<\/div>\n\t\t\t\t\t<\/div>\n\t\t<\/section>\n\t\t\t\t<section class=\"elementor-section elementor-top-section elementor-element elementor-element-aac6847 elementor-section-boxed elementor-section-height-default elementor-section-height-default\" data-id=\"aac6847\" data-element_type=\"section\">\n\t\t\t\t\t\t<div class=\"elementor-container elementor-column-gap-default\">\n\t\t\t\t\t<div class=\"elementor-column elementor-col-100 elementor-top-column elementor-element elementor-element-fa8756a\" data-id=\"fa8756a\" data-element_type=\"column\">\n\t\t\t<div class=\"elementor-widget-wrap elementor-element-populated\">\n\t\t\t\t\t\t<div class=\"elementor-element elementor-element-f406954 elementor-widget elementor-widget-text-editor\" data-id=\"f406954\" data-element_type=\"widget\" data-widget_type=\"text-editor.default\">\n\t\t\t\t<div class=\"elementor-widget-container\">\n\t\t\t\t\t\t\t<p><strong>T\u00edtulo<\/strong>: <a href=\"https:\/\/repositorio.ufsm.br\/bitstream\/handle\/1\/7596\/TREVISAN%2c%20PATRICIA%20VERONICA.pdf?sequence=1&amp;isAllowed=y\" target=\"_blank\" rel=\"noopener\"><span style=\"font-family: Georgia, serif\"><span style=\"font-size: medium\"><span style=\"color: #000000\">Cultura da figueira (Ficus carica L.) submetida a diferentes l\u00e2minas de irriga\u00e7\u00e3o por gotejamento<\/span><\/span><\/span><\/a><\/p><p><strong>Aluna<\/strong>: <span style=\"font-family: Georgia, serif\"><span style=\"font-size: medium\"><span style=\"color: #000000\">Patr\u00edcia Ver\u00f4nica Trevisan<\/span><\/span><\/span><\/p><p><strong>Professor Orientador<\/strong>: Dr. Toshio Nishijima<\/p>\t\t\t\t\t\t<\/div>\n\t\t\t\t<\/div>\n\t\t\t\t\t<\/div>\n\t\t<\/div>\n\t\t\t\t\t<\/div>\n\t\t<\/section>\n\t\t\t\t<section class=\"elementor-section elementor-top-section elementor-element elementor-element-63589ff elementor-section-boxed elementor-section-height-default elementor-section-height-default\" data-id=\"63589ff\" data-element_type=\"section\">\n\t\t\t\t\t\t<div class=\"elementor-container elementor-column-gap-default\">\n\t\t\t\t\t<div class=\"elementor-column elementor-col-100 elementor-top-column elementor-element elementor-element-5d6e119\" data-id=\"5d6e119\" data-element_type=\"column\">\n\t\t\t<div class=\"elementor-widget-wrap elementor-element-populated\">\n\t\t\t\t\t\t<div class=\"elementor-element elementor-element-2fe9fc2 elementor-widget elementor-widget-text-editor\" data-id=\"2fe9fc2\" data-element_type=\"widget\" data-widget_type=\"text-editor.default\">\n\t\t\t\t<div class=\"elementor-widget-container\">\n\t\t\t\t\t\t\t<p><strong>T\u00edtulo<\/strong>: <a href=\"https:\/\/repositorio.ufsm.br\/bitstream\/handle\/1\/7591\/BERGAMO%2c%20RENATO%20LUIS.pdf?sequence=1&amp;isAllowed=y\" target=\"_blank\" rel=\"noopener\"><span style=\"font-family: Georgia, serif\"><span style=\"font-size: medium\"><span style=\"color: #000000\">Modelo de refer\u00eancia para o processo de desenvolvimento de m\u00e1quinas agr\u00edcolas para empresas de pequeno e m\u00e9dio porte<\/span><\/span><\/span><\/a><\/p><p><strong>Aluno<\/strong>: <span style=\"font-family: Georgia, serif\"><span style=\"font-size: medium\"><span style=\"color: #000000\">Renato Luis Bergamo <\/span><\/span><\/span><\/p><p><strong>Professor Orientador<\/strong>: Dr. Leonardo Nabaes Romano<\/p>\t\t\t\t\t\t<\/div>\n\t\t\t\t<\/div>\n\t\t\t\t\t<\/div>\n\t\t<\/div>\n\t\t\t\t\t<\/div>\n\t\t<\/section>\n\t\t\t\t<section class=\"elementor-section elementor-top-section elementor-element elementor-element-a82833c elementor-section-boxed elementor-section-height-default elementor-section-height-default\" data-id=\"a82833c\" data-element_type=\"section\">\n\t\t\t\t\t\t<div class=\"elementor-container elementor-column-gap-default\">\n\t\t\t\t\t<div class=\"elementor-column elementor-col-100 elementor-top-column elementor-element elementor-element-e385975\" data-id=\"e385975\" data-element_type=\"column\">\n\t\t\t<div class=\"elementor-widget-wrap elementor-element-populated\">\n\t\t\t\t\t\t<div class=\"elementor-element elementor-element-eca1dd4 elementor-widget elementor-widget-text-editor\" data-id=\"eca1dd4\" data-element_type=\"widget\" data-widget_type=\"text-editor.default\">\n\t\t\t\t<div class=\"elementor-widget-container\">\n\t\t\t\t\t\t\t<p><strong>T\u00edtulo<\/strong>: <a href=\"https:\/\/repositorio.ufsm.br\/bitstream\/handle\/1\/7578\/ROSSO%2c%20RICARDO%20BENETTI.pdf?sequence=1&amp;isAllowed=y\" target=\"_blank\" rel=\"noopener\"><span style=\"font-family: Georgia, serif\"><span style=\"font-size: medium\"><span style=\"color: #000000\">Influ\u00eancia da altura da l\u00e2mina de \u00e1gua sob o desempenho da produ\u00e7\u00e3o na cultura do arroz irrigado <\/span><\/span><\/span><\/a><\/p><p><strong>Aluno<\/strong>: <span style=\"font-family: Georgia, serif\"><span style=\"font-size: medium\"><span style=\"color: #000000\">Ricardo Benetti Rosso <\/span><\/span><\/span><\/p><p><strong>Professora Orientadora<\/strong>: Dr.\u00aa Marcia Xavier Peiter<\/p>\t\t\t\t\t\t<\/div>\n\t\t\t\t<\/div>\n\t\t\t\t\t<\/div>\n\t\t<\/div>\n\t\t\t\t\t<\/div>\n\t\t<\/section>\n\t\t\t\t<section class=\"elementor-section elementor-top-section elementor-element elementor-element-f5210b3 elementor-section-boxed elementor-section-height-default elementor-section-height-default\" data-id=\"f5210b3\" data-element_type=\"section\">\n\t\t\t\t\t\t<div class=\"elementor-container elementor-column-gap-default\">\n\t\t\t\t\t<div class=\"elementor-column elementor-col-100 elementor-top-column elementor-element elementor-element-cda2076\" data-id=\"cda2076\" data-element_type=\"column\">\n\t\t\t<div class=\"elementor-widget-wrap elementor-element-populated\">\n\t\t\t\t\t\t<div class=\"elementor-element elementor-element-00db6e7 elementor-widget elementor-widget-text-editor\" data-id=\"00db6e7\" data-element_type=\"widget\" data-widget_type=\"text-editor.default\">\n\t\t\t\t<div class=\"elementor-widget-container\">\n\t\t\t\t\t\t\t<p><strong>T\u00edtulo<\/strong>: <a href=\"https:\/\/repositorio.ufsm.br\/bitstream\/handle\/1\/7594\/ILHA%2c%20ROBSON.pdf?sequence=1&amp;isAllowed=y\" target=\"_blank\" rel=\"noopener\"><span style=\"font-family: Georgia, serif\"><span style=\"font-size: medium\"><span style=\"color: #000000\">Diagn\u00f3stico hidrossedimentol\u00f3gico da Bacia <\/span><span style=\"color: #000000\">d<\/span><span style=\"color: #000000\">o Arroio Cadena \u2013 Santa Maria\/RS <\/span><\/span><\/span><\/a><\/p><p><strong>Aluno<\/strong>: <span style=\"font-family: Georgia, serif\"><span style=\"font-size: medium\"><span style=\"color: #000000\">Robson Ilha<\/span><\/span><\/span><\/p><p><strong>Professor Orientador<\/strong>: Dr. Jo\u00e3o Batista Dias de Paiva<\/p>\t\t\t\t\t\t<\/div>\n\t\t\t\t<\/div>\n\t\t\t\t\t<\/div>\n\t\t<\/div>\n\t\t\t\t\t<\/div>\n\t\t<\/section>\n\t\t\t\t<section class=\"elementor-section elementor-top-section elementor-element elementor-element-1a35bb0 elementor-section-boxed elementor-section-height-default elementor-section-height-default\" data-id=\"1a35bb0\" data-element_type=\"section\">\n\t\t\t\t\t\t<div class=\"elementor-container elementor-column-gap-default\">\n\t\t\t\t\t<div class=\"elementor-column elementor-col-100 elementor-top-column elementor-element elementor-element-f3569e5\" data-id=\"f3569e5\" data-element_type=\"column\">\n\t\t\t<div class=\"elementor-widget-wrap elementor-element-populated\">\n\t\t\t\t\t\t<div class=\"elementor-element elementor-element-5e0a036 elementor-widget elementor-widget-text-editor\" data-id=\"5e0a036\" data-element_type=\"widget\" data-widget_type=\"text-editor.default\">\n\t\t\t\t<div class=\"elementor-widget-container\">\n\t\t\t\t\t\t\t<p><strong>T\u00edtulo<\/strong>: <a href=\"https:\/\/repositorio.ufsm.br\/bitstream\/handle\/1\/7583\/MACHADO%2c%20RODRIGO%20TASCHETO.pdf?sequence=1&amp;isAllowed=y\" target=\"_blank\" rel=\"noopener\"><span style=\"font-family: Georgia, serif\"><span style=\"font-size: medium\"><span style=\"color: #000000\">Emerg\u00eancia, distribui\u00e7\u00e3o espacial e manejo de buva resistente ao herbicida glifosato<\/span> <\/span><\/span><\/a><\/p><p><strong>Aluno<\/strong>: <span style=\"font-family: Georgia, serif\"><span style=\"font-size: medium\"><span style=\"color: #000000\">Rodrigo Tascheto Machado<\/span> <\/span><\/span><\/p><p><strong>Professor Orientador<\/strong>: Dr. Jerson V. Car\u00fas Guedes<\/p>\t\t\t\t\t\t<\/div>\n\t\t\t\t<\/div>\n\t\t\t\t\t<\/div>\n\t\t<\/div>\n\t\t\t\t\t<\/div>\n\t\t<\/section>\n\t\t\t\t<section class=\"elementor-section elementor-top-section elementor-element elementor-element-af137a7 elementor-section-boxed elementor-section-height-default elementor-section-height-default\" data-id=\"af137a7\" data-element_type=\"section\">\n\t\t\t\t\t\t<div class=\"elementor-container elementor-column-gap-default\">\n\t\t\t\t\t<div class=\"elementor-column elementor-col-100 elementor-top-column elementor-element elementor-element-ff4d47a\" data-id=\"ff4d47a\" data-element_type=\"column\">\n\t\t\t<div class=\"elementor-widget-wrap elementor-element-populated\">\n\t\t\t\t\t\t<div class=\"elementor-element elementor-element-fc5bcd5 elementor-widget elementor-widget-text-editor\" data-id=\"fc5bcd5\" data-element_type=\"widget\" data-widget_type=\"text-editor.default\">\n\t\t\t\t<div class=\"elementor-widget-container\">\n\t\t\t\t\t\t\t<p><strong>T\u00edtulo<\/strong>: <a href=\"https:\/\/repositorio.ufsm.br\/bitstream\/handle\/1\/7582\/TORRES%2c%20ROGERIO%20RICALDE.pdf?sequence=1&amp;isAllowed=y\" target=\"_blank\" rel=\"noopener\"><span style=\"font-family: Georgia, serif\"><span style=\"font-size: medium\"><span style=\"color: #000000\">Resposta \u00e0 irriga\u00e7\u00e3o e \u00e0 aduba\u00e7\u00e3o nitrogenada em cobertura da cultura do girassol<\/span><\/span><\/span><\/a><\/p><p><strong>Aluno<\/strong>: <span style=\"font-family: Georgia, serif\"><span style=\"font-size: medium\"><span style=\"color: #000000\">Rog\u00e9rio Ricalde Torres<\/span><\/span><\/span><\/p><p><strong>Professora Orientadora<\/strong>: Dr.\u00aa Marcia Xavier Peiter<\/p>\t\t\t\t\t\t<\/div>\n\t\t\t\t<\/div>\n\t\t\t\t\t<\/div>\n\t\t<\/div>\n\t\t\t\t\t<\/div>\n\t\t<\/section>\n\t\t\t\t<section class=\"elementor-section elementor-top-section elementor-element elementor-element-8c459eb elementor-section-boxed elementor-section-height-default elementor-section-height-default\" data-id=\"8c459eb\" data-element_type=\"section\">\n\t\t\t\t\t\t<div class=\"elementor-container elementor-column-gap-default\">\n\t\t\t\t\t<div class=\"elementor-column elementor-col-100 elementor-top-column elementor-element elementor-element-254d72d\" data-id=\"254d72d\" data-element_type=\"column\">\n\t\t\t<div class=\"elementor-widget-wrap elementor-element-populated\">\n\t\t\t\t\t\t<div class=\"elementor-element elementor-element-2ec4bd0 elementor-widget elementor-widget-text-editor\" data-id=\"2ec4bd0\" data-element_type=\"widget\" data-widget_type=\"text-editor.default\">\n\t\t\t\t<div class=\"elementor-widget-container\">\n\t\t\t\t\t\t\t<p><strong>T\u00edtulo<\/strong>: <a href=\"https:\/\/repositorio.ufsm.br\/bitstream\/handle\/1\/7580\/FRANCETTO%2c%20TIAGO%20RODRIGO.pdf?sequence=1&amp;isAllowed=y\" target=\"_blank\" rel=\"noopener\"><span style=\"font-family: Georgia, serif\"><span style=\"font-size: medium\"><span style=\"color: #000000\">Desempenho de mecanismos de corte dos res\u00edduos culturais e abertura de sulco para a semeadura direta<\/span><\/span><\/span><\/a><\/p><p><strong>Aluno<\/strong>: <span style=\"font-family: Georgia, serif\"><span style=\"font-size: medium\"><span style=\"color: #000000\">Tiago Rodrigo Francetto<\/span><\/span><\/span><\/p><p><strong>Professor Orientador<\/strong>: Dr. Airton dos Santos Alon\u00e7o<\/p>\t\t\t\t\t\t<\/div>\n\t\t\t\t<\/div>\n\t\t\t\t\t<\/div>\n\t\t<\/div>\n\t\t\t\t\t<\/div>\n\t\t<\/section>\n\t\t\t\t<\/div>\n\t\t","protected":false},"excerpt":{"rendered":"<p>T\u00edtulo: Impacto de inseticidas aplicados em soja sobre abelhas mel\u00edferas Aluno: Affonso Hermeto Jung Professor Orientador: Dr. Jerson V. Car\u00fas Guedes T\u00edtulo: Modelagem matem\u00e1tica para dosadores de fertilizantes por delineamento composto central rotacional Aluno: Cristian Josue Franck Professor Orientador: Dr. Airton dos Santos Alon\u00e7o T\u00edtulo: Distribui\u00e7\u00e3o longitudinal de sementes de milho e soja em fun\u00e7\u00e3o [&hellip;]<\/p>\n","protected":false},"author":871,"featured_media":0,"parent":0,"menu_order":0,"comment_status":"closed","ping_status":"closed","template":"","meta":{"footnotes":""},"categories":[],"tags":[],"class_list":["post-735","page","type-page","status-publish","hentry"],"acf":[],"_links":{"self":[{"href":"https:\/\/www.ufsm.br\/cursos\/pos-graduacao\/santa-maria\/ppgea\/wp-json\/wp\/v2\/pages\/735","targetHints":{"allow":["GET"]}}],"collection":[{"href":"https:\/\/www.ufsm.br\/cursos\/pos-graduacao\/santa-maria\/ppgea\/wp-json\/wp\/v2\/pages"}],"about":[{"href":"https:\/\/www.ufsm.br\/cursos\/pos-graduacao\/santa-maria\/ppgea\/wp-json\/wp\/v2\/types\/page"}],"author":[{"embeddable":true,"href":"https:\/\/www.ufsm.br\/cursos\/pos-graduacao\/santa-maria\/ppgea\/wp-json\/wp\/v2\/users\/871"}],"replies":[{"embeddable":true,"href":"https:\/\/www.ufsm.br\/cursos\/pos-graduacao\/santa-maria\/ppgea\/wp-json\/wp\/v2\/comments?post=735"}],"version-history":[{"count":0,"href":"https:\/\/www.ufsm.br\/cursos\/pos-graduacao\/santa-maria\/ppgea\/wp-json\/wp\/v2\/pages\/735\/revisions"}],"wp:attachment":[{"href":"https:\/\/www.ufsm.br\/cursos\/pos-graduacao\/santa-maria\/ppgea\/wp-json\/wp\/v2\/media?parent=735"}],"wp:term":[{"taxonomy":"category","embeddable":true,"href":"https:\/\/www.ufsm.br\/cursos\/pos-graduacao\/santa-maria\/ppgea\/wp-json\/wp\/v2\/categories?post=735"},{"taxonomy":"post_tag","embeddable":true,"href":"https:\/\/www.ufsm.br\/cursos\/pos-graduacao\/santa-maria\/ppgea\/wp-json\/wp\/v2\/tags?post=735"}],"curies":[{"name":"wp","href":"https:\/\/api.w.org\/{rel}","templated":true}]}}