{"id":736,"date":"2020-11-20T13:52:08","date_gmt":"2020-11-20T16:52:08","guid":{"rendered":"https:\/\/www.ufsm.br\/cursos\/pos-graduacao\/santa-maria\/ppgea\/?page_id=736"},"modified":"2020-11-27T13:57:33","modified_gmt":"2020-11-27T16:57:33","slug":"dissertacoes-2013","status":"publish","type":"page","link":"https:\/\/www.ufsm.br\/cursos\/pos-graduacao\/santa-maria\/ppgea\/dissertacoes-2013","title":{"rendered":"Disserta\u00e7\u00f5es 2013"},"content":{"rendered":"\t\t<div data-elementor-type=\"wp-page\" data-elementor-id=\"736\" class=\"elementor elementor-736\">\n\t\t\t\t\t\t<section class=\"elementor-section elementor-top-section elementor-element elementor-element-ea33376 elementor-section-boxed elementor-section-height-default elementor-section-height-default\" data-id=\"ea33376\" data-element_type=\"section\">\n\t\t\t\t\t\t<div class=\"elementor-container elementor-column-gap-default\">\n\t\t\t\t\t<div class=\"elementor-column elementor-col-100 elementor-top-column elementor-element elementor-element-747c60a\" data-id=\"747c60a\" data-element_type=\"column\">\n\t\t\t<div class=\"elementor-widget-wrap elementor-element-populated\">\n\t\t\t\t\t\t<div class=\"elementor-element elementor-element-7468d5d elementor-widget elementor-widget-text-editor\" data-id=\"7468d5d\" data-element_type=\"widget\" data-widget_type=\"text-editor.default\">\n\t\t\t\t<div class=\"elementor-widget-container\">\n\t\t\t\t\t\t\t<p><span style=\"font-family: Georgia, serif\"><span style=\"font-size: medium\"><b>T\u00edtulo<\/b>: <a href=\"https:\/\/repositorio.ufsm.br\/bitstream\/handle\/1\/7569\/ZWIRTES%2c%20ANDERSON%20LUIZ.pdf?sequence=1&amp;isAllowed=y\" target=\"_blank\" rel=\"noopener\"><span style=\"color: #000000\">Caracter\u00edsticas morfofisiol\u00f3gicas e produtividade de plantas de sorgo submetidas \u00e0 irriga\u00e7\u00e3o deficit\u00e1ria<\/span> <\/a><\/span><\/span><\/p><p><span style=\"font-family: Georgia, serif\"><span style=\"font-size: medium\"><b>Aluno<\/b>: <span style=\"color: #000000\">Anderson Luiz Zwirtes<\/span> <\/span><\/span><\/p><p><span style=\"font-family: Georgia, serif\"><span style=\"font-size: medium\"><b>Professor Orientador<\/b>: Dr. Reimar Carlesso<\/span><\/span><\/p>\t\t\t\t\t\t<\/div>\n\t\t\t\t<\/div>\n\t\t\t\t\t<\/div>\n\t\t<\/div>\n\t\t\t\t\t<\/div>\n\t\t<\/section>\n\t\t\t\t<section class=\"elementor-section elementor-top-section elementor-element elementor-element-1498468 elementor-section-boxed elementor-section-height-default elementor-section-height-default\" data-id=\"1498468\" data-element_type=\"section\">\n\t\t\t\t\t\t<div class=\"elementor-container elementor-column-gap-default\">\n\t\t\t\t\t<div class=\"elementor-column elementor-col-100 elementor-top-column elementor-element elementor-element-5ecfbe1\" data-id=\"5ecfbe1\" data-element_type=\"column\">\n\t\t\t<div class=\"elementor-widget-wrap elementor-element-populated\">\n\t\t\t\t\t\t<div class=\"elementor-element elementor-element-f113397 elementor-widget elementor-widget-text-editor\" data-id=\"f113397\" data-element_type=\"widget\" data-widget_type=\"text-editor.default\">\n\t\t\t\t<div class=\"elementor-widget-container\">\n\t\t\t\t\t\t\t<p><span style=\"font-family: Georgia, serif\"><span style=\"font-size: medium\"><b>T\u00edtulo<\/b>: <a href=\"https:\/\/repositorio.ufsm.br\/bitstream\/handle\/1\/7567\/PINHEIRO%2c%20DIEGO%20GARRIDO.pdf?sequence=1&amp;isAllowed=y\" target=\"_blank\" rel=\"noopener\"><span style=\"color: #000000\">Respostas fisiol\u00f3gicas e morfol\u00f3gicas de plantas de mandioca submetidas a um e dois ciclos de secamento do solo<\/span> <\/a><\/span><\/span><\/p><p><span style=\"font-family: Georgia, serif\"><span style=\"font-size: medium\"><b>Aluno<\/b>: <span style=\"color: #000000\">Diego Garrido Pinheiro<\/span> <\/span><\/span><\/p><p><span style=\"font-family: Georgia, serif\"><span style=\"font-size: medium\"><b>Professor Orientador<\/b>: Dr. Nereu Augusto Streck<\/span><\/span><\/p>\t\t\t\t\t\t<\/div>\n\t\t\t\t<\/div>\n\t\t\t\t\t<\/div>\n\t\t<\/div>\n\t\t\t\t\t<\/div>\n\t\t<\/section>\n\t\t\t\t<section class=\"elementor-section elementor-top-section elementor-element elementor-element-800eed1 elementor-section-boxed elementor-section-height-default elementor-section-height-default\" data-id=\"800eed1\" data-element_type=\"section\">\n\t\t\t\t\t\t<div class=\"elementor-container elementor-column-gap-default\">\n\t\t\t\t\t<div class=\"elementor-column elementor-col-100 elementor-top-column elementor-element elementor-element-369bd09\" data-id=\"369bd09\" data-element_type=\"column\">\n\t\t\t<div class=\"elementor-widget-wrap elementor-element-populated\">\n\t\t\t\t\t\t<div class=\"elementor-element elementor-element-2a1f7f3 elementor-widget elementor-widget-text-editor\" data-id=\"2a1f7f3\" data-element_type=\"widget\" data-widget_type=\"text-editor.default\">\n\t\t\t\t<div class=\"elementor-widget-container\">\n\t\t\t\t\t\t\t<p><span style=\"font-family: Georgia, serif\"><span style=\"font-size: medium\"><b>T\u00edtulo<\/b>: <a href=\"https:\/\/repositorio.ufsm.br\/bitstream\/handle\/1\/7587\/SCHOSSLER%2c%20DIEGO%20SCHMIDT.pdf?sequence=1&amp;isAllowed=y\" target=\"_blank\" rel=\"noopener\"><span style=\"color: #000000\">Rela\u00e7\u00f5es de atributos qu\u00edmicos do solo e a produtividade das culturas de soja e milho<\/span> <\/a><\/span><\/span><\/p><p><span style=\"font-family: Georgia, serif\"><span style=\"font-size: medium\"><b>Aluno<\/b>: <span style=\"color: #000000\">Diego Schmidt Schossler<\/span> <\/span><\/span><\/p><p><span style=\"font-family: Georgia, serif\"><span style=\"font-size: medium\"><b>Professor Orientador<\/b>: Dr. Telmo Jorge Carneiro Amado<\/span><\/span><\/p>\t\t\t\t\t\t<\/div>\n\t\t\t\t<\/div>\n\t\t\t\t\t<\/div>\n\t\t<\/div>\n\t\t\t\t\t<\/div>\n\t\t<\/section>\n\t\t\t\t<section class=\"elementor-section elementor-top-section elementor-element elementor-element-718e734 elementor-section-boxed elementor-section-height-default elementor-section-height-default\" data-id=\"718e734\" data-element_type=\"section\">\n\t\t\t\t\t\t<div class=\"elementor-container elementor-column-gap-default\">\n\t\t\t\t\t<div class=\"elementor-column elementor-col-100 elementor-top-column elementor-element elementor-element-66c4a79\" data-id=\"66c4a79\" data-element_type=\"column\">\n\t\t\t<div class=\"elementor-widget-wrap elementor-element-populated\">\n\t\t\t\t\t\t<div class=\"elementor-element elementor-element-babd675 elementor-widget elementor-widget-text-editor\" data-id=\"babd675\" data-element_type=\"widget\" data-widget_type=\"text-editor.default\">\n\t\t\t\t<div class=\"elementor-widget-container\">\n\t\t\t\t\t\t\t<p><span style=\"font-family: Georgia, serif\"><span style=\"font-size: medium\"><b>T\u00edtulo<\/b>: <a href=\"https:\/\/repositorio.ufsm.br\/bitstream\/handle\/1\/7572\/DALLA%20CORTE%2c%20GERSON.pdf?sequence=1&amp;isAllowed=y\" target=\"_blank\" rel=\"noopener\"><span style=\"color: #000000\">Tecnologia de aplica\u00e7\u00e3o de agrot\u00f3xicos no controle de fitonemat\u00f3ides em soja<\/span> <\/a><\/span><\/span><\/p><p><span style=\"font-family: Georgia, serif\"><span style=\"font-size: medium\"><b>Aluno<\/b>: <span style=\"color: #000000\">Gerson Dalla Corte<\/span> <\/span><\/span><\/p><p><span style=\"font-family: Georgia, serif\"><span style=\"font-size: medium\"><b>Professor Orientador<\/b>: Dr. Ricardo Silveira Balardin<\/span><\/span><\/p>\t\t\t\t\t\t<\/div>\n\t\t\t\t<\/div>\n\t\t\t\t\t<\/div>\n\t\t<\/div>\n\t\t\t\t\t<\/div>\n\t\t<\/section>\n\t\t\t\t<section class=\"elementor-section elementor-top-section elementor-element elementor-element-47556ef elementor-section-boxed elementor-section-height-default elementor-section-height-default\" data-id=\"47556ef\" data-element_type=\"section\">\n\t\t\t\t\t\t<div class=\"elementor-container elementor-column-gap-default\">\n\t\t\t\t\t<div class=\"elementor-column elementor-col-100 elementor-top-column elementor-element elementor-element-ca70816\" data-id=\"ca70816\" data-element_type=\"column\">\n\t\t\t<div class=\"elementor-widget-wrap elementor-element-populated\">\n\t\t\t\t\t\t<div class=\"elementor-element elementor-element-54c713b elementor-widget elementor-widget-text-editor\" data-id=\"54c713b\" data-element_type=\"widget\" data-widget_type=\"text-editor.default\">\n\t\t\t\t<div class=\"elementor-widget-container\">\n\t\t\t\t\t\t\t<p><span style=\"font-family: Georgia, serif\"><span style=\"font-size: medium\"><b>T\u00edtulo<\/b>: <a href=\"https:\/\/repositorio.ufsm.br\/bitstream\/handle\/1\/7574\/BRONDANI%2c%20LEONARDO%20BASSO.pdf?sequence=1&amp;isAllowed=y\" target=\"_blank\" rel=\"noopener\"><span style=\"color: #000000\">Desempenho de prot\u00f3tipos de disco para distribui\u00e7\u00e3o de ureia a lan\u00e7o<\/span> <\/a><\/span><\/span><\/p><p><span style=\"font-family: Georgia, serif\"><span style=\"font-size: medium\"><b>Aluno<\/b>: <span style=\"color: #000000\">Leonardo Basso Brondani<\/span> <\/span><\/span><\/p><p><span style=\"font-family: Georgia, serif\"><span style=\"font-size: medium\"><b>Professor Orientador<\/b>: Dr. Reges Durigon<\/span><\/span><\/p>\t\t\t\t\t\t<\/div>\n\t\t\t\t<\/div>\n\t\t\t\t\t<\/div>\n\t\t<\/div>\n\t\t\t\t\t<\/div>\n\t\t<\/section>\n\t\t\t\t<section class=\"elementor-section elementor-top-section elementor-element elementor-element-a08f85d elementor-section-boxed elementor-section-height-default elementor-section-height-default\" data-id=\"a08f85d\" data-element_type=\"section\">\n\t\t\t\t\t\t<div class=\"elementor-container elementor-column-gap-default\">\n\t\t\t\t\t<div class=\"elementor-column elementor-col-100 elementor-top-column elementor-element elementor-element-7614b0a\" data-id=\"7614b0a\" data-element_type=\"column\">\n\t\t\t<div class=\"elementor-widget-wrap elementor-element-populated\">\n\t\t\t\t\t\t<div class=\"elementor-element elementor-element-d3a0920 elementor-widget elementor-widget-text-editor\" data-id=\"d3a0920\" data-element_type=\"widget\" data-widget_type=\"text-editor.default\">\n\t\t\t\t<div class=\"elementor-widget-container\">\n\t\t\t\t\t\t\t<p><span style=\"font-family: Georgia, serif\"><span style=\"font-size: medium\"><b>T\u00edtulo<\/b>: <a href=\"https:\/\/repositorio.ufsm.br\/bitstream\/handle\/1\/7566\/GRUTKA%2c%20LETICIA.pdf?sequence=1&amp;isAllowed=y\" target=\"_blank\" rel=\"noopener\"><span style=\"color: #000000\">Estudo das rela\u00e7\u00f5es entre descargas s\u00f3lidas e l\u00edquidas obtidas por meio de diferentes m\u00e9todos de medi\u00e7\u00e3o<\/span> <\/a><\/span><\/span><\/p><p><span style=\"font-family: Georgia, serif\"><span style=\"font-size: medium\"><b>Aluna<\/b>: <span style=\"color: #000000\">Leticia Grutka<\/span> <\/span><\/span><\/p><p><span style=\"font-family: Georgia, serif\"><span style=\"font-size: medium\"><b>Professor Orientador<\/b>: Dr. Jo\u00e3o Batista Dias de Paiva<\/span><\/span><\/p>\t\t\t\t\t\t<\/div>\n\t\t\t\t<\/div>\n\t\t\t\t\t<\/div>\n\t\t<\/div>\n\t\t\t\t\t<\/div>\n\t\t<\/section>\n\t\t\t\t<section class=\"elementor-section elementor-top-section elementor-element elementor-element-73a5cdd elementor-section-boxed elementor-section-height-default elementor-section-height-default\" data-id=\"73a5cdd\" data-element_type=\"section\">\n\t\t\t\t\t\t<div class=\"elementor-container elementor-column-gap-default\">\n\t\t\t\t\t<div class=\"elementor-column elementor-col-100 elementor-top-column elementor-element elementor-element-d575c61\" data-id=\"d575c61\" data-element_type=\"column\">\n\t\t\t<div class=\"elementor-widget-wrap elementor-element-populated\">\n\t\t\t\t\t\t<div class=\"elementor-element elementor-element-0ee8375 elementor-widget elementor-widget-text-editor\" data-id=\"0ee8375\" data-element_type=\"widget\" data-widget_type=\"text-editor.default\">\n\t\t\t\t<div class=\"elementor-widget-container\">\n\t\t\t\t\t\t\t<p>Lorem ipsum dolor sit amet, consectetur adipiscing elit. Ut elit tellus, luctus nec ullamcorper mattis, pulvinar dapibus leo.<\/p>\t\t\t\t\t\t<\/div>\n\t\t\t\t<\/div>\n\t\t\t\t\t<\/div>\n\t\t<\/div>\n\t\t\t\t\t<\/div>\n\t\t<\/section>\n\t\t\t\t<section class=\"elementor-section elementor-top-section elementor-element elementor-element-67e13b7 elementor-section-boxed elementor-section-height-default elementor-section-height-default\" data-id=\"67e13b7\" data-element_type=\"section\">\n\t\t\t\t\t\t<div class=\"elementor-container elementor-column-gap-default\">\n\t\t\t\t\t<div class=\"elementor-column elementor-col-100 elementor-top-column elementor-element elementor-element-231f7a9\" data-id=\"231f7a9\" data-element_type=\"column\">\n\t\t\t<div class=\"elementor-widget-wrap elementor-element-populated\">\n\t\t\t\t\t\t<div class=\"elementor-element elementor-element-abd9cfd elementor-widget elementor-widget-text-editor\" data-id=\"abd9cfd\" data-element_type=\"widget\" data-widget_type=\"text-editor.default\">\n\t\t\t\t<div class=\"elementor-widget-container\">\n\t\t\t\t\t\t\t<p><span style=\"font-family: Georgia, serif\"><span style=\"font-size: medium\"><b>T\u00edtulo<\/b>: <a href=\"https:\/\/repositorio.ufsm.br\/bitstream\/handle\/1\/7563\/BELLE%2c%20MATEUS%20POTRICH.pdf?sequence=1&amp;isAllowed=y\" target=\"_blank\" rel=\"noopener\"><span style=\"color: #000000\">Desempenho de elementos descompactadores para escarifica\u00e7\u00e3o em sistema de semeadura direta<\/span> <\/a><\/span><\/span><\/p><p><span style=\"font-family: Georgia, serif\"><span style=\"font-size: medium\"><b>Aluno<\/b>: <span style=\"color: #000000\">Mateus Potrich Bell\u00e9<\/span><\/span><\/span><\/p><p><span style=\"font-family: Georgia, serif\"><span style=\"font-size: medium\"><b>Professor Orientador<\/b>: Dr. Airton dos Santos Alon\u00e7o<\/span><\/span><\/p>\t\t\t\t\t\t<\/div>\n\t\t\t\t<\/div>\n\t\t\t\t\t<\/div>\n\t\t<\/div>\n\t\t\t\t\t<\/div>\n\t\t<\/section>\n\t\t\t\t<section class=\"elementor-section elementor-top-section elementor-element elementor-element-627c5ef elementor-section-boxed elementor-section-height-default elementor-section-height-default\" data-id=\"627c5ef\" data-element_type=\"section\">\n\t\t\t\t\t\t<div class=\"elementor-container elementor-column-gap-default\">\n\t\t\t\t\t<div class=\"elementor-column elementor-col-100 elementor-top-column elementor-element elementor-element-24a3da2\" data-id=\"24a3da2\" data-element_type=\"column\">\n\t\t\t<div class=\"elementor-widget-wrap elementor-element-populated\">\n\t\t\t\t\t\t<div class=\"elementor-element elementor-element-a8ff8fd elementor-widget elementor-widget-text-editor\" data-id=\"a8ff8fd\" data-element_type=\"widget\" data-widget_type=\"text-editor.default\">\n\t\t\t\t<div class=\"elementor-widget-container\">\n\t\t\t\t\t\t\t<p><span style=\"font-family: Georgia, serif\"><span style=\"font-size: medium\"><b>T\u00edtulo<\/b>: <a href=\"https:\/\/repositorio.ufsm.br\/bitstream\/handle\/1\/7573\/SANTI%2c%20OLAVO%20GABRIEL%20ROSSATO.pdf?sequence=1&amp;isAllowed=y\" target=\"_blank\" rel=\"noopener\"><span style=\"color: #000000\">Efici\u00eancia de aplica\u00e7\u00e3o de insumos a taxa vari\u00e1vel na corre\u00e7\u00e3o do solo e uniformiza\u00e7\u00e3o da produtividade da cultura da soja atrav\u00e9s de mapas de agricultura de precis\u00e3o<\/span> <\/a><\/span><\/span><\/p><p><span style=\"font-family: Georgia, serif\"><span style=\"font-size: medium\"><b>Aluno<\/b>: <span style=\"color: #000000\">Olavo Gabriel Rossato Santi<\/span> <\/span><\/span><\/p><p><span style=\"font-family: Georgia, serif\"><span style=\"font-size: medium\"><b>Professor Orientador<\/b>: Dr. Reges Durigon<\/span><\/span><\/p>\t\t\t\t\t\t<\/div>\n\t\t\t\t<\/div>\n\t\t\t\t\t<\/div>\n\t\t<\/div>\n\t\t\t\t\t<\/div>\n\t\t<\/section>\n\t\t\t\t<section class=\"elementor-section elementor-top-section elementor-element elementor-element-d75ccc5 elementor-section-boxed elementor-section-height-default elementor-section-height-default\" data-id=\"d75ccc5\" data-element_type=\"section\">\n\t\t\t\t\t\t<div class=\"elementor-container elementor-column-gap-default\">\n\t\t\t\t\t<div class=\"elementor-column elementor-col-100 elementor-top-column elementor-element elementor-element-02ddbc2\" data-id=\"02ddbc2\" data-element_type=\"column\">\n\t\t\t<div class=\"elementor-widget-wrap elementor-element-populated\">\n\t\t\t\t\t\t<div class=\"elementor-element elementor-element-d9d9541 elementor-widget elementor-widget-text-editor\" data-id=\"d9d9541\" data-element_type=\"widget\" data-widget_type=\"text-editor.default\">\n\t\t\t\t<div class=\"elementor-widget-container\">\n\t\t\t\t\t\t\t<p><span style=\"font-family: Georgia, serif\"><span style=\"font-size: medium\"><b>T\u00edtulo<\/b>: <a href=\"https:\/\/repositorio.ufsm.br\/bitstream\/handle\/1\/7564\/BUSKE%2c%20TAISE%20CRISTINE.pdf?sequence=1&amp;isAllowed=y\" target=\"_blank\" rel=\"noopener\"><span style=\"color: #000000\">Comportamento da umidade do solo determinada por m\u00e9todos expeditos<\/span> <\/a><\/span><\/span><\/p><p><span style=\"font-family: Georgia, serif\"><span style=\"font-size: medium\"><b>Aluno<\/b>: <span style=\"color: #000000\">Taise Cristine Buske<\/span> <\/span><\/span><\/p><p><span style=\"font-family: Georgia, serif\"><span style=\"font-size: medium\"><b>Professor Orientador<\/b>: Dr. Adroaldo Dias Robaina<\/span><\/span><\/p>\t\t\t\t\t\t<\/div>\n\t\t\t\t<\/div>\n\t\t\t\t\t<\/div>\n\t\t<\/div>\n\t\t\t\t\t<\/div>\n\t\t<\/section>\n\t\t\t\t<section class=\"elementor-section elementor-top-section elementor-element elementor-element-18aa331 elementor-section-boxed elementor-section-height-default elementor-section-height-default\" data-id=\"18aa331\" data-element_type=\"section\">\n\t\t\t\t\t\t<div class=\"elementor-container elementor-column-gap-default\">\n\t\t\t\t\t<div class=\"elementor-column elementor-col-100 elementor-top-column elementor-element elementor-element-4c03340\" data-id=\"4c03340\" data-element_type=\"column\">\n\t\t\t<div class=\"elementor-widget-wrap elementor-element-populated\">\n\t\t\t\t\t\t<div class=\"elementor-element elementor-element-c089597 elementor-widget elementor-widget-text-editor\" data-id=\"c089597\" data-element_type=\"widget\" data-widget_type=\"text-editor.default\">\n\t\t\t\t<div class=\"elementor-widget-container\">\n\t\t\t\t\t\t\t<p><span style=\"font-family: Georgia, serif\"><span style=\"font-size: medium\"><b>T\u00edtulo<\/b>: <a href=\"https:\/\/repositorio.ufsm.br\/bitstream\/handle\/1\/7565\/PEREIRA%2c%20TONISMAR%20DOS%20SANTOS.pdf?sequence=1&amp;isAllowed=y\" target=\"_blank\" rel=\"noopener\"><span style=\"color: #000000\">Avalia\u00e7\u00e3o do desempenho de diferentes m\u00e9todos de an\u00e1lise de estabilidade de taludes em barragens de terra<\/span> <\/a><\/span><\/span><\/p><p><span style=\"font-family: Georgia, serif\"><span style=\"font-size: medium\"><b>Aluno<\/b>: <span style=\"color: #000000\">Tonismar Dos Santos Pereira<\/span> <\/span><\/span><\/p><p><span style=\"font-family: Georgia, serif\"><span style=\"font-size: medium\"><b>Professor Orientador<\/b>: Dr. Adroaldo Dias Robaina<\/span><\/span><\/p>\t\t\t\t\t\t<\/div>\n\t\t\t\t<\/div>\n\t\t\t\t\t<\/div>\n\t\t<\/div>\n\t\t\t\t\t<\/div>\n\t\t<\/section>\n\t\t\t\t<\/div>\n\t\t","protected":false},"excerpt":{"rendered":"<p>T\u00edtulo: Caracter\u00edsticas morfofisiol\u00f3gicas e produtividade de plantas de sorgo submetidas \u00e0 irriga\u00e7\u00e3o deficit\u00e1ria Aluno: Anderson Luiz Zwirtes Professor Orientador: Dr. Reimar Carlesso T\u00edtulo: Respostas fisiol\u00f3gicas e morfol\u00f3gicas de plantas de mandioca submetidas a um e dois ciclos de secamento do solo Aluno: Diego Garrido Pinheiro Professor Orientador: Dr. Nereu Augusto Streck T\u00edtulo: Rela\u00e7\u00f5es de atributos [&hellip;]<\/p>\n","protected":false},"author":871,"featured_media":0,"parent":0,"menu_order":0,"comment_status":"closed","ping_status":"closed","template":"","meta":{"footnotes":""},"categories":[],"tags":[],"class_list":["post-736","page","type-page","status-publish","hentry"],"acf":[],"_links":{"self":[{"href":"https:\/\/www.ufsm.br\/cursos\/pos-graduacao\/santa-maria\/ppgea\/wp-json\/wp\/v2\/pages\/736","targetHints":{"allow":["GET"]}}],"collection":[{"href":"https:\/\/www.ufsm.br\/cursos\/pos-graduacao\/santa-maria\/ppgea\/wp-json\/wp\/v2\/pages"}],"about":[{"href":"https:\/\/www.ufsm.br\/cursos\/pos-graduacao\/santa-maria\/ppgea\/wp-json\/wp\/v2\/types\/page"}],"author":[{"embeddable":true,"href":"https:\/\/www.ufsm.br\/cursos\/pos-graduacao\/santa-maria\/ppgea\/wp-json\/wp\/v2\/users\/871"}],"replies":[{"embeddable":true,"href":"https:\/\/www.ufsm.br\/cursos\/pos-graduacao\/santa-maria\/ppgea\/wp-json\/wp\/v2\/comments?post=736"}],"version-history":[{"count":0,"href":"https:\/\/www.ufsm.br\/cursos\/pos-graduacao\/santa-maria\/ppgea\/wp-json\/wp\/v2\/pages\/736\/revisions"}],"wp:attachment":[{"href":"https:\/\/www.ufsm.br\/cursos\/pos-graduacao\/santa-maria\/ppgea\/wp-json\/wp\/v2\/media?parent=736"}],"wp:term":[{"taxonomy":"category","embeddable":true,"href":"https:\/\/www.ufsm.br\/cursos\/pos-graduacao\/santa-maria\/ppgea\/wp-json\/wp\/v2\/categories?post=736"},{"taxonomy":"post_tag","embeddable":true,"href":"https:\/\/www.ufsm.br\/cursos\/pos-graduacao\/santa-maria\/ppgea\/wp-json\/wp\/v2\/tags?post=736"}],"curies":[{"name":"wp","href":"https:\/\/api.w.org\/{rel}","templated":true}]}}