{"id":738,"date":"2020-11-20T13:53:23","date_gmt":"2020-11-20T16:53:23","guid":{"rendered":"https:\/\/www.ufsm.br\/cursos\/pos-graduacao\/santa-maria\/ppgea\/?page_id=738"},"modified":"2020-12-01T15:54:17","modified_gmt":"2020-12-01T18:54:17","slug":"dissertacoes-2011","status":"publish","type":"page","link":"https:\/\/www.ufsm.br\/cursos\/pos-graduacao\/santa-maria\/ppgea\/dissertacoes-2011","title":{"rendered":"Disserta\u00e7\u00f5es 2011"},"content":{"rendered":"\t\t<div data-elementor-type=\"wp-page\" data-elementor-id=\"738\" class=\"elementor elementor-738\">\n\t\t\t\t\t\t<section class=\"elementor-section elementor-top-section elementor-element elementor-element-f7b2f6c elementor-section-boxed elementor-section-height-default elementor-section-height-default\" data-id=\"f7b2f6c\" data-element_type=\"section\">\n\t\t\t\t\t\t<div class=\"elementor-container elementor-column-gap-default\">\n\t\t\t\t\t<div class=\"elementor-column elementor-col-100 elementor-top-column elementor-element elementor-element-5be4560\" data-id=\"5be4560\" data-element_type=\"column\">\n\t\t\t<div class=\"elementor-widget-wrap elementor-element-populated\">\n\t\t\t\t\t\t<div class=\"elementor-element elementor-element-16aae97 elementor-widget elementor-widget-text-editor\" data-id=\"16aae97\" data-element_type=\"widget\" data-widget_type=\"text-editor.default\">\n\t\t\t\t<div class=\"elementor-widget-container\">\n\t\t\t\t\t\t\t<p><span style=\"font-family: Georgia, serif\"><span style=\"font-size: medium\"><b>T\u00edtulo<\/b>: <a href=\"https:\/\/repositorio.ufsm.br\/bitstream\/handle\/1\/7548\/BISOGNIN%2c%20ANDRE.pdf?sequence=1&amp;isAllowed=y\" target=\"_blank\" rel=\"noopener\">Sistematiza\u00e7\u00e3o de conhecimento para o projeto de plataformas de colheita de feij\u00e3o<\/a><\/span><\/span><\/p><p><span style=\"font-family: Georgia, serif\"><span style=\"font-size: medium\"><b>Aluno<\/b>: Andr\u00e9 Bisognin<\/span><\/span><\/p><p><span style=\"font-family: Georgia, serif\"><span style=\"font-size: medium\"><b>Professor Orientador<\/b>: Dr. Leonardo Nabaes Romano<\/span><\/span><\/p>\t\t\t\t\t\t<\/div>\n\t\t\t\t<\/div>\n\t\t\t\t\t<\/div>\n\t\t<\/div>\n\t\t\t\t\t<\/div>\n\t\t<\/section>\n\t\t\t\t<section class=\"elementor-section elementor-top-section elementor-element elementor-element-d033e36 elementor-section-boxed elementor-section-height-default elementor-section-height-default\" data-id=\"d033e36\" data-element_type=\"section\">\n\t\t\t\t\t\t<div class=\"elementor-container elementor-column-gap-default\">\n\t\t\t\t\t<div class=\"elementor-column elementor-col-100 elementor-top-column elementor-element elementor-element-1923b6e\" data-id=\"1923b6e\" data-element_type=\"column\">\n\t\t\t<div class=\"elementor-widget-wrap elementor-element-populated\">\n\t\t\t\t\t\t<div class=\"elementor-element elementor-element-70b1737 elementor-widget elementor-widget-text-editor\" data-id=\"70b1737\" data-element_type=\"widget\" data-widget_type=\"text-editor.default\">\n\t\t\t\t<div class=\"elementor-widget-container\">\n\t\t\t\t\t\t\t<p><span style=\"font-family: Georgia, serif\"><span style=\"font-size: medium\"><b>T\u00edtulo<\/b>: <a href=\"https:\/\/repositorio.ufsm.br\/bitstream\/handle\/1\/7542\/FIORESE%2c%20DIEGO%20AUGUSTO.pdf?sequence=1&amp;isAllowed=y\" target=\"_blank\" rel=\"noopener\">Desempenho em dinam\u00f4metro e emiss\u00f5es residuais de um motor de trator agr\u00edcola operando com misturas bin\u00e1rias de \u00f3leo diesel b5 e biodiesel de \u00f3leo de frango<\/a><\/span><\/span><\/p><p><span style=\"font-family: Georgia, serif\"><span style=\"font-size: medium\"><b>Aluno<\/b>: Diego Augusto Fiorese<\/span><\/span><\/p><p><span style=\"font-family: Georgia, serif\"><span style=\"font-size: medium\"><b>Professor Orientador<\/b>: Dr. Arno Udo Dallmeyer<\/span><\/span><\/p>\t\t\t\t\t\t<\/div>\n\t\t\t\t<\/div>\n\t\t\t\t\t<\/div>\n\t\t<\/div>\n\t\t\t\t\t<\/div>\n\t\t<\/section>\n\t\t\t\t<section class=\"elementor-section elementor-top-section elementor-element elementor-element-dee92f3 elementor-section-boxed elementor-section-height-default elementor-section-height-default\" data-id=\"dee92f3\" data-element_type=\"section\">\n\t\t\t\t\t\t<div class=\"elementor-container elementor-column-gap-default\">\n\t\t\t\t\t<div class=\"elementor-column elementor-col-100 elementor-top-column elementor-element elementor-element-807055a\" data-id=\"807055a\" data-element_type=\"column\">\n\t\t\t<div class=\"elementor-widget-wrap elementor-element-populated\">\n\t\t\t\t\t\t<div class=\"elementor-element elementor-element-9b8a458 elementor-widget elementor-widget-text-editor\" data-id=\"9b8a458\" data-element_type=\"widget\" data-widget_type=\"text-editor.default\">\n\t\t\t\t<div class=\"elementor-widget-container\">\n\t\t\t\t\t\t\t<p><span style=\"font-family: Georgia, serif\"><span style=\"font-size: medium\"><b>T\u00edtulo<\/b>: <a href=\"https:\/\/repositorio.ufsm.br\/bitstream\/handle\/1\/7611\/SILVA%2c%20ELTON%20NEVES%20DA.pdf?sequence=1&amp;isAllowed=y\" target=\"_blank\" rel=\"noopener\">Projeto preliminar de um disco centr\u00edgufo para distribui\u00e7\u00e3o de ur\u00e9ia<\/a><\/span><\/span><\/p><p><span style=\"font-family: Georgia, serif\"><span style=\"font-size: medium\"><b>Aluno<\/b>: Elton Neves da Silva<\/span><\/span><\/p><p><span style=\"font-family: Georgia, serif\"><span style=\"font-size: medium\"><b>Professor Orientador<\/b>: Dr. Leonardo Nabaes Romano<\/span><\/span><\/p>\t\t\t\t\t\t<\/div>\n\t\t\t\t<\/div>\n\t\t\t\t\t<\/div>\n\t\t<\/div>\n\t\t\t\t\t<\/div>\n\t\t<\/section>\n\t\t\t\t<section class=\"elementor-section elementor-top-section elementor-element elementor-element-144664d elementor-section-boxed elementor-section-height-default elementor-section-height-default\" data-id=\"144664d\" data-element_type=\"section\">\n\t\t\t\t\t\t<div class=\"elementor-container elementor-column-gap-default\">\n\t\t\t\t\t<div class=\"elementor-column elementor-col-100 elementor-top-column elementor-element elementor-element-77eb3a1\" data-id=\"77eb3a1\" data-element_type=\"column\">\n\t\t\t<div class=\"elementor-widget-wrap elementor-element-populated\">\n\t\t\t\t\t\t<div class=\"elementor-element elementor-element-25ac1e8 elementor-widget elementor-widget-text-editor\" data-id=\"25ac1e8\" data-element_type=\"widget\" data-widget_type=\"text-editor.default\">\n\t\t\t\t<div class=\"elementor-widget-container\">\n\t\t\t\t\t\t\t<p><span style=\"font-family: Georgia, serif\"><span style=\"font-size: medium\"><b>T\u00edtulo<\/b>: <a href=\"https:\/\/repositorio.ufsm.br\/bitstream\/handle\/1\/7540\/BRAGA%2c%20FABIANO%20DE%20VARGAS%20ARIGONY.pdf?sequence=1&amp;isAllowed=y\" target=\"_blank\" rel=\"noopener\">Propriedades f\u00edsicas de uma topossequ\u00eancia argissolo-gleissolo<\/a><\/span><\/span><\/p><p><span style=\"font-family: Georgia, serif\"><span style=\"font-size: medium\"><b>Aluno<\/b>: Fabiano de Vargas Arigony Braga<\/span><\/span><\/p><p><span style=\"font-family: Georgia, serif\"><span style=\"font-size: medium\"><b>Professor Orientador<\/b>: Dr. Jos\u00e9 Miguel Reichert<\/span><\/span><\/p>\t\t\t\t\t\t<\/div>\n\t\t\t\t<\/div>\n\t\t\t\t\t<\/div>\n\t\t<\/div>\n\t\t\t\t\t<\/div>\n\t\t<\/section>\n\t\t\t\t<section class=\"elementor-section elementor-top-section elementor-element elementor-element-f2ecca8 elementor-section-boxed elementor-section-height-default elementor-section-height-default\" data-id=\"f2ecca8\" data-element_type=\"section\">\n\t\t\t\t\t\t<div class=\"elementor-container elementor-column-gap-default\">\n\t\t\t\t\t<div class=\"elementor-column elementor-col-100 elementor-top-column elementor-element elementor-element-883ba2a\" data-id=\"883ba2a\" data-element_type=\"column\">\n\t\t\t<div class=\"elementor-widget-wrap elementor-element-populated\">\n\t\t\t\t\t\t<div class=\"elementor-element elementor-element-fbaaa10 elementor-widget elementor-widget-text-editor\" data-id=\"fbaaa10\" data-element_type=\"widget\" data-widget_type=\"text-editor.default\">\n\t\t\t\t<div class=\"elementor-widget-container\">\n\t\t\t\t\t\t\t<p><span style=\"font-family: Georgia, serif\"><span style=\"font-size: medium\"><b>T\u00edtulo<\/b>: <a href=\"https:\/\/repositorio.ufsm.br\/bitstream\/handle\/1\/7537\/BARBOZA%2c%20FABRICIO%20DA%20SILVA.pdf?sequence=1&amp;isAllowed=y\" target=\"_blank\" rel=\"noopener\">Fun\u00e7\u00f5es de pedotransfer\u00eancia para solos do Sul do Uruguai<\/a><\/span><\/span><\/p><p><span style=\"font-family: Georgia, serif\"><span style=\"font-size: medium\"><b>Aluno<\/b>: Fabr\u00edcio da Silva Barboza<\/span><\/span><\/p><p><span style=\"font-family: Georgia, serif\"><span style=\"font-size: medium\"><b>Professor Orientador<\/b>: Dr. Reimar Carlesso<\/span><\/span><\/p>\t\t\t\t\t\t<\/div>\n\t\t\t\t<\/div>\n\t\t\t\t\t<\/div>\n\t\t<\/div>\n\t\t\t\t\t<\/div>\n\t\t<\/section>\n\t\t\t\t<section class=\"elementor-section elementor-top-section elementor-element elementor-element-643b512 elementor-section-boxed elementor-section-height-default elementor-section-height-default\" data-id=\"643b512\" data-element_type=\"section\">\n\t\t\t\t\t\t<div class=\"elementor-container elementor-column-gap-default\">\n\t\t\t\t\t<div class=\"elementor-column elementor-col-100 elementor-top-column elementor-element elementor-element-1e408e5\" data-id=\"1e408e5\" data-element_type=\"column\">\n\t\t\t<div class=\"elementor-widget-wrap elementor-element-populated\">\n\t\t\t\t\t\t<div class=\"elementor-element elementor-element-964481d elementor-widget elementor-widget-text-editor\" data-id=\"964481d\" data-element_type=\"widget\" data-widget_type=\"text-editor.default\">\n\t\t\t\t<div class=\"elementor-widget-container\">\n\t\t\t\t\t\t\t<p><span style=\"font-family: Georgia, serif\"><span style=\"font-size: medium\"><b>T\u00edtulo<\/b>: <a href=\"https:\/\/repositorio.ufsm.br\/bitstream\/handle\/1\/7538\/NUNES%2c%20MARIO%20SANTOS.pdf?sequence=1&amp;isAllowed=y\" target=\"_blank\" rel=\"noopener\">Desempenho e aplicabilidade do irrig\u00e2metro para cultura da soja na regi\u00e3o de Bossoroca, RS<\/a><\/span><\/span><\/p><p><span style=\"font-family: Georgia, serif\"><span style=\"font-size: medium\"><b>Aluno<\/b>: Mario Santos Nunes<\/span><\/span><\/p><p><span style=\"font-family: Georgia, serif\"><span style=\"font-size: medium\"><b>Professor Orientador<\/b>: Dr. Adroaldo Dias Robaina<\/span><\/span><\/p>\t\t\t\t\t\t<\/div>\n\t\t\t\t<\/div>\n\t\t\t\t\t<\/div>\n\t\t<\/div>\n\t\t\t\t\t<\/div>\n\t\t<\/section>\n\t\t\t\t<section class=\"elementor-section elementor-top-section elementor-element elementor-element-8b9ff1a elementor-section-boxed elementor-section-height-default elementor-section-height-default\" data-id=\"8b9ff1a\" data-element_type=\"section\">\n\t\t\t\t\t\t<div class=\"elementor-container elementor-column-gap-default\">\n\t\t\t\t\t<div class=\"elementor-column elementor-col-100 elementor-top-column elementor-element elementor-element-4c8893e\" data-id=\"4c8893e\" data-element_type=\"column\">\n\t\t\t<div class=\"elementor-widget-wrap elementor-element-populated\">\n\t\t\t\t\t\t<div class=\"elementor-element elementor-element-8d96c89 elementor-widget elementor-widget-text-editor\" data-id=\"8d96c89\" data-element_type=\"widget\" data-widget_type=\"text-editor.default\">\n\t\t\t\t<div class=\"elementor-widget-container\">\n\t\t\t\t\t\t\t<p><span style=\"font-family: Georgia, serif\"><span style=\"font-size: medium\"><b>T\u00edtulo<\/b>: <a href=\"https:\/\/repositorio.ufsm.br\/bitstream\/handle\/1\/7560\/TURCHIELLO%2c%20MAURICIO%20SCALVENZI.pdf?sequence=1&amp;isAllowed=y\" target=\"_blank\" rel=\"noopener\">Manejo da irriga\u00e7\u00e3o pelo m\u00e9todo Penmam Monteith na cultura da videira<\/a><\/span><\/span><\/p><p><span style=\"font-family: Georgia, serif\"><span style=\"font-size: medium\"><b>Aluno<\/b>: Mauricio Scalvenzi Turchiello<\/span><\/span><\/p><p><span style=\"font-family: Georgia, serif\"><span style=\"font-size: medium\"><b>Professor Orientador<\/b>: Dr. Toshio Nishijima<\/span><\/span><\/p>\t\t\t\t\t\t<\/div>\n\t\t\t\t<\/div>\n\t\t\t\t\t<\/div>\n\t\t<\/div>\n\t\t\t\t\t<\/div>\n\t\t<\/section>\n\t\t\t\t<section class=\"elementor-section elementor-top-section elementor-element elementor-element-8c4971f elementor-section-boxed elementor-section-height-default elementor-section-height-default\" data-id=\"8c4971f\" data-element_type=\"section\">\n\t\t\t\t\t\t<div class=\"elementor-container elementor-column-gap-default\">\n\t\t\t\t\t<div class=\"elementor-column elementor-col-100 elementor-top-column elementor-element elementor-element-763b687\" data-id=\"763b687\" data-element_type=\"column\">\n\t\t\t<div class=\"elementor-widget-wrap elementor-element-populated\">\n\t\t\t\t\t\t<div class=\"elementor-element elementor-element-48964d6 elementor-widget elementor-widget-text-editor\" data-id=\"48964d6\" data-element_type=\"widget\" data-widget_type=\"text-editor.default\">\n\t\t\t\t<div class=\"elementor-widget-container\">\n\t\t\t\t\t\t\t<p><span style=\"font-family: Georgia, serif\"><span style=\"font-size: medium\"><b>T\u00edtulo<\/b>: <a href=\"https:\/\/repositorio.ufsm.br\/bitstream\/handle\/1\/7541\/SCHWAB%2c%20NATALIA%20TEIXEIRA.pdf?sequence=1&amp;isAllowed=y\" target=\"_blank\" rel=\"noopener\">Disponibilidade h\u00eddrica no cultivo de cravina em vasos com substrato de cinzas de casca de arroz<\/a><\/span><\/span><\/p><p><span style=\"font-family: Georgia, serif\"><span style=\"font-size: medium\"><b>Aluno<\/b>: Natalia Teixeira Schwab<\/span><\/span><\/p><p><span style=\"font-family: Georgia, serif\"><span style=\"font-size: medium\"><b>Professora Orientadora<\/b>: Dr.\u00aa Marcia Xavier Peiter<\/span><\/span><\/p>\t\t\t\t\t\t<\/div>\n\t\t\t\t<\/div>\n\t\t\t\t\t<\/div>\n\t\t<\/div>\n\t\t\t\t\t<\/div>\n\t\t<\/section>\n\t\t\t\t<section class=\"elementor-section elementor-top-section elementor-element elementor-element-92d2293 elementor-section-boxed elementor-section-height-default elementor-section-height-default\" data-id=\"92d2293\" data-element_type=\"section\">\n\t\t\t\t\t\t<div class=\"elementor-container elementor-column-gap-default\">\n\t\t\t\t\t<div class=\"elementor-column elementor-col-100 elementor-top-column elementor-element elementor-element-5087eff\" data-id=\"5087eff\" data-element_type=\"column\">\n\t\t\t<div class=\"elementor-widget-wrap elementor-element-populated\">\n\t\t\t\t\t\t<div class=\"elementor-element elementor-element-abdb88d elementor-widget elementor-widget-text-editor\" data-id=\"abdb88d\" data-element_type=\"widget\" data-widget_type=\"text-editor.default\">\n\t\t\t\t<div class=\"elementor-widget-container\">\n\t\t\t\t\t\t\t<p><span style=\"font-family: Georgia, serif\"><span style=\"font-size: medium\"><b>T\u00edtulo<\/b>: <a href=\"https:\/\/repositorio.ufsm.br\/bitstream\/handle\/1\/7549\/AURELIO%2c%20NIUMAR%20DUTRA.pdf?sequence=1&amp;isAllowed=y\" target=\"_blank\" rel=\"noopener\">Resposta de um monitor de produtividade com sensor \u00f3tico a varia\u00e7\u00f5es de produtividade em arroz irrigado<\/a><\/span><\/span><\/p><p><span style=\"font-family: Georgia, serif\"><span style=\"font-size: medium\"><b>Aluno<\/b>: Niumar Dutra Aur\u00e9lio<\/span><\/span><\/p><p><span style=\"font-family: Georgia, serif\"><span style=\"font-size: medium\"><b>Professor Orientador<\/b>: Dr. Reges Durigon<\/span><\/span><\/p>\t\t\t\t\t\t<\/div>\n\t\t\t\t<\/div>\n\t\t\t\t\t<\/div>\n\t\t<\/div>\n\t\t\t\t\t<\/div>\n\t\t<\/section>\n\t\t\t\t<section class=\"elementor-section elementor-top-section elementor-element elementor-element-b2c8236 elementor-section-boxed elementor-section-height-default elementor-section-height-default\" data-id=\"b2c8236\" data-element_type=\"section\">\n\t\t\t\t\t\t<div class=\"elementor-container elementor-column-gap-default\">\n\t\t\t\t\t<div class=\"elementor-column elementor-col-100 elementor-top-column elementor-element elementor-element-3560f36\" data-id=\"3560f36\" data-element_type=\"column\">\n\t\t\t<div class=\"elementor-widget-wrap elementor-element-populated\">\n\t\t\t\t\t\t<div class=\"elementor-element elementor-element-2ac0e35 elementor-widget elementor-widget-text-editor\" data-id=\"2ac0e35\" data-element_type=\"widget\" data-widget_type=\"text-editor.default\">\n\t\t\t\t<div class=\"elementor-widget-container\">\n\t\t\t\t\t\t\t<p><span style=\"font-family: Georgia, serif\"><span style=\"font-size: medium\"><b>T\u00edtulo<\/b>: <a href=\"https:\/\/repositorio.ufsm.br\/bitstream\/handle\/1\/7544\/ARALDI%2c%20PIETRO%20FURIAN.pdf?sequence=1&amp;isAllowed=y\" target=\"_blank\" rel=\"noopener\">Avalia\u00e7\u00e3o da efici\u00eancia operacional na colheita mecanizada em lavouras de arroz irrigado<\/a><\/span><\/span><\/p><p><span style=\"font-family: Georgia, serif\"><span style=\"font-size: medium\"><b>Aluno<\/b>: Pietro Furian Araldi<\/span><\/span><\/p><p><span style=\"font-family: Georgia, serif\"><span style=\"font-size: medium\"><b>Professor Orientador<\/b>: Dr. Jos\u00e9 Fernando Schlosser<\/span><\/span><\/p>\t\t\t\t\t\t<\/div>\n\t\t\t\t<\/div>\n\t\t\t\t\t<\/div>\n\t\t<\/div>\n\t\t\t\t\t<\/div>\n\t\t<\/section>\n\t\t\t\t<section class=\"elementor-section elementor-top-section elementor-element elementor-element-a75f8bc elementor-section-boxed elementor-section-height-default elementor-section-height-default\" data-id=\"a75f8bc\" data-element_type=\"section\">\n\t\t\t\t\t\t<div class=\"elementor-container elementor-column-gap-default\">\n\t\t\t\t\t<div class=\"elementor-column elementor-col-100 elementor-top-column elementor-element elementor-element-a0354e7\" data-id=\"a0354e7\" data-element_type=\"column\">\n\t\t\t<div class=\"elementor-widget-wrap elementor-element-populated\">\n\t\t\t\t\t\t<div class=\"elementor-element elementor-element-81f73f0 elementor-widget elementor-widget-text-editor\" data-id=\"81f73f0\" data-element_type=\"widget\" data-widget_type=\"text-editor.default\">\n\t\t\t\t<div class=\"elementor-widget-container\">\n\t\t\t\t\t\t\t<p><span style=\"font-family: Georgia, serif\"><span style=\"font-size: medium\"><b>T\u00edtulo<\/b>: <a href=\"https:\/\/repositorio.ufsm.br\/bitstream\/handle\/1\/7546\/HAUSEN%2c%20ROBERTO%20BEGNIS.pdf?sequence=1&amp;isAllowed=y\" target=\"_blank\" rel=\"noopener\">Sistematiza\u00e7\u00e3o de conhecimento para o projeto de motor a etanol para aeronave agr\u00edcola<\/a><\/span><\/span><\/p><p><span style=\"font-family: Georgia, serif\"><span style=\"font-size: medium\"><b>Aluno<\/b>: Roberto Begnis Hausen<\/span><\/span><\/p><p><span style=\"font-family: Georgia, serif\"><span style=\"font-size: medium\"><b>Professor Orientador<\/b>: Dr. Leonardo Nabaes Romano<\/span><\/span><\/p>\t\t\t\t\t\t<\/div>\n\t\t\t\t<\/div>\n\t\t\t\t\t<\/div>\n\t\t<\/div>\n\t\t\t\t\t<\/div>\n\t\t<\/section>\n\t\t\t\t<section class=\"elementor-section elementor-top-section elementor-element elementor-element-ee6b738 elementor-section-boxed elementor-section-height-default elementor-section-height-default\" data-id=\"ee6b738\" data-element_type=\"section\">\n\t\t\t\t\t\t<div class=\"elementor-container elementor-column-gap-default\">\n\t\t\t\t\t<div class=\"elementor-column elementor-col-100 elementor-top-column elementor-element elementor-element-f5acd20\" data-id=\"f5acd20\" data-element_type=\"column\">\n\t\t\t<div class=\"elementor-widget-wrap elementor-element-populated\">\n\t\t\t\t\t\t<div class=\"elementor-element elementor-element-7a4554c elementor-widget elementor-widget-text-editor\" data-id=\"7a4554c\" data-element_type=\"widget\" data-widget_type=\"text-editor.default\">\n\t\t\t\t<div class=\"elementor-widget-container\">\n\t\t\t\t\t\t\t<p><span style=\"font-family: Georgia, serif\"><span style=\"font-size: medium\"><b>T\u00edtulo<\/b>: <a href=\"https:\/\/repositorio.ufsm.br\/bitstream\/handle\/1\/7539\/FRANTZ%2c%20ULISSES%20GIACOMINI.pdf?sequence=1&amp;isAllowed=y\" target=\"_blank\" rel=\"noopener\">An\u00e1lise de desempenho em tra\u00e7\u00e3o de rodado simples e duplo em um trator agr\u00edcola<\/a><\/span><\/span><\/p><p><span style=\"font-family: Georgia, serif\"><span style=\"font-size: medium\"><b>Aluno<\/b>: Ulisses Giacomini Frantz<\/span><\/span><\/p><p><span style=\"font-family: Georgia, serif\"><span style=\"font-size: medium\"><b>Professor Orientador<\/b>: Dr. Jos\u00e9 Fernando Schlosser<\/span><\/span><\/p>\t\t\t\t\t\t<\/div>\n\t\t\t\t<\/div>\n\t\t\t\t\t<\/div>\n\t\t<\/div>\n\t\t\t\t\t<\/div>\n\t\t<\/section>\n\t\t\t\t<\/div>\n\t\t","protected":false},"excerpt":{"rendered":"<p>T\u00edtulo: Sistematiza\u00e7\u00e3o de conhecimento para o projeto de plataformas de colheita de feij\u00e3o Aluno: Andr\u00e9 Bisognin Professor Orientador: Dr. Leonardo Nabaes Romano T\u00edtulo: Desempenho em dinam\u00f4metro e emiss\u00f5es residuais de um motor de trator agr\u00edcola operando com misturas bin\u00e1rias de \u00f3leo diesel b5 e biodiesel de \u00f3leo de frango Aluno: Diego Augusto Fiorese Professor Orientador: [&hellip;]<\/p>\n","protected":false},"author":871,"featured_media":0,"parent":0,"menu_order":0,"comment_status":"closed","ping_status":"closed","template":"","meta":{"footnotes":""},"categories":[],"tags":[],"class_list":["post-738","page","type-page","status-publish","hentry"],"acf":[],"_links":{"self":[{"href":"https:\/\/www.ufsm.br\/cursos\/pos-graduacao\/santa-maria\/ppgea\/wp-json\/wp\/v2\/pages\/738","targetHints":{"allow":["GET"]}}],"collection":[{"href":"https:\/\/www.ufsm.br\/cursos\/pos-graduacao\/santa-maria\/ppgea\/wp-json\/wp\/v2\/pages"}],"about":[{"href":"https:\/\/www.ufsm.br\/cursos\/pos-graduacao\/santa-maria\/ppgea\/wp-json\/wp\/v2\/types\/page"}],"author":[{"embeddable":true,"href":"https:\/\/www.ufsm.br\/cursos\/pos-graduacao\/santa-maria\/ppgea\/wp-json\/wp\/v2\/users\/871"}],"replies":[{"embeddable":true,"href":"https:\/\/www.ufsm.br\/cursos\/pos-graduacao\/santa-maria\/ppgea\/wp-json\/wp\/v2\/comments?post=738"}],"version-history":[{"count":0,"href":"https:\/\/www.ufsm.br\/cursos\/pos-graduacao\/santa-maria\/ppgea\/wp-json\/wp\/v2\/pages\/738\/revisions"}],"wp:attachment":[{"href":"https:\/\/www.ufsm.br\/cursos\/pos-graduacao\/santa-maria\/ppgea\/wp-json\/wp\/v2\/media?parent=738"}],"wp:term":[{"taxonomy":"category","embeddable":true,"href":"https:\/\/www.ufsm.br\/cursos\/pos-graduacao\/santa-maria\/ppgea\/wp-json\/wp\/v2\/categories?post=738"},{"taxonomy":"post_tag","embeddable":true,"href":"https:\/\/www.ufsm.br\/cursos\/pos-graduacao\/santa-maria\/ppgea\/wp-json\/wp\/v2\/tags?post=738"}],"curies":[{"name":"wp","href":"https:\/\/api.w.org\/{rel}","templated":true}]}}